000
CXUS55 KRIW 011010
CF6COD
PRELIMINARY LOCAL CLIMATOLOGICAL DATA (WS FORM: F-6)
STATION: CODY WY
MONTH: MARCH
YEAR: 2022
LATITUDE: 44 31 N
LONGITUDE: 109 1 W
TEMPERATURE IN F: :PCPN: SNOW: WIND :SUNSHINE: SKY :PK WND
================================================================================
1 2 3 4 5 6A 6B 7 8 9 10 11 12 13 14 15 16 17 18
12Z AVG MX 2MIN
DY MAX MIN AVG DEP HDD CDD WTR SNW DPTH SPD SPD DIR MIN PSBL S-S WX SPD DR
================================================================================
1 61 44 53 20 12 0 0.00 M M 14.4 29 260 M M 2 46 260
2 65 36 51 18 14 0 0.00 M M 9.8 20 270 M M 5 33 270
3 66 37 52 18 13 0 0.00 M M 8.6 14 110 M M 0 M M
4 48 25 37 3 28 0 T M M 11.0 20 20 M M 8 12 36 330
5 29 19 24 -10 41 0 T M M 10.7 16 10 M M 10 1 20 30
6 27 9 18 -17 47 0 T M M 8.0 17 330 M M 8 1 24 360
7 39 6 23 -12 42 0 0.00 M M 4.6 10 110 M M 2 16 99
8 25 6 16 -19 49 0 T M M 12.1 20 10 M M 10 1 25 360
9 10 -5 3 -33 62 0 T M M 9.1 14 30 M M 8 8 21 30
10 21 -7 7 -29 58 0 0.00 M M 6.1 13 170 M M 2 20 290
11 39 2 21 -15 44 0 0.00 M M 11.0 29 260 M M 2 48 270
12 52 35 44 7 21 0 0.00 M M 16.9 25 260 M M 2 46 260
13 51 29 40 3 25 0 0.00 M M 11.5 24 270 M M 4 38 280
14 51 26 39 2 26 0 0.00 M M 15.4 25 250 M M 0 41 250
15 61 37 49 12 16 0 0.00 M M 11.7 22 220 M M 2 35 220
16 43 25 34 -4 31 0 0.02 M M 6.2 18 10 M M 7 1 24 290
17 45 21 33 -5 32 0 0.00 M M 8.5 16 270 M M 1 22 270
18 52 25 39 1 26 0 0.00 M M 10.3 17 260 M M 2 30 260
19 58 33 46 7 19 0 0.00 M M 9.4 15 110 M M 0 24 260
20 44 21 33 -6 32 0 T M M 9.7 23 360 M M 6 1 31 360
21 43 12 28 -11 37 0 0.00 M M 3.5 9 10 M M 1 M M
22 49 22 36 -3 29 0 0.00 M M 5.2 16 10 M M 2 21 10
23 62 24 43 3 22 0 0.00 M M 4.8 15 280 M M 0 30 270
24 65 31 48 8 17 0 T M M 11.3 17 10 M M 2 32 270
25 61 25 43 3 22 0 0.01 M M 6.2 15 250 M M 3 27 270
26 65 31 48 8 17 0 0.00 M M 5.6 14 350 M M 1 M M
27 69 30 50 9 15 0 0.00 M M 4.4 14 130 M M 0 8 18 130
28 73 45 59 18 6 0 0.00 M M 8.4 16 270 M M 1 24 270
29 57 28 43 2 22 0 T M M 14.5 25 360 M M 9 35 360
30 58 16 37 -4 28 0 0.00 M M 3.7 10 20 M M 0 M M
31 43 29 36 -5 29 0 T M M 8.3 20 360 M M 6 24 360
================================================================================
SM 1532 717 882 0 0.03 M 281.0 M 106
================================================================================
AV 49.4 23.1 9.1 FASTST M M 3 MAX(MPH)
MISC ----> # 29 260 48 270
================================================================================
NOTES:
# LAST OF SEVERAL OCCURRENCES
COLUMN 17 PEAK WIND IN M.P.H.
PRELIMINARY LOCAL CLIMATOLOGICAL DATA (WS FORM: F-6) , PAGE 2
STATION: CODY WY
MONTH: MARCH
YEAR: 2022
LATITUDE: 44 31 N
LONGITUDE: 109 1 W
[TEMPERATURE DATA] [PRECIPITATION DATA] SYMBOLS USED IN COLUMN 16
AVERAGE MONTHLY: 36.3 TOTAL FOR MONTH: 0.03 1 = FOG OR MIST
DPTR FM NORMAL: -1.3 DPTR FM NORMAL: M 2 = FOG REDUCING VISIBILITY
HIGHEST: 73 ON 28 GRTST 24HR 0.02 ON 16-16 TO 1/4 MILE OR LESS
LOWEST: -7 ON 10 3 = THUNDER
SNOW, ICE PELLETS, HAIL 4 = ICE PELLETS
TOTAL MONTH: M 5 = HAIL
GRTST 24HR M ON M 6 = FREEZING RAIN OR DRIZZLE
GRTST DEPTH: M ON M 7 = DUSTSTORM OR SANDSTORM:
VSBY 1/2 MILE OR LESS
8 = SMOKE OR HAZE
[NO. OF DAYS WITH] [WEATHER - DAYS WITH] 9 = BLOWING SNOW
X = TORNADO
MAX 32 OR BELOW: 5 0.01 INCH OR MORE: 2
MAX 90 OR ABOVE: 0 0.10 INCH OR MORE: 0
MIN 32 OR BELOW: 24 0.50 INCH OR MORE: 0
MIN 0 OR BELOW: 2 1.00 INCH OR MORE: 0
[HDD (BASE 65) ]
TOTAL THIS MO. 882 CLEAR (SCALE 0-3) 20
DPTR FM NORMAL 30 PTCLDY (SCALE 4-7) 7
TOTAL FM JUL 1 5642 CLOUDY (SCALE 8-10) 4
DPTR FM NORMAL 40
[CDD (BASE 65) ]
TOTAL THIS MO. 0
DPTR FM NORMAL 0 [PRESSURE DATA]
TOTAL FM JAN 1 0 HIGHEST SLP M ON M
DPTR FM NORMAL 0 LOWEST SLP M ON M
[REMARKS]
#FINAL-03-22#