000
CXUS56 KOTX 010910
CF6EAT
PRELIMINARY LOCAL CLIMATOLOGICAL DATA (WS FORM: F-6)
STATION: WENATCHEE WA PANGBORN FIELD
MONTH: APRIL
YEAR: 2022
LATITUDE: 47 23 N
LONGITUDE: 120 12 W
TEMPERATURE IN F: :PCPN: SNOW: WIND :SUNSHINE: SKY :PK WND
================================================================================
1 2 3 4 5 6A 6B 7 8 9 10 11 12 13 14 15 16 17 18
12Z AVG MX 2MIN
DY MAX MIN AVG DEP HDD CDD WTR SNW DPTH SPD SPD DIR MIN PSBL S-S WX SPD DR
================================================================================
1 58 35 47 0 18 0 T M M 7.8 20 320 M M 3 25 110
2 58 39 49 1 16 0 0.00 M M 13.4 29 310 M M 1 35 330
3 60 40 50 2 15 0 0.00 M M 5.8 20 120 M M 4 26 100
4 51 35 43 -5 22 0 T M M 14.8 40 260 M M 3 50 250
5 54 36 45 -3 20 0 0.00 M M 17.8 37 280 M M 0 45 280
6 55 31 43 -5 22 0 0.00 M M 6.5 15 300 M M 0 18 150
7 65 36 51 2 14 0 0.00 M M 3.1 10 300 M M 0 12 300
8 60 38 49 0 16 0 0.00 M M 17.5 37 310 M M 0 45 250
9 50 34 42 -7 23 0 0.00 M M 12.9 30 310 M M 2 35 310
10 48 31 40 -10 25 0 T M M 6.0 21 300 M M 5 1 26 290
11 39 34 37 -13 28 0 0.08 M M 8.9 26 30 M M 10 18 40 30
12 41 31 36 -14 29 0 0.08 M M 5.8 16 40 M M 10 1 19 110
13 44 28 36 -14 29 0 0.29 M M 7.4 14 290 M M 9 12 17 290
14 41 27 34 -16 31 0 0.68 M M 5.1 14 240 M M 5 12 16 240
15 45 23 34 -17 31 0 0.00 M M 3.2 13 310 M M 0 14 300
16 46 30 38 -13 27 0 0.00 M M 5.9 14 320 M M 5 16 320
17 52 33 43 -8 22 0 0.00 M M 6.5 18 140 M M 2 23 140
18 44 37 41 -11 24 0 T M M 6.4 17 280 M M 10 19 280
19 55 33 44 -8 21 0 0.00 M M 8.4 21 280 M M 1 24 270
20 51 31 41 -11 24 0 0.13 M M 5.3 15 310 M M 5 1 19 310
21 58 41 50 -2 15 0 0.02 M M 5.1 17 290 M M 5 1 20 300
22 61 36 49 -4 16 0 T M M 9.4 22 290 M M 2 37 290
23 65 40 53 0 12 0 0.00 M M 6.7 18 320 M M 0 22 320
24 66 39 53 -1 12 0 0.00 M M 8.7 18 140 M M 0 23 120
25 63 45 54 0 11 0 0.00 M M 7.1 20 300 M M 4 23 290
26 60 40 50 -4 15 0 0.00 M M 15.6 25 260 M M 1 33 250
27 59 38 49 -5 16 0 0.00 M M 8.2 20 300 M M 2 23 300
28 58 36 47 -8 18 0 0.00 M M 9.0 20 300 M M 4 25 310
29 63 43 53 -2 12 0 0.00 M M 9.7 18 140 M M 4 24 130
30 53 43 48 -7 17 0 0.08 M M 5.4 12 90 M M 9 14 90
================================================================================
SM 1623 1063 601 0 1.36 M 253.4 M 106
================================================================================
AV 54.1 35.4 8.4 FASTST M M 4 MAX(MPH)
MISC ----> 40 260 50 250
================================================================================
NOTES:
# LAST OF SEVERAL OCCURRENCES
COLUMN 17 PEAK WIND IN M.P.H.
PRELIMINARY LOCAL CLIMATOLOGICAL DATA (WS FORM: F-6) , PAGE 2
STATION: WENATCHEE WA PANGBORN FIELD
MONTH: APRIL
YEAR: 2022
LATITUDE: 47 23 N
LONGITUDE: 120 12 W
[TEMPERATURE DATA] [PRECIPITATION DATA] SYMBOLS USED IN COLUMN 16
AVERAGE MONTHLY: 44.8 TOTAL FOR MONTH: 1.36 1 = FOG OR MIST
DPTR FM NORMAL: -6.3 DPTR FM NORMAL: 0.79 2 = FOG REDUCING VISIBILITY
HIGHEST: 66 ON 24 GRTST 24HR 0.76 ON 13-14 TO 1/4 MILE OR LESS
LOWEST: 23 ON 15 3 = THUNDER
SNOW, ICE PELLETS, HAIL 4 = ICE PELLETS
TOTAL MONTH: M 5 = HAIL
GRTST 24HR M ON M 6 = FREEZING RAIN OR DRIZZLE
GRTST DEPTH: M ON M 7 = DUSTSTORM OR SANDSTORM:
VSBY 1/2 MILE OR LESS
8 = SMOKE OR HAZE
[NO. OF DAYS WITH] [WEATHER - DAYS WITH] 9 = BLOWING SNOW
X = TORNADO
MAX 32 OR BELOW: 0 0.01 INCH OR MORE: 7
MAX 90 OR ABOVE: 0 0.10 INCH OR MORE: 3
MIN 32 OR BELOW: 8 0.50 INCH OR MORE: 1
MIN 0 OR BELOW: 0 1.00 INCH OR MORE: 0
[HDD (BASE 65) ]
TOTAL THIS MO. 601 CLEAR (SCALE 0-3) 15
DPTR FM NORMAL 183 PTCLDY (SCALE 4-7) 10
TOTAL FM JUL 1 5802 CLOUDY (SCALE 8-10) 5
DPTR FM NORMAL 233
[CDD (BASE 65) ]
TOTAL THIS MO. 0
DPTR FM NORMAL -2 [PRESSURE DATA]
TOTAL FM JAN 1 0 HIGHEST SLP M ON M
DPTR FM NORMAL -2 LOWEST SLP 29.35 ON 4
[REMARKS]
#FINAL-04-22#