000
CXUS54 KFWD 230730
CF6GLE
PRELIMINARY LOCAL CLIMATOLOGICAL DATA (WS FORM: F-6)

                                          STATION:   GAINESVILLE
                                          MONTH:     APRIL
                                          YEAR:      2017
                                          LATITUDE:   33 39 N
                                          LONGITUDE:  97 12 W

  TEMPERATURE IN F:       :PCPN:    SNOW:  WIND      :SUNSHINE: SKY     :PK WND
================================================================================
1   2   3   4   5  6A  6B    7    8   9   10  11  12  13   14  15   16   17  18
                                     12Z  AVG MX 2MIN
DY MAX MIN AVG DEP HDD CDD  WTR  SNW DPTH SPD SPD DIR MIN PSBL S-S WX    SPD DR
================================================================================

 1  76  53  65   7   0   0 0.03  0.0    0  9.6 21 150   M    M   5 8      28 150
 2  66  56  61   2   4   0 1.27  0.0    0  8.6 21  70   M    M   9        24 330
 3  75  47  61   2   4   0 0.00  0.0    0  4.8 13 300   M    M   2 1      21 270
 4  83  49  66   7   0   1 0.00  0.0    0 10.1 23 210   M    M   2        31 200
 5  69  43  56  -4   9   0 0.00  0.0    0 16.5 24 350   M    M   4        39 350
 6  73  39  56  -4   9   0 0.00  0.0    0  2.8  7 330   M    M   0         M  M
 7  76  49  63   3   2   0 0.00  0.0    0  8.3 16 200   M    M   0        21 180
 8  80  55  68   8   0   3 0.00  0.0    0 16.3 28 200   M    M   0        33 200
 9  81  63  72  11   0   7 0.00  0.0    0 18.7 25 200   M    M   4        33 190
10  72  62  67   6   0   2    M  0.0    0  9.6 18 200   M    M   9        27 200
11  76  52  64   3   1   0 0.00  0.0    0  8.1 14  40   M    M   3 8      17  30
12  73  58  66   4   0   1 0.00  0.0    0  6.5 14 170   M    M   7 1      17 140
13  77  58  68   6   0   3 0.00  0.0    0  8.8 17 170   M    M   7 1      22 180
14  79  59  69   7   0   4    M  0.0    0 11.1 20 200   M    M   3        31 200
15  80  60  70   8   0   5 0.00  0.0    0   M   M   M   M    M   M         M  M
16  77  63  70   8   0   5 0.00  0.0    0  9.6 18 200   M    M   6        24 200
17  67  57  62  -1   3   0 1.08  0.0    0  6.0 14 140   M    M   7 13     23 140
18  79  55  67   4   0   2 0.00  0.0    0  3.6 10 160   M    M   6 12     16 160
19  79  61  70   7   0   5 0.00  0.0    0  9.7 16 170   M    M   6 1      22 170
20  80  66  73   9   0   8 0.00  0.0    0  8.9 13 190   M    M   5        18 190
21  80  63  72   8   0   7    T  0.0    0 10.1 21 350   M    M   6        24 350
22  60  47  54 -10  11   0 0.00  0.0    M 13.5 21 350   M    M   7        28 350
================================================================================
SM 1658 1215        43  53  2.38     0.0 201.2          M       98
================================================================================
AV 75.4 55.2                               9.6 FASTST   M    M   5    MAX(MPH)
                                 MISC ---->  # 28 200               # 39  350
================================================================================
NOTES:
# LAST OF SEVERAL OCCURRENCES

COLUMN 17 PEAK WIND IN M.P.H.

PRELIMINARY LOCAL CLIMATOLOGICAL DATA (WS FORM: F-6) , PAGE 2

                                          STATION:  GAINESVILLE
                                          MONTH:    APRIL
                                          YEAR:     2017
                                          LATITUDE:   33 39 N
                                          LONGITUDE:  97 12 W

[TEMPERATURE DATA]      [PRECIPITATION DATA]       SYMBOLS USED IN COLUMN 16

AVERAGE MONTHLY: 65.3   TOTAL FOR MONTH:   2.38    1 = FOG OR MIST
DPTR FM NORMAL:   4.0   DPTR FM NORMAL:   -0.23    2 = FOG REDUCING VISIBILITY
HIGHEST:    83 ON  4    GRTST 24HR  1.27 ON  2- 2      TO 1/4 MILE OR LESS
LOWEST:     39 ON  6                               3 = THUNDER
                        SNOW, ICE PELLETS, HAIL    4 = ICE PELLETS
                        TOTAL MONTH:   0.0 INCH    5 = HAIL
                        GRTST 24HR     0.0         6 = FREEZING RAIN OR DRIZZLE
                        GRTST DEPTH:   0           7 = DUSTSTORM OR SANDSTORM:
                                                       VSBY 1/2 MILE OR LESS
                                                   8 = SMOKE OR HAZE
[NO. OF DAYS WITH]      [WEATHER - DAYS WITH]      9 = BLOWING SNOW
                                                   X = TORNADO
MAX 32 OR BELOW:   0    0.01 INCH OR MORE:   3
MAX 90 OR ABOVE:   0    0.10 INCH OR MORE:   2
MIN 32 OR BELOW:   0    0.50 INCH OR MORE:   2
MIN  0 OR BELOW:   0    1.00 INCH OR MORE:   2

[HDD (BASE 65) ]
TOTAL THIS MO.    43    CLEAR  (SCALE 0-3)   6
DPTR FM NORMAL   -74    PTCLDY (SCALE 4-7)  13
TOTAL FM JUL 1  1980    CLOUDY (SCALE 8-10)  2
DPTR FM NORMAL  -875

[CDD (BASE 65) ]
TOTAL THIS MO.    53
DPTR FM NORMAL    19    [PRESSURE DATA]
TOTAL FM JAN 1   119    HIGHEST SLP M ON M
DPTR FM NORMAL    71    LOWEST  SLP M ON M

[REMARKS]
