000
CXUS54 KFWD 210730
CF6GLE
PRELIMINARY LOCAL CLIMATOLOGICAL DATA (WS FORM: F-6)

                                          STATION:   GAINESVILLE
                                          MONTH:     FEBRUARY
                                          YEAR:      2018
                                          LATITUDE:   33 39 N
                                          LONGITUDE:  97 12 W

  TEMPERATURE IN F:       :PCPN:    SNOW:  WIND      :SUNSHINE: SKY     :PK WND
================================================================================
1   2   3   4   5  6A  6B    7    8   9   10  11  12  13   14  15   16   17  18
                                     12Z  AVG MX 2MIN
DY MAX MIN AVG DEP HDD CDD  WTR  SNW DPTH SPD SPD DIR MIN PSBL S-S WX    SPD DR
================================================================================

 1  59  37  48   4  17   0 0.00  0.0    0 12.7 23  30   M    M   0        29  40
 2  52  28  40  -4  25   0 0.00  0.0    0  5.8 12  40   M    M   0        16  40
 3  60  33  47   3  18   0 0.00  0.0    0 11.2 23 190   M    M   1        28 180
 4  61  25  43  -1  22   0 0.00  0.0    0  9.0 27  80   M    M   4 12     32  80
 5  38  17  28 -16  37   0 0.00  0.0    0  4.5 16 210   M    M   4         M  M
 6  36  28  32 -13  33   0 0.00  0.0    0  9.5 14  40   M    M   9 1      17  20
 7  48  24  36  -9  29   0 0.00  0.0    0  8.5 17  50   M    M   1        28  50
 8  57  20  39  -6  26   0 0.00  0.0    0  3.7 13 210   M    M   0        18 210
 9  71  35  53   8  12   0 0.00  0.0    0  8.4 22 230   M    M   1 1      27 230
10  54  25  40  -5  25   0 0.00  0.0    0 11.1 20  30   M    M  10 18     25  30
11  38  22  30 -16  35   0 0.00  0.0    0 10.5 20  20   M    M   4        22  10
12  44  20  32 -14  33   0 0.00  0.0    0  6.2  8 170   M    M   3         M  M
13  46  37  42  -4  23   0 0.00  0.0    0  5.5 10 180   M    M  10 18      M  M
14  80  42  61  15   4   0 0.00  0.0    0 10.2 21 220   M    M   6 1      28 220
15  79  61  70  24   0   5 0.00  0.0    0 15.8 25 210   M    M   5        31 210
16  66  42  54   8  11   0    T  0.0    0 11.7 24  70   M    M   6        35  20
17  62  38  50   3  15   0 0.31  0.0    0  4.6 12  10   M    M   4        18  10
18  61  38  50   3  15   0    T  0.0    0  9.0 18 210   M    M   8 1      25 210
19  73  60  67  20   0   2 0.03  0.0    0 17.3 27 220   M    M  10 1      33 220
20  70  32  51   4  14   0 1.34  0.0    0 17.3 27 210   M    M  10        33 210
================================================================================
SM 1155  664       394   7  1.68     0.0 192.5          M       96
================================================================================
AV 57.8 33.2                               9.6 FASTST   M    M   5    MAX(MPH)
                                 MISC ---->  # 27  80               # 35   20
================================================================================
NOTES:
# LAST OF SEVERAL OCCURRENCES

COLUMN 17 PEAK WIND IN M.P.H.

PRELIMINARY LOCAL CLIMATOLOGICAL DATA (WS FORM: F-6) , PAGE 2

                                          STATION:  GAINESVILLE
                                          MONTH:    FEBRUARY
                                          YEAR:     2018
                                          LATITUDE:   33 39 N
                                          LONGITUDE:  97 12 W

[TEMPERATURE DATA]      [PRECIPITATION DATA]       SYMBOLS USED IN COLUMN 16

AVERAGE MONTHLY: 45.5   TOTAL FOR MONTH:   1.68    1 = FOG OR MIST
DPTR FM NORMAL:   0.0   DPTR FM NORMAL:   -0.16    2 = FOG REDUCING VISIBILITY
HIGHEST:    80 ON 14    GRTST 24HR  1.34 ON 20-20      TO 1/4 MILE OR LESS
LOWEST:     17 ON  5                               3 = THUNDER
                        SNOW, ICE PELLETS, HAIL    4 = ICE PELLETS
                        TOTAL MONTH:   0.0 INCH    5 = HAIL
                        GRTST 24HR     0.0         6 = FREEZING RAIN OR DRIZZLE
                        GRTST DEPTH:   0           7 = DUSTSTORM OR SANDSTORM:
                                                       VSBY 1/2 MILE OR LESS
                                                   8 = SMOKE OR HAZE
[NO. OF DAYS WITH]      [WEATHER - DAYS WITH]      9 = BLOWING SNOW
                                                   X = TORNADO
MAX 32 OR BELOW:   0    0.01 INCH OR MORE:   3
MAX 90 OR ABOVE:   0    0.10 INCH OR MORE:   2
MIN 32 OR BELOW:  10    0.50 INCH OR MORE:   1
MIN  0 OR BELOW:   0    1.00 INCH OR MORE:   1

[HDD (BASE 65) ]
TOTAL THIS MO.   394    CLEAR  (SCALE 0-3)   7
DPTR FM NORMAL     2    PTCLDY (SCALE 4-7)   8
TOTAL FM JUL 1  2176    CLOUDY (SCALE 8-10)  5
DPTR FM NORMAL   -63

[CDD (BASE 65) ]
TOTAL THIS MO.     7
DPTR FM NORMAL     7    [PRESSURE DATA]
TOTAL FM JAN 1     8    HIGHEST SLP M ON M
DPTR FM NORMAL     8    LOWEST  SLP M ON M

[REMARKS]
