000
CXUS53 KJKL 010729
CLMLOZ

CLIMATE REPORT
NATIONAL WEATHER SERVICE JACKSON KY
329 AM EDT THU AUG 1 2013

...................................

...THE LONDON KY CLIMATE SUMMARY FOR THE MONTH OF JULY 2013...

CLIMATE NORMAL PERIOD 1981 TO 2010
CLIMATE RECORD PERIOD 1954 TO 2013

WEATHER         OBSERVED          NORMAL  DEPART  LAST YEAR`S
                 VALUE   DATE(S)  VALUE   FROM    VALUE  DATE(S)
                                          NORMAL
................................................................
TEMPERATURE (F)
RECORD
 HIGH             101   07/01/2012
                        07/31/1999
                        07/30/1999
 LOW               45   07/10/1961
HIGHEST            91   07/17        MM      MM      101  07/01
                        07/16
LOWEST             51   07/29        MM      MM       63  07/30
                                                          07/29
AVG. MAXIMUM     82.1              86.4    -4.3     89.3
AVG. MINIMUM     64.9              66.2    -1.3     68.4
MEAN             73.5              76.3    -2.8     78.8
DAYS MAX >= 90      2               7.2    -5.2       13
DAYS MAX <= 32      0               0.0     0.0        0
DAYS MIN <= 32      0               0.0     0.0        0
DAYS MIN <= 0       0               0.0     0.0        0

PRECIPITATION (INCHES)
RECORD
 MAXIMUM        10.14   1972
 MINIMUM         1.12   1974
TOTALS           7.19              4.04    3.15     4.98
DAILY AVG.       0.23              0.13    0.10     0.16
DAYS >= .01        17              12.5     4.5       16
DAYS >= .10         9               8.1     0.9       11
DAYS >= .50         4               3.0     1.0        4
DAYS >= 1.00        3               1.0     2.0        1
GREATEST
 24 HR. TOTAL    2.78   07/06 TO 07/07              1.91

SNOWFALL (INCHES)
RECORDS
 TOTAL             MM   MM
TOTALS             MM               0.0      MM       MM
SINCE 7/1          MM               0.0      MM       MM
SNOWDEPTH AVG.     MM                MM      MM       MM
DAYS >= 1.0        MM               0.0      MM       MM
GREATEST
 SNOW DEPTH        MM                                 MM
 24 HR TOTAL       MM                                 MM

DEGREE_DAYS
HEATING TOTAL       0                 0       0        0
 SINCE 7/1          0                 0       0        0
COOLING TOTAL     271               350     -79      438
 SINCE 1/1        602               707    -105      859
.................................................................

WIND (MPH)
AVERAGE WIND SPEED              3.4
HIGHEST WIND SPEED/DIRECTION    31/220    DATE  07/01
HIGHEST GUST SPEED/DIRECTION    46/220    DATE  07/01

SKY COVER
POSSIBLE SUNSHINE (PERCENT)   MM
AVERAGE SKY COVER           0.40
NUMBER OF DAYS FAIR           16
NUMBER OF DAYS PC             10
NUMBER OF DAYS CLOUDY          5

AVERAGE RH (PERCENT)     78

WEATHER CONDITIONS. NUMBER OF DAYS WITH
THUNDERSTORM             11     MIXED PRECIP               0
HEAVY RAIN                6     RAIN                       6
LIGHT RAIN               17     FREEZING RAIN              0
LT FREEZING RAIN          0     HAIL                       0
HEAVY SNOW                0     SNOW                       0
LIGHT SNOW                0     SLEET                      0
FOG                      21     FOG W/VIS <= 1/4 MILE      2
HAZE                      0

-  INDICATES NEGATIVE NUMBERS.
R  INDICATES RECORD WAS SET OR TIED.
MM INDICATES DATA IS MISSING.
T  INDICATES TRACE AMOUNT.

$$

CARICO
