000
CXUS55 KOHX 061336
CF6BNA
PRELIMINARY LOCAL CLIMATOLOGICAL DATA (WS FORM: F-6)
STATION: NASHVILLE
MONTH: JANUARY
YEAR: 2023
LATITUDE: 36 7 N
LONGITUDE: 86 41 W
TEMPERATURE IN F: :PCPN: SNOW: WIND :SUNSHINE: SKY :PK WND
================================================================================
1 2 3 4 5 6A 6B 7 8 9 10 11 12 13 14 15 16 17 18
12Z AVG MX 2MIN
DY MAX MIN AVG DEP HDD CDD WTR SNW DPTH SPD SPD DIR MIN PSBL S-S WX SPD DR
================================================================================
1 70 45 58 18 7 0 0.00 0.0 0 6.6 14 190 M M 5 1 22 180
2 75 53 64 24 1 0 0.04 0.0 0 9.9 21 190 M M 9 3 30 160
3 71 58 65 25 0 0 1.53 0.0 0 11.6 25 180 M M 9 13 33 180
4 65 45 55 15 10 0 0.07 0.0 0 7.8 18 250 M M 6 1 26 250
5 56 36 46 6 19 0 0.00 0.0 0 7.5 20 280 M M 3 31 230
6 55 31 43 3 22 0 0.00 0.0 0 3.2 10 10 M M 3 14 350
7 49 40 45 5 20 0 0.11 0.0 0 4.4 10 130 M M 10 14 120
8 51 39 45 5 20 0 0.00 0.0 0 4.9 13 330 M M 10 128 20 320
9 53 34 44 4 21 0 0.00 0.0 0 3.7 9 360 M M 3 18 270
10 62 30 46 7 19 0 0.00 0.0 0 5.6 17 200 M M 5 21 190
11 66 48 57 18 8 0 0.00 0.0 0 10.3 17 180 M M 9 24 180
12 69 40 55 16 10 0 0.31 0.0 0 15.2 26 310 M M 9 1358 39 320
13 40 33 37 -2 28 0 0.01 T 0 13.3 22 330 M M 10 1 31 330
14 40 29 35 -4 30 0 0.00 0.0 0 6.9 18 360 M M 7 30 360
15 54 26 40 1 25 0 0.00 0.0 0 4.0 10 70 M M 1 13 170
16 60 36 48 9 17 0 0.12 0.0 0 11.4 26 190 M M 7 1 38 180
17 70 47 59 20 6 0 0.28 0.0 0 5.9 14 240 M M 8 1 22 270
18 70 43 57 18 8 0 0.02 0.0 0 9.6 31 180 M M 8 1 46 170
19 68 42 55 16 10 0 0.70 0.0 0 11.6 29 190 M M 4 1 48 230
20 51 33 42 3 23 0 0.00 0.0 0 6.6 14 350 M M 4 21 10
21 51 28 40 1 25 0 T 0.0 0 4.5 14 190 M M 4 8 19 190
22 47 39 43 4 22 0 0.17 0.0 0 6.8 20 190 M M 10 18 30 290
23 50 31 41 2 24 0 0.00 0.0 0 5.9 13 310 M M 6 20 320
24 52 27 40 0 25 0 0.13 0.0 0 4.2 18 100 M M 5 1 25 100
25 55 38 47 7 18 0 0.20 0.0 0 10.9 23 180 M M 9 1 39 200
26 41 28 35 -5 30 0 T T 0 7.5 15 280 M M 9 21 260
27 55 25 40 0 25 0 0.00 0.0 0 9.6 18 210 M M 2 32 200
28 61 36 49 9 16 0 T 0.0 0 11.2 22 170 M M 5 30 180
29 52 45 49 9 16 0 0.78 0.0 0 6.9 17 180 M M 10 1 23 170
30 52 38 45 5 20 0 0.03 0.0 0 5.7 15 150 M M 10 12 21 150
31 38 30 34 -6 31 0 0.41 0.0 0 9.2 14 330 M M 10 16 20 350
================================================================================
SM 1749 1153 556 0 4.91 T 242.4 M 210
================================================================================
AV 56.4 37.2 7.8 FASTST M M 7 MAX(MPH)
MISC ----> 31 180 48 230
================================================================================
NOTES:
# LAST OF SEVERAL OCCURRENCES
COLUMN 17 PEAK WIND IN M.P.H.
PRELIMINARY LOCAL CLIMATOLOGICAL DATA (WS FORM: F-6) , PAGE 2
STATION: NASHVILLE
MONTH: JANUARY
YEAR: 2023
LATITUDE: 36 7 N
LONGITUDE: 86 41 W
[TEMPERATURE DATA] [PRECIPITATION DATA] SYMBOLS USED IN COLUMN 16
AVERAGE MONTHLY: 46.8 TOTAL FOR MONTH: 4.91 1 = FOG OR MIST
DPTR FM NORMAL: 7.2 DPTR FM NORMAL: 0.89 2 = FOG REDUCING VISIBILITY
HIGHEST: 75 ON 2 GRTST 24HR 2.45 ON 2- 3 TO 1/4 MILE OR LESS
LOWEST: 25 ON 27 3 = THUNDER
SNOW, ICE PELLETS, HAIL 4 = ICE PELLETS
TOTAL MONTH: T 5 = HAIL
GRTST 24HR T ON 13-13 6 = FREEZING RAIN OR DRIZZLE
GRTST DEPTH: 0 7 = DUSTSTORM OR SANDSTORM:
VSBY 1/2 MILE OR LESS
8 = SMOKE OR HAZE
[NO. OF DAYS WITH] [WEATHER - DAYS WITH] 9 = BLOWING SNOW
X = TORNADO
MAX 32 OR BELOW: 0 0.01 INCH OR MORE: 16
MAX 90 OR ABOVE: 0 0.10 INCH OR MORE: 11
MIN 32 OR BELOW: 10 0.50 INCH OR MORE: 3
MIN 0 OR BELOW: 0 1.00 INCH OR MORE: 1
[HDD (BASE 65) ]
TOTAL THIS MO. 556 CLEAR (SCALE 0-3) 4
DPTR FM NORMAL -232 PTCLDY (SCALE 4-7) 14
TOTAL FM JUL 1 1799 CLOUDY (SCALE 8-10) 13
DPTR FM NORMAL -309
[CDD (BASE 65) ]
TOTAL THIS MO. 0
DPTR FM NORMAL 0 [PRESSURE DATA]
TOTAL FM JAN 1 0 HIGHEST SLP 30.36 ON 14
DPTR FM NORMAL 0 LOWEST SLP 29.54 ON 25
[REMARKS]
#FINAL-01-23#