000
CXUS55 KOHX 011010
CF6BNA
PRELIMINARY LOCAL CLIMATOLOGICAL DATA (WS FORM: F-6)
STATION: NASHVILLE
MONTH: OCTOBER
YEAR: 2020
LATITUDE: 36 7 N
LONGITUDE: 86 41 W
TEMPERATURE IN F: :PCPN: SNOW: WIND :SUNSHINE: SKY :PK WND
================================================================================
1 2 3 4 5 6A 6B 7 8 9 10 11 12 13 14 15 16 17 18
12Z AVG MX 2MIN
DY MAX MIN AVG DEP HDD CDD WTR SNW DPTH SPD SPD DIR MIN PSBL S-S WX SPD DR
================================================================================
1 75 51 63 -3 2 0 0.00 0.0 0 6.3 17 280 M M 2 26 280
2 68 44 56 -9 9 0 0.00 0.0 0 4.3 M 360 M M 3 M 360
3 71 42 57 -8 8 0 0.00 0.0 0 2.5 10 100 M M 3 12 15 110
4 75 50 63 -1 2 0 0.00 0.0 0 7.6 17 350 M M 6 25 340
5 70 45 58 -6 7 0 0.00 0.0 0 3.2 9 70 M M 2 12 40
6 80 44 62 -2 3 0 0.00 0.0 0 3.0 9 210 M M 1 128 14 270
7 84 50 67 4 0 2 0.00 0.0 0 4.1 10 190 M M 0 8 14 210
8 80 53 67 4 0 2 0.00 0.0 0 0.9 6 180 M M 7 18 7 190
9 73 63 68 6 0 3 0.11 0.0 0 4.7 16 160 M M 10 18 23 160
10 71 64 68 6 0 3 1.15 0.0 0 8.0 18 90 M M 10 1 25 100
11 76 67 72 10 0 7 0.44 0.0 0 6.9 14 60 M M 10 18 18 60
12 83 59 71 9 0 6 0.17 0.0 0 5.8 21 330 M M 8 1 30 360
13 74 50 62 1 3 0 0.00 0.0 0 4.7 14 60 M M 0 1 19 60
14 83 46 65 4 0 0 0.00 0.0 0 3.6 16 180 M M 2 128 22 190
15 76 52 64 4 1 0 0.09 0.0 0 8.4 21 350 M M 4 31 30
16 63 41 52 -8 13 0 T 0.0 0 6.9 16 310 M M 3 23 320
17 67 38 53 -7 12 0 0.00 0.0 0 4.8 13 150 M M 1 18 100
18 67 50 59 -1 6 0 0.01 0.0 0 7.0 15 190 M M 8 22 170
19 79 63 71 12 0 6 0.00 0.0 0 9.5 21 190 M M 8 26 190
20 81 61 71 12 0 6 0.00 0.0 0 6.0 17 180 M M 3 24 180
21 85 59 72 13 0 7 0.00 0.0 0 4.2 10 170 M M 2 15 180
22 86 61 74 16 0 9 0.00 0.0 0 5.5 16 180 M M 2 21 180
23 85 54 70 12 0 5 0.64 0.0 0 8.0 23 360 M M 6 13 31 360
24 54 49 52 -6 13 0 0.02 0.0 0 8.8 15 30 M M 10 1 20 360
25 64 52 58 1 7 0 0.00 0.0 0 3.8 8 350 M M 10 1 10 340
26 59 55 57 0 8 0 0.01 0.0 0 6.9 13 360 M M 10 18 19 320
27 67 55 61 4 4 0 T 0.0 0 3.7 10 110 M M 10 18 14 330
28 66 58 62 6 3 0 0.76 0.0 0 3.9 12 10 M M 10 1 14 360
29 75 49 62 6 3 0 0.11 0.0 0 9.2 18 320 M M 9 1 31 220
30 57 42 50 -6 15 0 0.00 0.0 0 7.3 15 330 M M 6 21 320
31 68 39 54 -2 11 0 0.00 0.0 0 4.7 13 170 M M 3 1 18 160
================================================================================
SM 2262 1606 130 56 3.51 0.0 174.2 M 169
================================================================================
AV 73.0 51.8 5.6 FASTST M M 5 MAX(MPH)
MISC ----> # 23 360 # 31 30
================================================================================
NOTES:
# LAST OF SEVERAL OCCURRENCES
COLUMN 17 PEAK WIND IN M.P.H.
PRELIMINARY LOCAL CLIMATOLOGICAL DATA (WS FORM: F-6) , PAGE 2
STATION: NASHVILLE
MONTH: OCTOBER
YEAR: 2020
LATITUDE: 36 7 N
LONGITUDE: 86 41 W
[TEMPERATURE DATA] [PRECIPITATION DATA] SYMBOLS USED IN COLUMN 16
AVERAGE MONTHLY: 62.4 TOTAL FOR MONTH: 3.51 1 = FOG OR MIST
DPTR FM NORMAL: 2.1 DPTR FM NORMAL: 0.47 2 = FOG REDUCING VISIBILITY
HIGHEST: 86 ON 22 GRTST 24HR 1.15 ON 10-10 TO 1/4 MILE OR LESS
LOWEST: 38 ON 17 3 = THUNDER
SNOW, ICE PELLETS, HAIL 4 = ICE PELLETS
TOTAL MONTH: 0.0 INCH 5 = HAIL
GRTST 24HR 0.0 6 = FREEZING RAIN OR DRIZZLE
GRTST DEPTH: 0 7 = DUSTSTORM OR SANDSTORM:
VSBY 1/2 MILE OR LESS
8 = SMOKE OR HAZE
[NO. OF DAYS WITH] [WEATHER - DAYS WITH] 9 = BLOWING SNOW
X = TORNADO
MAX 32 OR BELOW: 0 0.01 INCH OR MORE: 11
MAX 90 OR ABOVE: 0 0.10 INCH OR MORE: 7
MIN 32 OR BELOW: 0 0.50 INCH OR MORE: 3
MIN 0 OR BELOW: 0 1.00 INCH OR MORE: 1
[HDD (BASE 65) ]
TOTAL THIS MO. 130 CLEAR (SCALE 0-3) 12
DPTR FM NORMAL -61 PTCLDY (SCALE 4-7) 8
TOTAL FM JUL 1 140 CLOUDY (SCALE 8-10) 11
DPTR FM NORMAL -75
[CDD (BASE 65) ]
TOTAL THIS MO. 56
DPTR FM NORMAL 10 [PRESSURE DATA]
TOTAL FM JAN 1 1912 HIGHEST SLP 30.37 ON 31
DPTR FM NORMAL 272 LOWEST SLP 29.49 ON 29
[REMARKS]
#FINAL-10-20#