000
CXUS53 KEAX 010736
CF6CDJ
PRELIMINARY LOCAL CLIMATOLOGICAL DATA (WS FORM: F-6)
STATION: CHILLICOTHE
MONTH: JULY
YEAR: 2021
LATITUDE: 39 49 N
LONGITUDE: 93 35 W
TEMPERATURE IN F: :PCPN: SNOW: WIND :SUNSHINE: SKY :PK WND
================================================================================
1 2 3 4 5 6A 6B 7 8 9 10 11 12 13 14 15 16 17 18
12Z AVG MX 2MIN
DY MAX MIN AVG DEP HDD CDD WTR SNW DPTH SPD SPD DIR MIN PSBL S-S WX SPD DR
================================================================================
1 88 68 78 1 0 13 0.00 M M 4.5 13 40 M M 0 19 40
2 88 64 76 -1 0 11 0.00 M M 1.4 8 10 M M 0 13 350
3 86 66 76 -1 0 11 0.00 M M 1.8 8 200 M M 0 13 110
4 89 65 77 0 0 12 0.00 M M 2.1 7 180 M M 0 11 190
5 89 69 79 2 0 14 0.00 M M 3.0 9 180 M M 0 15 210
6 88 66 77 0 0 12 0.00 M M 2.6 10 190 M M 0 15 180
7 85 68 77 0 0 12 0.99 M M 1.8 10 270 M M 0 3 20 290
8 81 64 73 -4 0 8 0.00 M M 2.2 8 20 M M 0 13 340
9 90 67 79 2 0 14 0.00 M M 5.1 15 120 M M 0 29 120
10 85 66 76 -2 0 11 1.05 M M 4.3 15 280 M M 0 3 31 290
11 69 65 67 -11 0 2 0.35 M M 5.4 14 20 M M 0 24 360
12 77 65 71 -7 0 6 0.04 M M 2.6 9 20 M M 0 15 40
13 85 64 75 -3 0 10 0.00 M M 2.1 8 200 M M 0 14 220
14 90 72 81 3 0 16 0.00 M M 7.8 18 200 M M 0 27 190
15 80 69 75 -3 0 10 0.43 M M 2.1 9 200 M M 0 3 17 200
16 86 69 78 0 0 13 0.00 M M 2.4 9 40 M M 0 13 40
17 85 67 76 -2 0 11 0.00 M M 2.6 10 120 M M 0 17 110
18 85 63 74 -4 0 9 0.00 M M 3.5 10 40 M M 0 17 40
19 87 65 76 -2 0 11 0.00 M M 2.6 10 30 M M 0 16 100
20 88 66 77 -1 0 12 0.00 M M 1.8 8 300 M M 0 13 60
21 87 63 75 -3 0 10 0.00 M M 1.2 7 90 M M 0 11 180
22 88 65 77 -1 0 12 0.00 M M 3.9 12 190 M M 0 16 210
23 91 70 81 3 0 16 0.00 M M 3.5 12 200 M M 0 18 210
24 95 74 85 7 0 20 0.09 M M 4.8 16 20 M M 0 31 30
25 88 72 80 2 0 15 0.46 M M 1.7 18 40 M M 0 3 27 30
26 90 67 79 1 0 14 0.00 M M 1.4 8 100 M M 0 14 60
27 92 66 79 1 0 14 0.00 M M 1.5 7 120 M M 0 10 160
28 95 70 83 5 0 18 0.00 M M 1.6 8 120 M M 0 13 110
29 97 72 85 7 0 20 0.01 M M 3.9 17 30 M M 0 29 30
30 89 73 81 3 0 16 0.40 M M 5.0 18 50 M M 0 29 20
31 80 67 74 -4 0 9 1.02 M M 2.4 13 150 M M 0 3 22 160
================================================================================
SM 2693 2087 0 382 4.84 M 92.6 M 0
================================================================================
AV 86.9 67.3 3.0 FASTST M M 0 MAX(MPH)
MISC ----> # 18 200 # 31 290
================================================================================
NOTES:
# LAST OF SEVERAL OCCURRENCES
COLUMN 17 PEAK WIND IN M.P.H.
PRELIMINARY LOCAL CLIMATOLOGICAL DATA (WS FORM: F-6) , PAGE 2
STATION: CHILLICOTHE
MONTH: JULY
YEAR: 2021
LATITUDE: 39 49 N
LONGITUDE: 93 35 W
[TEMPERATURE DATA] [PRECIPITATION DATA] SYMBOLS USED IN COLUMN 16
AVERAGE MONTHLY: 77.1 TOTAL FOR MONTH: 4.84 1 = FOG OR MIST
DPTR FM NORMAL: -0.4 DPTR FM NORMAL: 0.74 2 = FOG REDUCING VISIBILITY
HIGHEST: 97 ON 29 GRTST 24HR 1.42 ON 30-31 TO 1/4 MILE OR LESS
LOWEST: 63 ON 21,18 3 = THUNDER
SNOW, ICE PELLETS, HAIL 4 = ICE PELLETS
TOTAL MONTH: M 5 = HAIL
GRTST 24HR M ON M 6 = FREEZING RAIN OR DRIZZLE
GRTST DEPTH: M ON M 7 = DUSTSTORM OR SANDSTORM:
VSBY 1/2 MILE OR LESS
8 = SMOKE OR HAZE
[NO. OF DAYS WITH] [WEATHER - DAYS WITH] 9 = BLOWING SNOW
X = TORNADO
MAX 32 OR BELOW: 0 0.01 INCH OR MORE: 10
MAX 90 OR ABOVE: 8 0.10 INCH OR MORE: 7
MIN 32 OR BELOW: 0 0.50 INCH OR MORE: 3
MIN 0 OR BELOW: 0 1.00 INCH OR MORE: 2
[HDD (BASE 65) ]
TOTAL THIS MO. 0 CLEAR (SCALE 0-3) 31
DPTR FM NORMAL -1 PTCLDY (SCALE 4-7) 0
TOTAL FM JUL 1 0 CLOUDY (SCALE 8-10) 0
DPTR FM NORMAL 0
[CDD (BASE 65) ]
TOTAL THIS MO. 382
DPTR FM NORMAL -8 [PRESSURE DATA]
TOTAL FM JAN 1 808 HIGHEST SLP M ON M
DPTR FM NORMAL 48 LOWEST SLP 29.79 ON 10
[REMARKS]
#FINAL-07-21#