000
CXUS55 KVEF 010910
CF6VGT
PRELIMINARY LOCAL CLIMATOLOGICAL DATA (WS FORM: F-6)
STATION: NORTH_LAS_VEGAS NV
MONTH: APRIL
YEAR: 2021
LATITUDE: 36 12 N
LONGITUDE: 115 12 W
TEMPERATURE IN F: :PCPN: SNOW: WIND :SUNSHINE: SKY :PK WND
================================================================================
1 2 3 4 5 6A 6B 7 8 9 10 11 12 13 14 15 16 17 18
12Z AVG MX 2MIN
DY MAX MIN AVG DEP HDD CDD WTR SNW DPTH SPD SPD DIR MIN PSBL S-S WX SPD DR
================================================================================
1 79 48 64 2 1 0 0.00 M M 3.9 16 100 M M 0 19 100
2 87 54 71 8 0 6 0.00 M M 4.3 12 100 M M 0 14 110
3 93 57 75 12 0 10 0.00 M M 5.8 18 170 M M 0 23 170
4 92 59 76 13 0 11 0.00 M M 5.1 16 240 M M 0 19 240
5 92 61 77 13 0 12 0.00 M M 13.3 31 230 M M 0 41 220
6 79 60 70 6 0 5 0.00 M M 9.0 27 310 M M 0 37 320
7 86 54 70 6 0 5 0.00 M M 6.3 18 220 M M 0 24 220
8 88 64 76 12 0 11 0.00 0.0 M 12.6 28 340 M M 0 36 320
9 84 63 74 10 0 9 0.00 M M 7.1 20 320 M M 0 25 320
10 88 57 73 8 0 8 0.00 M M 5.6 15 200 M M 0 18 190
11 89 66 78 13 0 13 0.00 M M 7.1 17 330 M M 0 22 330
12 86 67 77 12 0 12 0.00 M M 7.1 22 320 M M 0 26 320
13 86 65 76 10 0 11 0.00 M M 14.1 35 220 M M 0 44 210
14 78 61 70 4 0 5 0.00 M M 11.0 30 310 M M 0 38 310
15 76 57 67 1 0 2 0.00 M M 12.1 21 310 M M 0 36 310
16 77 54 66 0 0 1 0.00 M M 7.9 25 50 M M 1 30 50
17 75 58 67 0 0 2 0.00 M M 10.3 23 40 M M 2 33 40
18 81 59 70 3 0 5 0.00 M M 7.4 20 340 M M 0 25 330
19 88 55 72 5 0 7 0.00 M M 7.1 21 250 M M 0 26 250
20 85 64 75 7 0 10 0.00 M M 8.4 17 190 M M 0 M M
21 80 67 74 6 0 9 T M M 18.7 32 330 M M 0 45 320
22 83 61 72 4 0 7 0.00 M M 10.6 17 340 M M 0 26 310
23 87 64 76 7 0 11 0.00 M M 9.4 22 340 M M 0 27 310
24 89 67 78 9 0 13 0.00 M M 16.9 33 210 M M 0 42 210
25 80 65 73 4 0 8 0.00 M M 19.5 31 180 M M 0 40 180
26 70 58 64 -6 1 0 T M M 15.1 24 210 M M 4 36 230
27 68 53 61 -9 4 0 0.00 M M 9.2 23 310 M M 5 30 300
28 85 59 72 2 0 7 0.00 M M 14.2 28 310 M M 0 38 310
29 91 64 78 7 0 13 0.00 M M 6.4 16 340 M M 0 21 340
30 98 68 83 12 0 18 0.00 M M 4.3 16 330 M M 0 19 330
================================================================================
SM 2520 1809 6 231 T 0.0 289.8 M 12
================================================================================
AV 84.0 60.3 9.7 FASTST M M 0 MAX(MPH)
MISC ----> 35 220 45 320
================================================================================
NOTES:
# LAST OF SEVERAL OCCURRENCES
COLUMN 17 PEAK WIND IN M.P.H.
PRELIMINARY LOCAL CLIMATOLOGICAL DATA (WS FORM: F-6) , PAGE 2
STATION: NORTH_LAS_VEGAS NV
MONTH: APRIL
YEAR: 2021
LATITUDE: 36 12 N
LONGITUDE: 115 12 W
[TEMPERATURE DATA] [PRECIPITATION DATA] SYMBOLS USED IN COLUMN 16
AVERAGE MONTHLY: 72.2 TOTAL FOR MONTH: T 1 = FOG OR MIST
DPTR FM NORMAL: 5.8 DPTR FM NORMAL: -0.31 2 = FOG REDUCING VISIBILITY
HIGHEST: 98 ON 30 GRTST 24HR T ON 5- 5 TO 1/4 MILE OR LESS
LOWEST: 48 ON 1 3 = THUNDER
SNOW, ICE PELLETS, HAIL 4 = ICE PELLETS
TOTAL MONTH: 0.0 INCH 5 = HAIL
GRTST 24HR 0.0 6 = FREEZING RAIN OR DRIZZLE
GRTST DEPTH: M ON M 7 = DUSTSTORM OR SANDSTORM:
VSBY 1/2 MILE OR LESS
8 = SMOKE OR HAZE
[NO. OF DAYS WITH] [WEATHER - DAYS WITH] 9 = BLOWING SNOW
X = TORNADO
MAX 32 OR BELOW: 0 0.01 INCH OR MORE: 0
MAX 90 OR ABOVE: 5 0.10 INCH OR MORE: 0
MIN 32 OR BELOW: 0 0.50 INCH OR MORE: 0
MIN 0 OR BELOW: 0 1.00 INCH OR MORE: 0
[HDD (BASE 65) ]
TOTAL THIS MO. 6 CLEAR (SCALE 0-3) 28
DPTR FM NORMAL -56 PTCLDY (SCALE 4-7) 2
TOTAL FM JUL 1 1645 CLOUDY (SCALE 8-10) 0
DPTR FM NORMAL -394
[CDD (BASE 65) ]
TOTAL THIS MO. 231
DPTR FM NORMAL 126 [PRESSURE DATA]
TOTAL FM JAN 1 237 HIGHEST SLP M ON M
DPTR FM NORMAL 110 LOWEST SLP 29.42 ON 13
[REMARKS]
#FINAL-04-21#