000
CXUS55 KPIH 020654
CF6IDA
PRELIMINARY LOCAL CLIMATOLOGICAL DATA (WS FORM: F-6)
STATION: IDAHO FALLS
MONTH: FEBRUARY
YEAR: 2023
LATITUDE: 43 31 N
LONGITUDE: 112 4 W
TEMPERATURE IN F: :PCPN: SNOW: WIND :SUNSHINE: SKY :PK WND
================================================================================
1 2 3 4 5 6A 6B 7 8 9 10 11 12 13 14 15 16 17 18
12Z AVG MX 2MIN
DY MAX MIN AVG DEP HDD CDD WTR SNW DPTH SPD SPD DIR MIN PSBL S-S WX SPD DR
================================================================================
1 18 -7 6 -16 59 0 0.00 M M 5.4 10 360 M M 6 8 13 360
2 18 -4 7 -15 58 0 0.00 M M 5.3 10 350 M M 0 14 350
3 30 -1 15 -7 50 0 0.00 M M 5.0 12 360 M M 0 15 340
4 22 -1 11 -11 54 0 0.00 M M 4.3 10 360 M M 1 18 14 350
5 35 14 25 3 40 0 0.03 M M 13.2 29 220 M M 8 18 39 200
6 33 26 30 7 35 0 T M M 13.7 20 210 M M 9 1 25 220
7 29 15 22 -1 43 0 0.00 M M 8.2 23 210 M M 9 128 29 210
8 30 0 15 -8 50 0 T M M 6.0 25 230 M M 4 128 32 220
9 19 -11 4 -19 61 0 0.00 M M 4.1 12 350 M M 1 13 340
10 21 -4 9 -14 56 0 0.00 M M 6.4 13 360 M M 0 14 360
11 28 3 16 -8 49 0 0.00 M M 5.5 12 350 M M 0 15 360
12 23 -5 9 -15 56 0 0.00 M M 4.1 10 360 M M 0 18 13 360
13 26 -5 11 -13 54 0 T M M 5.8 25 220 M M 3 18 33 230
14 27 17 22 -2 43 0 0.20 M M 12.2 29 10 M M 9 1289 49 20
15 25 -9 8 -17 57 0 0.00 M M 11.4 30 10 M M 1 8 43 20
16 15 -12 2 -23 63 0 0.00 M M 4.8 10 350 M M 3 128 14 350
17 17 -10 4 -21 61 0 0.00 M M 4.9 12 360 M M 0 8 14 340
18 18 -12 3 -23 62 0 0.05 M M 5.0 14 360 M M 6 18 17 10
19 33 -5 14 -12 51 0 T M M 10.3 29 220 M M 9 128 36 220
20 39 17 28 2 37 0 0.00 M M 14.1 32 210 M M 8 44 210
21 40 23 32 5 33 0 0.04 M M 20.0 39 220 M M 9 1 56 220
22 23 6 15 -12 50 0 T M M 18.7 31 360 M M 10 189 48 360
23 22 4 13 -14 52 0 0.01 M M 7.0 17 150 M M 7 18 21 150
24 23 -3 10 -18 55 0 0.00 M M 4.1 12 130 M M 2 15 130
25 26 4 15 -13 50 0 0.00 M M 6.1 12 350 M M 2 14 350
26 36 6 21 -8 44 0 T M M 13.3 29 210 M M 8 18 39 200
27 31 9 20 -9 45 0 0.07 M M 10.9 29 220 M M 7 128 41 200
28 30 20 25 -5 40 0 0.02 M M 16.6 33 220 M M 7 128 47 220
================================================================================
SM 737 75 1408 0 0.42 M 246.4 M 129
================================================================================
AV 26.3 2.7 8.8 FASTST M M 5 MAX(MPH)
MISC ----> 39 220 56 220
================================================================================
NOTES:
# LAST OF SEVERAL OCCURRENCES
COLUMN 17 PEAK WIND IN M.P.H.
PRELIMINARY LOCAL CLIMATOLOGICAL DATA (WS FORM: F-6) , PAGE 2
STATION: IDAHO FALLS
MONTH: FEBRUARY
YEAR: 2023
LATITUDE: 43 31 N
LONGITUDE: 112 4 W
[TEMPERATURE DATA] [PRECIPITATION DATA] SYMBOLS USED IN COLUMN 16
AVERAGE MONTHLY: 14.5 TOTAL FOR MONTH: 0.42 1 = FOG OR MIST
DPTR FM NORMAL: -10.4 DPTR FM NORMAL: -0.14 2 = FOG REDUCING VISIBILITY
HIGHEST: 40 ON 21 GRTST 24HR 0.20 ON 13-14 TO 1/4 MILE OR LESS
LOWEST: -12 ON 18,16 3 = THUNDER
SNOW, ICE PELLETS, HAIL 4 = ICE PELLETS
TOTAL MONTH: M 5 = HAIL
GRTST 24HR M ON M 6 = FREEZING RAIN OR DRIZZLE
GRTST DEPTH: M ON M 7 = DUSTSTORM OR SANDSTORM:
VSBY 1/2 MILE OR LESS
8 = SMOKE OR HAZE
[NO. OF DAYS WITH] [WEATHER - DAYS WITH] 9 = BLOWING SNOW
X = TORNADO
MAX 32 OR BELOW: 22 0.01 INCH OR MORE: 7
MAX 90 OR ABOVE: 0 0.10 INCH OR MORE: 1
MIN 32 OR BELOW: 28 0.50 INCH OR MORE: 0
MIN 0 OR BELOW: 15 1.00 INCH OR MORE: 0
[HDD (BASE 65) ]
TOTAL THIS MO. 1408 CLEAR (SCALE 0-3) 13
DPTR FM NORMAL 287 PTCLDY (SCALE 4-7) 8
TOTAL FM JUL 1 6055 CLOUDY (SCALE 8-10) 7
DPTR FM NORMAL 312
[CDD (BASE 65) ]
TOTAL THIS MO. 0
DPTR FM NORMAL 0 [PRESSURE DATA]
TOTAL FM JAN 1 0 HIGHEST SLP 30.86 ON 9
DPTR FM NORMAL 0 LOWEST SLP 29.28 ON 21
[REMARKS]
16TH: LOW OF -12 BREAKS PREVIOUS RECORD OF -10 SET IN 1993.
18TH: LOW OF -12 BREAKS PREVIOUS RECORD OF -6 SET IN 2019.
#FINAL-02-23#