000
CXUS55 KPIH 042225
CF6IDA
PRELIMINARY LOCAL CLIMATOLOGICAL DATA (WS FORM: F-6)
STATION: IDAHO FALLS
MONTH: JUNE
YEAR: 2022
LATITUDE: 43 31 N
LONGITUDE: 112 4 W
TEMPERATURE IN F: :PCPN: SNOW: WIND :SUNSHINE: SKY :PK WND
================================================================================
1 2 3 4 5 6A 6B 7 8 9 10 11 12 13 14 15 16 17 18
12Z AVG MX 2MIN
DY MAX MIN AVG DEP HDD CDD WTR SNW DPTH SPD SPD DIR MIN PSBL S-S WX SPD DR
================================================================================
1 69 35 52 -5 13 0 0.00 M M 5.0 14 210 M M 1 23 230
2 78 41 60 3 5 0 0.00 M M 4.8 15 200 M M 0 21 200
3 81 46 64 6 1 0 0.00 M M 10.3 28 220 M M 0 41 230
4 72 47 60 2 5 0 T M M 9.2 20 210 M M 5 30 250
5 67 49 58 0 7 0 0.24 M M 12.1 26 270 M M 4 13 38 260
6 70 44 57 -1 8 0 T M M 15.2 26 210 M M 3 3 37 210
7 72 39 56 -2 9 0 0.00 M M 5.9 18 190 M M 1 24 180
8 76 38 57 -2 8 0 0.00 M M 5.0 14 330 M M 3 17 330
9 81 49 65 6 0 0 0.00 M M 8.6 18 190 M M 0 23 200
10 86 52 69 10 0 4 0.00 M M 11.7 25 200 M M 0 39 190
11 85 52 69 10 0 4 0.00 M M 13.3 28 200 M M 1 38 240
12 63 53 58 -1 7 0 0.48 M M 8.2 22 210 M M 7 1 31 220
13 59 44 52 -8 13 0 0.14 M M 24.4 38 220 M M 4 1 51 220
14 60 40 50 -10 15 0 0.03 M M 20.9 36 220 M M 4 48 210
15 68 40 54 -6 11 0 0.00 M M 12.8 23 220 M M 0 32 200
16 91 38 65 5 0 0 0.00 M M 8.6 22 220 M M 0 32 200
17 94 50 72 11 0 7 0.00 M M 15.8 32 210 M M 1 46 210
18 84 47 66 5 0 1 0.00 M M 8.9 22 210 M M 2 30 200
19 69 48 59 -2 6 0 T M M 14.5 31 180 M M 3 42 190
20 65 44 55 -6 10 0 0.08 M M 10.4 22 210 M M 5 3 35 270
21 76 37 57 -5 8 0 0.00 M M 3.2 12 30 M M 0 16 230
22 85 40 63 1 2 0 0.00 M M 6.4 18 190 M M 0 26 230
23 90 45 68 6 0 3 0.00 M M 10.3 23 240 M M 0 32 210
24 83 56 70 8 0 5 T M M 17.0 32 220 M M 1 44 220
25 79 42 61 -2 4 0 0.00 M M 9.7 17 20 M M 0 8 24 20
26 86 45 66 3 0 1 0.00 M M 6.1 12 30 M M 0 15 350
27 91 44 68 5 0 3 0.00 M M 4.0 10 70 M M 0 16 300
28 95 50 73 9 0 8 0.00 M M 10.0 24 210 M M 0 32 200
29 84 55 70 6 0 5 T M M 17.5 31 200 M M 0 41 190
30 87 42 65 1 0 0 0.00 M M 4.7 13 80 M M 0 15 70
================================================================================
SM 2346 1352 132 41 0.97 M 314.5 M 45
================================================================================
AV 78.2 45.1 10.5 FASTST M M 2 MAX(MPH)
MISC ----> 38 220 51 220
================================================================================
NOTES:
# LAST OF SEVERAL OCCURRENCES
COLUMN 17 PEAK WIND IN M.P.H.
PRELIMINARY LOCAL CLIMATOLOGICAL DATA (WS FORM: F-6) , PAGE 2
STATION: IDAHO FALLS
MONTH: JUNE
YEAR: 2022
LATITUDE: 43 31 N
LONGITUDE: 112 4 W
[TEMPERATURE DATA] [PRECIPITATION DATA] SYMBOLS USED IN COLUMN 16
AVERAGE MONTHLY: 61.6 TOTAL FOR MONTH: 0.97 1 = FOG OR MIST
DPTR FM NORMAL: 1.2 DPTR FM NORMAL: -0.12 2 = FOG REDUCING VISIBILITY
HIGHEST: 95 ON 28 GRTST 24HR 0.62 ON 12-13 TO 1/4 MILE OR LESS
LOWEST: 35 ON 1 3 = THUNDER
SNOW, ICE PELLETS, HAIL 4 = ICE PELLETS
TOTAL MONTH: M 5 = HAIL
GRTST 24HR M ON M 6 = FREEZING RAIN OR DRIZZLE
GRTST DEPTH: M ON M 7 = DUSTSTORM OR SANDSTORM:
VSBY 1/2 MILE OR LESS
8 = SMOKE OR HAZE
[NO. OF DAYS WITH] [WEATHER - DAYS WITH] 9 = BLOWING SNOW
X = TORNADO
MAX 32 OR BELOW: 0 0.01 INCH OR MORE: 5
MAX 90 OR ABOVE: 5 0.10 INCH OR MORE: 3
MIN 32 OR BELOW: 0 0.50 INCH OR MORE: 0
MIN 0 OR BELOW: 0 1.00 INCH OR MORE: 0
[HDD (BASE 65) ]
TOTAL THIS MO. 132 CLEAR (SCALE 0-3) 24
DPTR FM NORMAL -30 PTCLDY (SCALE 4-7) 6
TOTAL FM JUL 1 7743 CLOUDY (SCALE 8-10) 0
DPTR FM NORMAL -49
[CDD (BASE 65) ]
TOTAL THIS MO. 41
DPTR FM NORMAL 17 [PRESSURE DATA]
TOTAL FM JAN 1 43 HIGHEST SLP 30.37 ON 21
DPTR FM NORMAL 17 LOWEST SLP 29.46 ON 17
[REMARKS]
12TH: RAINFALL OF 0.48 BREAKS PREVIOUS RECORD OF 0.46 SET IN 1964.
#FINAL-06-22#