000
CXUS53 KPAH 010656
CLMPAH

SDFCLMPAA 000
TTAA00 KPAH 010650


CLIMATE REPORT
NATIONAL WEATHER SERVICE PADUCAH KY
147 AM CDT SAT AUG 1 2015

...................................

...THE PADUCAH ASOS CLIMATE SUMMARY FOR THE MONTH OF JULY 2015...

CLIMATE NORMAL PERIOD 1981 TO 2010
CLIMATE RECORD PERIOD 1937 TO 2015

WEATHER         OBSERVED          NORMAL  DEPART  LAST YEAR`S
                 VALUE   DATE(S)  VALUE   FROM    VALUE  DATE(S)
                                          NORMAL
................................................................
TEMPERATURE (F)
RECORD
 HIGH             108   07/17/1942
 LOW               47   07/24/1947
                        07/23/1947
HIGHEST            96   07/29        89       7       95  07/27
LOWEST             65   07/31        65       0       56  07/30
                                                          07/29
                                                          07/17
AVG. MAXIMUM     89.2              89.3    -0.1     86.1
AVG. MINIMUM     71.8              68.5     3.3     63.9
MEAN             80.5              78.9     1.6     75.0
DAYS MAX >= 90     14              15.0    -1.0        8
DAYS MAX <= 32      0               0.0     0.0        0
DAYS MIN <= 32      0               0.0     0.0        0
DAYS MIN <= 0       0               0.0     0.0        0

PRECIPITATION (INCHES)
RECORD
 MAXIMUM        12.47   1972
 MINIMUM         0.28   1999
TOTALS          10.42              4.44    5.98     2.04
DAILY AVG.       0.34              0.14    0.20     0.07
DAYS >= .01        11               8.5     2.5        4
DAYS >= .10        10               5.9     4.1        4
DAYS >= .50         5               2.7     2.3        2
DAYS >= 1.00        3               1.4     1.6        0
GREATEST
 24 HR. TOTAL    3.42   07/07 TO 07/07
                        07/06 TO 07/07
                        07/07 TO 07/07
 STORM TOTAL       MM
 (MM/DD(HH))            MM

DEGREE_DAYS
COOLING TOTAL     488               431      57      316
 SINCE 1/1       1100               923     177      999

FREEZE DATES
RECORD
 EARLIEST     10/01/1984
 LATEST       04/28/1992
EARLIEST                        10/26
LATEST                          04/04
.................................................................

WIND (MPH)
AVERAGE WIND SPEED              5.1
HIGHEST WIND SPEED/DIRECTION    37/270    DATE  07/02
HIGHEST GUST SPEED/DIRECTION    46/270    DATE  07/08

SKY COVER
POSSIBLE SUNSHINE (PERCENT)   MM
AVERAGE SKY COVER           0.30
NUMBER OF DAYS FAIR           21
NUMBER OF DAYS PC             10
NUMBER OF DAYS CLOUDY          0

AVERAGE RH (PERCENT)     76

WEATHER CONDITIONS. NUMBER OF DAYS WITH
THUNDERSTORM              0     MIXED PRECIP               0
HEAVY RAIN                9     RAIN                       7
LIGHT RAIN               11     FREEZING RAIN              0
LT FREEZING RAIN          0     HAIL                       0
HEAVY SNOW                0     SNOW                       0
LIGHT SNOW                0     SLEET                      0
FOG                      24     FOG W/VIS <= 1/4 MILE      3
HAZE                     14

-  INDICATES NEGATIVE NUMBERS.
R  INDICATES RECORD WAS SET OR TIED.
MM INDICATES DATA IS MISSING.
T  INDICATES TRACE AMOUNT.

&&

RMKS: THE MONTHLY RAINFALL OF 10.42 INCHES MAKES JULY 2015 THE
SECOND WETTEST JULY ON RECORD. THE RECORD IS 12.47 INCHES IN JULY
1972.

$$









































$$
