000
CXUS53 KPAH 010704
CLMPAH

SDFCLMPAA 000
TTAA00 KPAH 010659


CLIMATE REPORT
NATIONAL WEATHER SERVICE PADUCAH KY
149 AM CDT MON SEP 1 2014

...................................

...THE PADUCAH ASOS CLIMATE SUMMARY FOR THE MONTH OF AUGUST 2014...

CLIMATE NORMAL PERIOD 1981 TO 2010
CLIMATE RECORD PERIOD 1937 TO 2014

WEATHER         OBSERVED          NORMAL  DEPART  LAST YEAR`S
                 VALUE   DATE(S)  VALUE   FROM    VALUE  DATE(S)
                                          NORMAL
................................................................
TEMPERATURE (F)
RECORD
 HIGH             106   08/04/1947
 LOW               44   08/29/1986
HIGHEST            97   08/24        87      10       96  08/31
LOWEST             57   08/14        66      -9       53  08/15
                        08/13
AVG. MAXIMUM     90.7              89.0     1.7     85.9
AVG. MINIMUM     69.1              66.1     3.0     66.6
MEAN             79.9              77.5     2.4     76.2
DAYS MAX >= 90     18              13.3     4.7        8
DAYS MAX <= 32      0               0.0     0.0        0
DAYS MIN <= 32      0               0.0     0.0        0
DAYS MIN <= 0       0               0.0     0.0        0

PRECIPITATION (INCHES)
RECORD
 MAXIMUM         7.24   1977
 MINIMUM         0.11   1996
TOTALS           7.85R             2.76    5.09     3.71
DAILY AVG.       0.25              0.09    0.16     0.12
DAYS >= .01        12               6.9     5.1        9
DAYS >= .10         8               4.5     3.5        6
DAYS >= .50         3               1.9     1.1        3
DAYS >= 1.00        2               0.8     1.2        2
GREATEST
 24 HR. TOTAL    4.55   08/30 TO 08/30
                        08/29 TO 08/30
                        08/30 TO 08/30
 STORM TOTAL       MM
 (MM/DD(HH))            MM

DEGREE_DAYS
COOLING TOTAL     472               390      82      356
 SINCE 1/1       1471              1313     158     1174

FREEZE DATES
RECORD
 EARLIEST     10/01/1984
 LATEST       04/28/1992
EARLIEST                        10/26
LATEST                          04/04
.................................................................

WIND (MPH)
AVERAGE WIND SPEED              4.0
HIGHEST WIND SPEED/DIRECTION    46/340    DATE  08/19
HIGHEST GUST SPEED/DIRECTION    63/340    DATE  08/19

SKY COVER
POSSIBLE SUNSHINE (PERCENT)   MM
AVERAGE SKY COVER           0.20
NUMBER OF DAYS FAIR           22
NUMBER OF DAYS PC              9
NUMBER OF DAYS CLOUDY          0

AVERAGE RH (PERCENT)     71

WEATHER CONDITIONS. NUMBER OF DAYS WITH
THUNDERSTORM              0     MIXED PRECIP               0
HEAVY RAIN                6     RAIN                       8
LIGHT RAIN               13     FREEZING RAIN              0
LT FREEZING RAIN          0     HAIL                       0
HEAVY SNOW                0     SNOW                       0
LIGHT SNOW                0     SLEET                      0
FOG                      25     FOG W/VIS <= 1/4 MILE      3
HAZE                     20

-  INDICATES NEGATIVE NUMBERS.
R  INDICATES RECORD WAS SET OR TIED.
MM INDICATES DATA IS MISSING.
T  INDICATES TRACE AMOUNT.

&&
RMKS: 9TH WARMEST AUGUST ON RECORD. THE RECORD IS 83.6 DEGREES SET IN
AUGUST 2007. DAILY RAINFALL OF 4.55 INCHES ON THE 30TH SETS THE RECORD
FOR LARGEST SINGLE-DAY RAINFALL FOR AUGUST AND 14TH LARGEST SINGLE-DAY
RAINFALL EVER RECORD FOR PADUCAH. MONTHLY RAIN ACCUMULATION OF 7.85
SETS THE RECORD FOR WETTEST AUGUST. THE OLD RECORD WAS 7.61 INCHES
IN AUGUST OF 1950.

$$
