000
CXUS53 KPAH 011256
CLMPAH

CLIMATE REPORT
NATIONAL WEATHER SERVICE PADUCAH KY
756 AM CDT WED JUN 1 2016

...................................

...THE PADUCAH ASOS CLIMATE SUMMARY FOR THE MONTH OF MAY 2016...

CLIMATE NORMAL PERIOD 1981 TO 2010
CLIMATE RECORD PERIOD 1937 TO 2016

WEATHER         OBSERVED          NORMAL  DEPART  LAST YEAR`S
                 VALUE   DATE(S)  VALUE   FROM    VALUE  DATE(S)
                                          NORMAL
................................................................
TEMPERATURE (F)
RECORD
 HIGH              96   05/26/1953
                        05/26/1944
                        05/22/1941
 LOW               32   05/07/1944
HIGHEST            90   05/30        77      13       88  05/15
                                                          05/10
LOWEST             40   05/15        56     -16       38  05/01
AVG. MAXIMUM     76.4              78.0    -1.6     78.9
AVG. MINIMUM     54.6              56.3    -1.7     58.5
MEAN             65.5              67.2    -1.7     68.7
DAYS MAX >= 90      1               0.7     0.3        0
DAYS MAX <= 32      0               0.0     0.0        0
DAYS MIN <= 32      0               0.0     0.0        0
DAYS MIN <= 0       0               0.0     0.0        0

PRECIPITATION (INCHES)
RECORD
 MAXIMUM         9.87   1957
 MINIMUM         0.39   2012
TOTALS           5.27              4.94    0.33     3.71
DAILY AVG.       0.17              0.16    0.01     0.12
DAYS >= .01        11              11.3    -0.3       11
DAYS >= .10         8               7.9     0.1        9
DAYS >= .50         4               3.2     0.8        3
DAYS >= 1.00        3               1.5     1.5        0
GREATEST
 24 HR. TOTAL    1.25   05/09 TO 05/10
 STORM TOTAL       MM
 (MM/DD(HH))            MM

DEGREE_DAYS
COOLING TOTAL     114               130     -16      169
 SINCE 1/1        150               172     -22      211

FREEZE DATES
RECORD
 EARLIEST     10/01/1984
 LATEST       04/28/1992
EARLIEST                        10/26
LATEST                          04/04
.................................................................

WIND (MPH)
AVERAGE WIND SPEED              6.3
HIGHEST WIND SPEED/DIRECTION    25/330    DATE  05/14
HIGHEST GUST SPEED/DIRECTION    38/250    DATE  05/09

SKY COVER
POSSIBLE SUNSHINE (PERCENT)   MM
AVERAGE SKY COVER           0.40
NUMBER OF DAYS FAIR           15
NUMBER OF DAYS PC             10
NUMBER OF DAYS CLOUDY          6

AVERAGE RH (PERCENT)     69

WEATHER CONDITIONS. NUMBER OF DAYS WITH
THUNDERSTORM              0     MIXED PRECIP               0
HEAVY RAIN                6     RAIN                       6
LIGHT RAIN               11     FREEZING RAIN              0
LT FREEZING RAIN          0     HAIL                       0
HEAVY SNOW                0     SNOW                       0
LIGHT SNOW                0     SLEET                      0
FOG                      16     FOG W/VIS <= 1/4 MILE      3
HAZE                      3

-  INDICATES NEGATIVE NUMBERS.
R  INDICATES RECORD WAS SET OR TIED.
MM INDICATES DATA IS MISSING.
T  INDICATES TRACE AMOUNT.

$$
