000
CXUS53 KPAH 011404
CLMPAH

SDFCLMPAA 000
TTAA00 KPAH 011403


CLIMATE REPORT
NATIONAL WEATHER SERVICE PADUCAH KY
900 AM CDT WED JUL 1 2015

...................................

...THE PADUCAH ASOS CLIMATE SUMMARY FOR THE MONTH OF JUNE 2015...

CLIMATE NORMAL PERIOD 1981 TO 2010
CLIMATE RECORD PERIOD 1937 TO 2015

WEATHER         OBSERVED          NORMAL  DEPART  LAST YEAR`S
                 VALUE   DATE(S)  VALUE   FROM    VALUE  DATE(S)
                                          NORMAL
................................................................
TEMPERATURE (F)
RECORD
 HIGH             108   06/29/2012
 LOW               44   06/01/1993
HIGHEST            93   06/25        86       7       94  06/20
                        06/11
                        06/10
LOWEST             56   06/04        65      -9       53  06/14
AVG. MAXIMUM     87.2              86.2     1.0     86.7
AVG. MINIMUM     68.9              64.9     4.0     69.9
MEAN             78.1              75.6     2.5     78.3
DAYS MAX >= 90     14               9.1     4.9       11
DAYS MAX <= 32      0               0.0     0.0        0
DAYS MIN <= 32      0               0.0     0.0        0
DAYS MIN <= 0       0               0.0     0.0        0

PRECIPITATION (INCHES)
RECORD
 MAXIMUM        10.98   1998
 MINIMUM         0.41   1988
TOTALS           2.44              4.06   -1.62     6.69
DAILY AVG.       0.08              0.14   -0.06     0.22
DAYS >= .01         8               9.1    -1.1       16
DAYS >= .10         4               6.4    -2.4       11
DAYS >= .50         2               2.7    -0.7        4
DAYS >= 1.00        1               1.0     0.0        1
GREATEST
 24 HR. TOTAL    1.15   06/19 TO 06/20
 STORM TOTAL       MM
 (MM/DD(HH))            MM

DEGREE_DAYS
COOLING TOTAL     401               320      81      405
 SINCE 1/1        612               492     120      683

FREEZE DATES
RECORD
 EARLIEST     10/01/1984
 LATEST       04/28/1992
EARLIEST      11/01             10/26
LATEST        03/29             04/04
.................................................................

WIND (MPH)
AVERAGE WIND SPEED              5.9
HIGHEST WIND SPEED/DIRECTION    23/270    DATE  06/17
HIGHEST GUST SPEED/DIRECTION    30/270    DATE  06/17

SKY COVER
POSSIBLE SUNSHINE (PERCENT)   MM
AVERAGE SKY COVER           0.30
NUMBER OF DAYS FAIR           23
NUMBER OF DAYS PC              4
NUMBER OF DAYS CLOUDY          3

AVERAGE RH (PERCENT)     72

WEATHER CONDITIONS. NUMBER OF DAYS WITH
THUNDERSTORM              0     MIXED PRECIP               0
HEAVY RAIN                4     RAIN                       4
LIGHT RAIN               12     FREEZING RAIN              0
LT FREEZING RAIN          0     HAIL                       0
HEAVY SNOW                0     SNOW                       0
LIGHT SNOW                0     SLEET                      0
FOG                      20     FOG W/VIS <= 1/4 MILE      0
HAZE                     12

-  INDICATES NEGATIVE NUMBERS.
R  INDICATES RECORD WAS SET OR TIED.
MM INDICATES DATA IS MISSING.
T  INDICATES TRACE AMOUNT.

$$
