000
CXUS54 KLZK 011130
CF6SGT
PRELIMINARY LOCAL CLIMATOLOGICAL DATA (WS FORM: F-6)
STATION: STUTTGART AIRPORT
MONTH: MAY
YEAR: 2022
LATITUDE: 34 35 N
LONGITUDE: 91 34 W
TEMPERATURE IN F: :PCPN: SNOW: WIND :SUNSHINE: SKY :PK WND
================================================================================
1 2 3 4 5 6A 6B 7 8 9 10 11 12 13 14 15 16 17 18
12Z AVG MX 2MIN
DY MAX MIN AVG DEP HDD CDD WTR SNW DPTH SPD SPD DIR MIN PSBL S-S WX SPD DR
================================================================================
1 82 57 70 4 0 5 0.00 M M 4.7 10 320 M M 1 M M
2 84 62 73 6 0 8 0.00 M M 12.1 22 180 M M 3 3 30 190
3 76 64 70 3 0 5 0.39 M M 11.5 23 200 M M 8 13 33 170
4 76 59 68 1 0 3 0.00 M M 10.6 16 40 M M 3 M M
5 73 63 68 0 0 3 1.17 M M 9.6 23 60 M M 6 13 33 120
6 74 60 67 -1 0 2 T M M 15.1 23 290 M M 5 33 280
7 74 55 65 -3 0 0 0.00 M M 8.5 14 20 M M 0 16 350
8 82 58 70 1 0 5 0.00 M M 11.3 17 130 M M 1 23 120
9 91 70 81 12 0 16 0.00 M M 12.7 21 190 M M 3 8 25 190
10 91 75 83 14 0 18 0.00 M M 12.2 21 200 M M 1 31 200
11 92 71 82 13 0 17 0.00 M M 5.1 10 160 M M 0 8 M M
12 94 72 83 13 0 18 0.00 M M 4.2 8 230 M M 1 M M
13 93 69 81 11 0 16 0.00 M M 8.5 22 140 M M 0 31 160
14 87 67 77 7 0 12 0.15 M M 7.0 18 30 M M 2 3 30 40
15 88 65 77 6 0 12 0.41 M M 8.4 44 350 M M 2 13 54 350
16 80 65 73 2 0 8 0.00 M M 7.0 17 50 M M 3 M M
17 83 58 71 0 0 6 0.00 M M 5.4 20 120 M M 0 8 30 100
18 89 68 79 8 0 14 0.00 M M 10.7 21 210 M M 0 26 210
19 92 73 83 11 0 18 0.00 M M 16.3 26 200 M M 1 31 190
20 91 73 82 10 0 17 0.00 M M 19.1 28 190 M M 3 36 190
21 91 66 79 7 0 14 1.35 M M 15.0 22 200 M M 5 13 35 360
22 67 60 64 -9 1 0 1.02 M M 14.0 20 20 M M 10 13 24 20
23 73 60 67 -6 0 2 0.00 M M 12.0 18 40 M M 9 M M
24 81 64 73 0 0 8 1.05 M M 9.1 14 50 M M 9 1 M M
25 80 67 74 1 0 9 0.39 M M 15.6 27 170 M M 7 1 35 170
26 73 60 67 -7 0 2 0.00 M M 13.6 20 260 M M 4 27 260
27 78 57 68 -6 0 3 0.00 M M 8.3 13 290 M M 2 16 290
28 83 60 72 -2 0 7 0.00 M M 7.8 10 190 M M 0 8 M M
29 88 64 76 1 0 11 0.00 M M 11.0 18 150 M M 0 22 160
30 90 68 79 4 0 14 0.00 M M 13.5 21 180 M M 1 32 190
31 92 73 83 8 0 18 0.00 M M 10.4 14 180 M M 2 18 200
================================================================================
SM 2588 2003 1 291 5.93 M 330.4 M 92
================================================================================
AV 83.5 64.6 10.7 FASTST M M 3 MAX(MPH)
MISC ----> 44 350 54 350
================================================================================
NOTES:
# LAST OF SEVERAL OCCURRENCES
COLUMN 17 PEAK WIND IN M.P.H.
PRELIMINARY LOCAL CLIMATOLOGICAL DATA (WS FORM: F-6) , PAGE 2
STATION: STUTTGART AIRPORT
MONTH: MAY
YEAR: 2022
LATITUDE: 34 35 N
LONGITUDE: 91 34 W
[TEMPERATURE DATA] [PRECIPITATION DATA] SYMBOLS USED IN COLUMN 16
AVERAGE MONTHLY: 74.0 TOTAL FOR MONTH: 5.93 1 = FOG OR MIST
DPTR FM NORMAL: 3.2 DPTR FM NORMAL: 1.22 2 = FOG REDUCING VISIBILITY
HIGHEST: 94 ON 12 GRTST 24HR 2.37 ON 21-22 TO 1/4 MILE OR LESS
LOWEST: 55 ON 7 3 = THUNDER
SNOW, ICE PELLETS, HAIL 4 = ICE PELLETS
TOTAL MONTH: M 5 = HAIL
GRTST 24HR M ON M 6 = FREEZING RAIN OR DRIZZLE
GRTST DEPTH: M ON M 7 = DUSTSTORM OR SANDSTORM:
VSBY 1/2 MILE OR LESS
8 = SMOKE OR HAZE
[NO. OF DAYS WITH] [WEATHER - DAYS WITH] 9 = BLOWING SNOW
X = TORNADO
MAX 32 OR BELOW: 0 0.01 INCH OR MORE: 8
MAX 90 OR ABOVE: 10 0.10 INCH OR MORE: 8
MIN 32 OR BELOW: 0 0.50 INCH OR MORE: 4
MIN 0 OR BELOW: 0 1.00 INCH OR MORE: 4
[HDD (BASE 65) ]
TOTAL THIS MO. 1 CLEAR (SCALE 0-3) 21
DPTR FM NORMAL -23 PTCLDY (SCALE 4-7) 7
TOTAL FM JUL 1 2190 CLOUDY (SCALE 8-10) 3
DPTR FM NORMAL -997
[CDD (BASE 65) ]
TOTAL THIS MO. 291
DPTR FM NORMAL 87 [PRESSURE DATA]
TOTAL FM JAN 1 370 HIGHEST SLP 30.25 ON 22
DPTR FM NORMAL 103 LOWEST SLP 29.63 ON 19
[REMARKS]
#FINAL-05-22#