000
CDUS43 KGLD 250037
CLIGLD

CLIMATE REPORT
NATIONAL WEATHER SERVICE
637 PM MDT THU JUN 24 2021

...................................

...THE GOODLAND KS CLIMATE SUMMARY FOR JUNE 24 2021...
VALID TODAY AS OF 0500 PM LOCAL TIME.

CLIMATE NORMAL PERIOD: 1991 TO 2020
CLIMATE RECORD PERIOD: 1895 TO 2021


WEATHER ITEM   OBSERVED TIME   RECORD YEAR NORMAL DEPARTURE LAST
                VALUE   (LST)  VALUE       VALUE  FROM      YEAR
                                                  NORMAL
...................................................................
TEMPERATURE (F)
 TODAY
  MAXIMUM         87   2:58 PM 109    2012  88     -1       95
  MINIMUM         67   3:11 AM  42    1940  59      8       58
  AVERAGE         77                        73      4       77

PRECIPITATION (IN)
  TODAY            0.00          1.92 1989   0.10  -0.10      T
  MONTH TO DATE    0.43                      2.42  -1.99     1.33
  SINCE JUN 1      0.43                      2.42  -1.99     1.33
  SINCE JAN 1      9.67                      8.59   1.08     6.33

SNOWFALL (IN)
  TODAY            0.0                       0.0    0.0      0.0
  MONTH TO DATE    0.0                       0.0    0.0      0.0
  SINCE JUN 1      0.0                       0.0    0.0      0.0
  SINCE JUL 1     33.7                      30.0    3.7     23.1
  SNOW DEPTH       0

DEGREE DAYS
 HEATING
  TODAY            0                         0      0        0
  MONTH TO DATE   11                        26    -15       20
  SINCE JUN 1     11                        26    -15       20
  SINCE JUL 1   5900                      5790    110     5585

 COOLING
  TODAY           12                         9      3       12
  MONTH TO DATE  230                       146     84      253
  SINCE JUN 1    230                       146     84      253
  SINCE JAN 1    259                       193     66      290
...................................................................


WIND (MPH)
  HIGHEST WIND SPEED    29   HIGHEST WIND DIRECTION    NE (60)
  HIGHEST GUST SPEED    37   HIGHEST GUST DIRECTION    NE (60)
  AVERAGE WIND SPEED    16.0


SKY COVER
  AVERAGE SKY COVER 0.1


WEATHER CONDITIONS
THE FOLLOWING WEATHER WAS RECORDED TODAY.
  NO SIGNIFICANT WEATHER WAS OBSERVED.


RELATIVE HUMIDITY (PERCENT)
 HIGHEST    73           2:00 AM
 LOWEST     45           1:00 PM
 AVERAGE    59

..........................................................


THE GOODLAND KS CLIMATE NORMALS FOR TOMORROW
                         NORMAL    RECORD    YEAR
 MAXIMUM TEMPERATURE (F)   88       107      2012
 MINIMUM TEMPERATURE (F)   59        42      1958


SUNRISE AND SUNSET
JUNE 24 2021..........SUNRISE   4:21 AM MST   SUNSET   7:18 PM MST
JUNE 25 2021..........SUNRISE   4:21 AM MST   SUNSET   7:18 PM MST


-  INDICATES NEGATIVE NUMBERS.
R  INDICATES RECORD WAS SET OR TIED.
MM INDICATES DATA IS MISSING.
T  INDICATES TRACE AMOUNT.

&&

THE AVERAGE SOIL TEMPERATURE AT THE FOUR INCH DEPTH... 77

$$
