000
CDUS41 KCLE 082123
CLIYNG


CLIMATE REPORT
NATIONAL WEATHER SERVICE CLEVELAND OH
519 PM EDT TUE MAY 8 2018


...................................

...THE YOUNGSTOWN OH CLIMATE SUMMARY FOR MAY 8 2018...
VALID TODAY AS OF 0500 PM LOCAL TIME.

CLIMATE NORMAL PERIOD 1981 TO 2010
CLIMATE RECORD PERIOD 1897 TO 2018


WEATHER ITEM   OBSERVED TIME   RECORD YEAR NORMAL DEPARTURE LAST
                VALUE   (LST)  VALUE       VALUE  FROM      YEAR
                                                  NORMAL
..................................................................
TEMPERATURE (F)
 TODAY
  MAXIMUM         78    319 PM  89    2015  67     11       54
  MINIMUM         45    540 AM  28    1950  45      0       30
  AVERAGE         62                        56      6       42

PRECIPITATION (IN)
  TODAY            0.00                      0.12  -0.12     0.00
  MONTH TO DATE    1.01                      0.90   0.11     1.86
  SINCE MAR 1      9.90                      7.20   2.70    10.74
  SINCE JAN 1     18.11                     11.90   6.21    18.62

SNOWFALL (IN)
  TODAY            0.0                       0.0    0.0      0.0
  MONTH TO DATE    0.0                       0.0    0.0      0.0
  SINCE MAR 1     23.2                      13.9    9.3     22.1
  SINCE JUL 1     81.3                      62.7   18.6     69.5
  SNOW DEPTH       0

DEGREE DAYS
 HEATING
  TODAY            3                        10     -7       23
  MONTH TO DATE   15                        86    -71      126
  SINCE MAR 1   1627                      1465    162     1307
  SINCE JUL 1   5942                      6113   -171     5091

 COOLING
  TODAY            0                         1     -1        0
  MONTH TO DATE   10                         1      9        0
  SINCE MAR 1     12                        10      2       16
  SINCE JAN 1     14                        10      4       16
..................................................................


WIND (MPH)
  HIGHEST WIND SPEED    13   HIGHEST WIND DIRECTION    SW (240)
  HIGHEST GUST SPEED    16   HIGHEST GUST DIRECTION    SW (230)


SKY COVER
  POSSIBLE SUNSHINE  MM
  AVERAGE SKY COVER 0.4


WEATHER CONDITIONS
 THE FOLLOWING WEATHER WAS RECORDED TODAY.
  NO SIGNIFICANT WEATHER WAS OBSERVED.


RELATIVE HUMIDITY (PERCENT)
 HIGHEST    76           400 AM
 LOWEST     31           400 PM
 AVERAGE    54

..........................................................


THE YOUNGSTOWN OH CLIMATE NORMALS FOR TOMORROW
                         NORMAL    RECORD    YEAR
 MAXIMUM TEMPERATURE (F)   67        89      1936
 MINIMUM TEMPERATURE (F)   45        28      1983


SUNRISE AND SUNSET
MAY  8 2018...........SUNRISE   612 AM EDT   SUNSET   827 PM EDT
MAY  9 2018...........SUNRISE   610 AM EDT   SUNSET   828 PM EDT


-  INDICATES NEGATIVE NUMBERS.
R  INDICATES RECORD WAS SET OR TIED.
MM INDICATES DATA IS MISSING.
T  INDICATES TRACE AMOUNT.




$$
