000
CDUS43 KDTX 110537
CLIDTW

CLIMATE REPORT
NATIONAL WEATHER SERVICE DETROIT/PONTIAC MI
137 AM EDT SAT JUL 11 2020

...................................

...THE DETROIT MI CLIMATE SUMMARY FOR JULY 10 2020...

CLIMATE NORMAL PERIOD 1981 TO 2010
CLIMATE RECORD PERIOD 1874 TO 2020


WEATHER ITEM   OBSERVED TIME   RECORD YEAR NORMAL DEPARTURE LAST
                VALUE   (LST)  VALUE       VALUE  FROM      YEAR
                                                  NORMAL
...................................................................
TEMPERATURE (F)
 YESTERDAY
  MAXIMUM         87   1045 AM 102    1936  84      3       92
  MINIMUM         71   1159 PM  51    1895  64      7       65
  AVERAGE         79                        74      5       79

PRECIPITATION (IN)
  YESTERDAY        2.05R         2.05 1879   0.10   1.95     0.00
  MONTH TO DATE    2.62                      1.02   1.60     0.45
  SINCE JUN 1      5.02                      4.54   0.48     3.31
  SINCE JAN 1     19.99                     17.08   2.91    19.28

SNOWFALL (IN)
  YESTERDAY        0.0           0.0    MM   0.0    0.0      0.0
  MONTH TO DATE    0.0                       0.0    0.0      0.0
  SINCE JUN 1      0.0                       0.0    0.0      0.0
  SINCE JUL 1      0.0                       0.0    0.0      0.0
  SNOW DEPTH       0

DEGREE DAYS
 HEATING
  YESTERDAY        0                         0      0        0
  MONTH TO DATE    0                         0      0        0
  SINCE JUN 1     19                        35    -16       32
  SINCE JUL 1      0                         0      0        0

 COOLING
  YESTERDAY       14                         9      5       14
  MONTH TO DATE  155                        87     68      125
  SINCE JUN 1    364                       254    110      259
  SINCE JAN 1    415                       302    113      282
...................................................................


WIND (MPH)
  HIGHEST WIND SPEED    24   HIGHEST WIND DIRECTION     W (250)
  HIGHEST GUST SPEED    32   HIGHEST GUST DIRECTION     W (260)
  AVERAGE WIND SPEED     6.3


SKY COVER
  POSSIBLE SUNSHINE  MM
  AVERAGE SKY COVER 0.9


WEATHER CONDITIONS
THE FOLLOWING WEATHER WAS RECORDED YESTERDAY.
  THUNDERSTORM
  RAIN
  LIGHT RAIN
  FOG


RELATIVE HUMIDITY (PERCENT)
 HIGHEST    93           800 PM
 LOWEST     61           900 AM
 AVERAGE    77

..........................................................


THE DETROIT MI CLIMATE NORMALS FOR TODAY
                         NORMAL    RECORD    YEAR
 MAXIMUM TEMPERATURE (F)   84       101      1936
 MINIMUM TEMPERATURE (F)   64        47      1978


SUNRISE AND SUNSET
JULY 11 2020..........SUNRISE   608 AM EDT   SUNSET   910 PM EDT
JULY 12 2020..........SUNRISE   608 AM EDT   SUNSET   909 PM EDT


-  INDICATES NEGATIVE NUMBERS.
R  INDICATES RECORD WAS SET OR TIED.
MM INDICATES DATA IS MISSING.
T  INDICATES TRACE AMOUNT.




$$
