559
CXUS53 KLBF 171410
CF6BBW
PRELIMINARY LOCAL CLIMATOLOGICAL DATA (WS FORM: F-6)

                                          STATION:   BROKEN BOW
                                          MONTH:     JUNE
                                          YEAR:      2024
                                          LATITUDE:   41 26 N
                                          LONGITUDE:  99 39 W

  TEMPERATURE IN F:       :PCPN:    SNOW:  WIND      :SUNSHINE: SKY     :PK WND
================================================================================
1   2   3   4   5  6A  6B    7    8   9   10  11  12  13   14  15   16   17  18
                                     12Z  AVG MX 2MIN
DY MAX MIN AVG DEP HDD CDD  WTR  SNW DPTH SPD SPD DIR MIN PSBL S-S WX    SPD DR
================================================================================

 1  77  50  64  -2   1   0 0.24    M    M  7.4 20 270   M    M   3 13     29 260
 2  80  55  68   2   0   3 1.03    M    M 11.8 43 300   M    M   5 13     58 290
 3  83  54  69   3   0   4 0.00    M    M  7.0 17 150   M    M   0        22 150
 4  74  53  64  -3   1   0 0.07    M    M  9.2 28 340   M    M   3 13     36 340
 5  85  51  68   1   0   3 0.00    M    M 10.9 32 310   M    M   0        40 300
 6  83  53  68   0   0   3 0.00    M    M  7.0 17 330   M    M   0        25 280
 7  87  54  71   3   0   6 3.03    M    M  9.8 33 300   M    M   3 123    59 320
 8  69  57  63  -5   2   0 0.01    M    M    M  M   M   M    M   4 1       M   M
 9  78  54  66  -3   0   1    T    M    M    M  M   M   M    M   0         M   M
10  82  54  68  -1   0   3 0.02    M    M    M  M   M   M    M   1 3       M   M
11  86  60  73   4   0   8 0.01    M    M    M  M   M   M    M   2         M   M
12  97  66  82  12   0  17 0.00    M    M    M  M   M   M    M   0         M   M
13  84  61  73   3   0   8 0.00    M    M    M  M   M   M    M   0         M   M
14  85  57  71   1   0   6 0.43    M    M    M  M   M   M    M   2 13      M   M
15  86  66  76   6   0  11 0.07    M    M    M  M   M   M    M   5 13      M   M
16  83  63  73   2   0   8 0.00    M    M    M  M   M   M    M   0 13      M   M
================================================================================
SM 1319  908         4  81  4.91    M     63.1          M       28
================================================================================
AV 82.4 56.8                               9.0 FASTST   M    M   2    MAX(MPH)
                                 MISC ---->    43 300                 59 320
================================================================================
NOTES:
# LAST OF SEVERAL OCCURRENCES

COLUMN 17 PEAK WIND IN M.P.H.

PRELIMINARY LOCAL CLIMATOLOGICAL DATA (WS FORM: F-6) , PAGE 2

                                          STATION:   BROKEN BOW
                                          MONTH:     JUNE
                                          YEAR:      2024
                                          LATITUDE:   41 26 N
                                          LONGITUDE:  99 39 W

[TEMPERATURE DATA]      [PRECIPITATION DATA]       SYMBOLS USED IN COLUMN 16

AVERAGE MONTHLY: 69.6   TOTAL FOR MONTH:   4.91    1 = FOG OR MIST
DPTR FM NORMAL:   1.2   DPTR FM NORMAL:    2.79    2 = FOG REDUCING VISIBILITY
HIGHEST:    97 ON 12    GRTST 24HR  3.04 ON  7- 8      TO 1/4 MILE OR LESS
LOWEST:     50 ON  1                               3 = THUNDER
                        SNOW, ICE PELLETS, HAIL    4 = ICE PELLETS
                        TOTAL MONTH:  M            5 = HAIL
                        GRTST 24HR    M  ON   M    6 = FREEZING RAIN OR DRIZZLE
                        GRTST DEPTH:  M  ON   M    7 = DUSTSTORM OR SANDSTORM:
                                                       VSBY 1/2 MILE OR LESS
                                                   8 = SMOKE OR HAZE
[NO. OF DAYS WITH]      [WEATHER - DAYS WITH]      9 = BLOWING SNOW
                                                   X = TORNADO
MAX 32 OR BELOW:   0    0.01 INCH OR MORE:   9
MAX 90 OR ABOVE:   1    0.10 INCH OR MORE:   4
MIN 32 OR BELOW:   0    0.50 INCH OR MORE:   2
MIN  0 OR BELOW:   0    1.00 INCH OR MORE:   2

[HDD (BASE 65) ]
TOTAL THIS MO.     4    CLEAR  (SCALE 0-3)  12
DPTR FM NORMAL   -20    PTCLDY (SCALE 4-7)   4
TOTAL FM JUL 1  5742    CLOUDY (SCALE 8-10)  0
DPTR FM NORMAL  -527

[CDD (BASE 65) ]
TOTAL THIS MO.    81
DPTR FM NORMAL     4    [PRESSURE DATA]
TOTAL FM JAN 1   104    HIGHEST SLP M ON M
DPTR FM NORMAL   -19    LOWEST  SLP 29.53 ON  4

[REMARKS]