000
CXUS55 KLBF 231410
CF6BBW
PRELIMINARY LOCAL CLIMATOLOGICAL DATA (WS FORM: F-6)

                                          STATION:   BROKEN BOW
                                          MONTH:     MAY
                                          YEAR:      2022
                                          LATITUDE:   41 26 N
                                          LONGITUDE:  99 39 W

  TEMPERATURE IN F:       :PCPN:    SNOW:  WIND      :SUNSHINE: SKY     :PK WND
================================================================================
1   2   3   4   5  6A  6B    7    8   9   10  11  12  13   14  15   16   17  18
                                     12Z  AVG MX 2MIN
DY MAX MIN AVG DEP HDD CDD  WTR  SNW DPTH SPD SPD DIR MIN PSBL S-S WX    SPD DR
================================================================================

 1  64  39  52  -1  13   0 0.00    M    M 12.6 24 300   M    M   0        34 310
 2  48  35  42 -12  23   0 0.85    M    M 10.5 20  40   M    M  10 1      27  10
 3  51  34  43 -11  22   0 0.00    M    M  6.7 14 110   M    M   6        24 110
 4  50  43  47  -7  18   0 0.10    M    M  6.9 14 110   M    M  10 3      18 140
 5  54  40  47  -8  18   0 0.16    M    M  4.8 12  30   M    M   8        17  50
 6  75  35  55   0  10   0 0.00    M    M  9.7 25 170   M    M   4 12     32 170
 7  80  52  66  10   0   1 0.71    M    M 19.2 37 350   M    M   5 13     50 350
 8  77  54  66  10   0   1 0.07    M    M  9.7 22 110   M    M   4 3      29 110
 9  78  55  67  11   0   2 0.00    M    M 12.7 23 290   M    M   4 1      33 130
10  78  50  64   7   1   0 0.00    M    M 12.0 24  30   M    M   2        34  10
11  92  59  76  19   0  11 0.00    M    M 13.2 28 170   M    M   2        38 160
12  90  56  73  15   0   8    T    M    M 16.1 43 300   M    M   1 3      60 240
13  80  43  62   4   3   0 0.00    M    M  8.5 24 300   M    M   1        33 250
14  75  45  60   2   5   0 0.00    M    M  6.6 24 290   M    M   0        32 300
15  74  47  61   2   4   0    T    M    M  5.7 20 330   M    M   4        27 340
16  85  43  64   5   1   0 0.02    M    M 11.8 36 350   M    M   1 3      50 350
17  84  62  73  13   0   8 0.00    M    M 10.0 21 110   M    M   1 3      29 110
18  87  55  71  11   0   6 0.00    M    M  7.1 18 230   M    M   1        28 240
19  92  50  71  10   0   6 0.00    M    M 18.5 38 350   M    M   0        54 340
20  61  45  53  -8  12   0 0.00    M    M 15.6 28 300   M    M   8        35 290
21  59  33  46 -15  19   0 0.00    M    M  9.8 22 320   M    M   5        27 320
22  68  29  49 -13  16   0 0.00    M    M  5.6 16 190   M    M   3        22 180
================================================================================
SM 1602 1004       165  43  1.91    M    233.3          M       80
================================================================================
AV 72.8 45.6                              10.6 FASTST   M    M   4    MAX(MPH)
                                 MISC ---->    43 300                 60 240
================================================================================
NOTES:
# LAST OF SEVERAL OCCURRENCES

COLUMN 17 PEAK WIND IN M.P.H.

PRELIMINARY LOCAL CLIMATOLOGICAL DATA (WS FORM: F-6) , PAGE 2

                                          STATION:   BROKEN BOW
                                          MONTH:     MAY
                                          YEAR:      2022
                                          LATITUDE:   41 26 N
                                          LONGITUDE:  99 39 W

[TEMPERATURE DATA]      [PRECIPITATION DATA]       SYMBOLS USED IN COLUMN 16

AVERAGE MONTHLY: 59.2   TOTAL FOR MONTH:   1.91    1 = FOG OR MIST
DPTR FM NORMAL:   1.8   DPTR FM NORMAL:   -0.72    2 = FOG REDUCING VISIBILITY
HIGHEST:    92 ON 19,11  GRTST 24HR  0.85 ON  2- 2      TO 1/4 MILE OR LESS
LOWEST:     29 ON 22                               3 = THUNDER
                        SNOW, ICE PELLETS, HAIL    4 = ICE PELLETS
                        TOTAL MONTH:  M            5 = HAIL
                        GRTST 24HR    M  ON   M    6 = FREEZING RAIN OR DRIZZLE
                        GRTST DEPTH:  M  ON   M    7 = DUSTSTORM OR SANDSTORM:
                                                       VSBY 1/2 MILE OR LESS
                                                   8 = SMOKE OR HAZE
[NO. OF DAYS WITH]      [WEATHER - DAYS WITH]      9 = BLOWING SNOW
                                                   X = TORNADO
MAX 32 OR BELOW:   0    0.01 INCH OR MORE:   6
MAX 90 OR ABOVE:   3    0.10 INCH OR MORE:   4
MIN 32 OR BELOW:   1    0.50 INCH OR MORE:   2
MIN  0 OR BELOW:   0    1.00 INCH OR MORE:   0

[HDD (BASE 65) ]
TOTAL THIS MO.   165    CLEAR  (SCALE 0-3)  11
DPTR FM NORMAL   -22    PTCLDY (SCALE 4-7)   8
TOTAL FM JUL 1  5786    CLOUDY (SCALE 8-10)  3
DPTR FM NORMAL  -427

[CDD (BASE 65) ]
TOTAL THIS MO.    43
DPTR FM NORMAL    23    [PRESSURE DATA]
TOTAL FM JAN 1    56    HIGHEST SLP M ON M
DPTR FM NORMAL    32    LOWEST  SLP 29.12 ON  9

[REMARKS]
