000
CDUS43 KMPX 150831
CLIMPX


CLIMATE REPORT
NATIONAL WEATHER SERVICE CHANHASSEN MN
320 AM CDT SUN APR 15 2018


...................................

...THE CHANHASSEN MN CLIMATE SUMMARY FOR APRIL 14 2018...

CLIMATE NORMAL PERIOD 1981 TO 2010
CLIMATE RECORD PERIOD 1995 TO 2018


WEATHER ITEM   OBSERVED TIME   RECORD YEAR NORMAL DEPARTURE LAST
                VALUE   (LST)  VALUE       VALUE  FROM      YEAR
                                                  NORMAL
..................................................................
TEMPERATURE (F)
 YESTERDAY
  MAXIMUM         29        MM  MM      MM  57    -28       66
  MINIMUM         20        MM  MM      MM  35    -15       47
  AVERAGE         25                        46    -21       57

PRECIPITATION (IN)
  YESTERDAY        1.00         MM      MM   0.10   0.90     0.13
  MONTH TO DATE    2.24                      1.35   0.89     0.91
  SINCE MAR 1      3.53                      3.13   0.40     1.65
  SINCE JAN 1      6.23                      4.94   1.29     3.25

SNOWFALL (IN)
  YESTERDAY       10.9          MM      MM   0.1   10.8      0.0
  MONTH TO DATE   24.3                       2.3   22.0      0.6
  SINCE MAR 1     34.9                      13.1   21.8      6.1
  SINCE JUL 1     76.4                      52.8   23.6     38.5
  SNOW DEPTH       2

DEGREE DAYS
 HEATING
  YESTERDAY       40                        19     21        8
  MONTH TO DATE  549                       315    234      234
  SINCE MAR 1   1630                      1361    269     1248
  SINCE JUL 1   7734                      7376    358     6317

 COOLING
  YESTERDAY        0                         0      0        0
  MONTH TO DATE    0                         0      0        0
  SINCE MAR 1      0                         0      0        0
  SINCE JAN 1      0                         0      0        0
..................................................................


WIND (MPH)
  HIGHEST WIND SPEED    MM   HIGHEST WIND DIRECTION    MM
  HIGHEST GUST SPEED    MM   HIGHEST GUST DIRECTION    MM
  AVERAGE WIND SPEED    MM


SKY COVER
  POSSIBLE SUNSHINE  MM
  AVERAGE SKY COVER  MM


WEATHER CONDITIONS
 THE FOLLOWING WEATHER WAS RECORDED YESTERDAY.
  NO SIGNIFICANT WEATHER WAS OBSERVED.


RELATIVE HUMIDITY (PERCENT)
 HIGHEST    MM
 LOWEST     MM
 AVERAGE    MM

..........................................................


THE CHANHASSEN MN CLIMATE NORMALS FOR TODAY
                         NORMAL    RECORD    YEAR
 MAXIMUM TEMPERATURE (F)   57        MM        MM
 MINIMUM TEMPERATURE (F)   36        MM        MM


SUNRISE AND SUNSET
APRIL 15 2018.........SUNRISE   630 AM CDT   SUNSET   800 PM CDT
APRIL 16 2018.........SUNRISE   628 AM CDT   SUNSET   801 PM CDT


-  INDICATES NEGATIVE NUMBERS.
R  INDICATES RECORD WAS SET OR TIED.
MM INDICATES DATA IS MISSING.
T  INDICATES TRACE AMOUNT.




$$
