000
CDUS41 KOKX 122036
CLIBDR


CLIMATE REPORT
NATIONAL WEATHER SERVICE NEW YORK NY
436 PM EDT SAT MAY 12 2018


...................................

...THE BRIDGEPORT CT CLIMATE SUMMARY FOR MAY 12 2018...
VALID TODAY AS OF 0400 PM LOCAL TIME.

CLIMATE NORMAL PERIOD 1981 TO 2010
CLIMATE RECORD PERIOD 1948 TO 2018


WEATHER ITEM   OBSERVED TIME   RECORD YEAR NORMAL DEPARTURE LAST
                VALUE   (LST)  VALUE       VALUE  FROM      YEAR
                                                  NORMAL
..................................................................
TEMPERATURE (F)
 TODAY
  MAXIMUM         60   1242 AM  88    1991  66     -6       61
  MINIMUM         53   1107 AM  40    1990  49      4       49
  AVERAGE         57                        58     -1       55

PRECIPITATION (IN)
  TODAY            0.05          2.97 2006   0.12  -0.07     0.00
  MONTH TO DATE    0.51                      1.38  -0.87     1.43
  SINCE MAR 1      9.31                      9.56  -0.25    10.59
  SINCE JAN 1     18.24                     15.45   2.79    15.78

SNOWFALL (IN)
  TODAY            0.0           0.0  2002   0.0    0.0      0.0
                                      2001
  MONTH TO DATE    0.0                       0.0    0.0      0.0
  SINCE OCT 1     45.9                      27.6   18.3     40.9
  SINCE JUL 1     45.9                      27.6   18.3     40.9
  SNOW DEPTH       0

DEGREE DAYS
 HEATING
  TODAY            8                         8      0       10
  MONTH TO DATE   48                       110    -62      119
  SINCE MAR 1   1402                      1378     24     1298
  SINCE JUL 1   5001                      5265   -264     4465

 COOLING
  TODAY            0                         0      0        0
  MONTH TO DATE   11                         0     11        3
  SINCE MAR 1     11                         2      9       11
  SINCE JAN 1     11                         2      9       11
..................................................................


WIND (MPH)
  HIGHEST WIND SPEED    14   HIGHEST WIND DIRECTION     E (70)
  HIGHEST GUST SPEED    16   HIGHEST GUST DIRECTION     E (80)
  AVERAGE WIND SPEED     8.7


SKY COVER
  AVERAGE SKY COVER 1.0


WEATHER CONDITIONS
 THE FOLLOWING WEATHER WAS RECORDED TODAY.
  RAIN
  LIGHT RAIN
  FOG


RELATIVE HUMIDITY (PERCENT)
 HIGHEST    89          1100 AM
 LOWEST     36           200 AM
 AVERAGE    63

..........................................................


THE BRIDGEPORT CT CLIMATE NORMALS FOR TOMORROW
                         NORMAL    RECORD    YEAR
 MAXIMUM TEMPERATURE (F)   67        88      1956
 MINIMUM TEMPERATURE (F)   50        38      1967
                                             1963


SUNRISE AND SUNSET
MAY 12 2018...........SUNRISE   537 AM EDT   SUNSET   801 PM EDT
MAY 13 2018...........SUNRISE   536 AM EDT   SUNSET   802 PM EDT


-  INDICATES NEGATIVE NUMBERS.
R  INDICATES RECORD WAS SET OR TIED.
MM INDICATES DATA IS MISSING.
T  INDICATES TRACE AMOUNT.




$$
