000
CDUS41 KOKX 150618
CLIEWR


CLIMATE REPORT
NATIONAL WEATHER SERVICE NEW YORK NY
217 AM EDT SUN APR 15 2018


...................................

...THE NEWARK NJ CLIMATE SUMMARY FOR APRIL 14 2018...

CLIMATE NORMAL PERIOD 1981 TO 2010
CLIMATE RECORD PERIOD 1929 TO 2018


WEATHER ITEM   OBSERVED TIME   RECORD YEAR NORMAL DEPARTURE LAST
                VALUE   (LST)  VALUE       VALUE  FROM      YEAR
                                                  NORMAL
..................................................................
TEMPERATURE (F)
 YESTERDAY
  MAXIMUM         81   1112 AM  88    1941  62     19       64
  MINIMUM         44   1159 PM  26    1950  43      1       44
  AVERAGE         63                        52     11       54

PRECIPITATION (IN)
  YESTERDAY        T             0.90 1979   0.14  -0.14     0.00
  MONTH TO DATE    0.92                      2.06  -1.14     2.07
  SINCE MAR 1      5.40                      6.24  -0.84     7.14
  SINCE JAN 1     13.20                     12.66   0.54    13.88

SNOWFALL (IN)
  YESTERDAY        0.0           0.7  1950   0.0    0.0      0.0
  MONTH TO DATE    5.0                       0.6    4.4      0.0
  SINCE OCT 1     39.4                      28.2   11.2     30.0
  SINCE JUL 1     39.4                      28.2   11.2     30.0
  SNOW DEPTH       0

DEGREE DAYS
 HEATING
  YESTERDAY        2                        13    -11       11
  MONTH TO DATE  249                       213     36      155
  SINCE MAR 1   1007                       922     85      927
  SINCE JUL 1   4332                      4557   -225     3936

 COOLING
  YESTERDAY        0                         0      0        0
  MONTH TO DATE    6                         0      6        9
  SINCE MAR 1      6                         1      5        9
  SINCE JAN 1      9                         1      8        9
..................................................................


WIND (MPH)
  HIGHEST WIND SPEED    20   HIGHEST WIND DIRECTION     E (70)
  HIGHEST GUST SPEED    27   HIGHEST GUST DIRECTION     E (70)
  AVERAGE WIND SPEED    11.9


SKY COVER
  AVERAGE SKY COVER 0.5


WEATHER CONDITIONS
 THE FOLLOWING WEATHER WAS RECORDED YESTERDAY.
  LIGHT RAIN
  FOG
  HAZE


RELATIVE HUMIDITY (PERCENT)
 HIGHEST    74          1000 PM
 LOWEST     39          1100 AM
 AVERAGE    57

..........................................................


THE NEWARK NJ CLIMATE NORMALS FOR TODAY
                         NORMAL    RECORD    YEAR
 MAXIMUM TEMPERATURE (F)   62        88      1960
 MINIMUM TEMPERATURE (F)   44        25      1943


SUNRISE AND SUNSET
APRIL 15 2018.........SUNRISE   618 AM EDT   SUNSET   736 PM EDT
APRIL 16 2018.........SUNRISE   616 AM EDT   SUNSET   737 PM EDT


-  INDICATES NEGATIVE NUMBERS.
R  INDICATES RECORD WAS SET OR TIED.
MM INDICATES DATA IS MISSING.
T  INDICATES TRACE AMOUNT.




$$
