000
CXUS54 KMAF 011210
CF6HOB
PRELIMINARY LOCAL CLIMATOLOGICAL DATA (WS FORM: F-6)
STATION: LEA AIRPORT, HOBBS
MONTH: FEBRUARY
YEAR: 2024
LATITUDE: 32 40 N
LONGITUDE: 103-12 E
TEMPERATURE IN F: :PCPN: SNOW: WIND :SUNSHINE: SKY :PK WND
================================================================================
1 2 3 4 5 6A 6B 7 8 9 10 11 12 13 14 15 16 17 18
12Z AVG MX 2MIN
DY MAX MIN AVG DEP HDD CDD WTR SNW DPTH SPD SPD DIR MIN PSBL S-S WX SPD DR
================================================================================
1 73 37 55 M 10 0 0.00 M M 9.1 15 240 M M 0 23 250
2 70 43 57 M 8 0 0.00 M M 15.4 29 240 M M 3 17 44 260
3 61 37 49 M 16 0 0.00 M M 24.2 37 280 M M 1 7 44 250
4 61 37 49 M 16 0 0.00 M M 21.3 32 310 M M 0 44 310
5 59 32 46 M 19 0 0.00 M M 8.1 14 350 M M 2 22 360
6 63 36 50 M 15 0 0.00 M M 11.1 20 150 M M 0 24 170
7 63 41 52 M 13 0 0.00 M M 13.4 35 260 M M 3 46 270
8 61 37 49 M 16 0 0.00 M M 15.8 26 280 M M 0 35 280
9 55 39 47 M 18 0 0.00 M M 9.5 17 260 M M 1 24 260
10 63 36 50 M 15 0 0.00 M M 10.7 22 220 M M 2 32 210
11 43 28 36 M 29 0 0.00 M M 12.8 28 350 M M 8 32 20
12 55 23 39 M 26 0 0.00 M M 8.6 16 280 M M 0 24 300
13 64 27 46 M 19 0 0.00 M M 6.0 14 190 M M 0 17 200
14 70 36 53 M 12 0 0.00 M M 12.0 24 240 M M 0 31 240
15 70 34 52 M 13 0 0.00 M M 11.1 16 180 M M 0 23 170
16 59 34 47 M 18 0 0.00 M M 13.8 23 330 M M 2 30 330
17 34 25 30 M 35 0 0.00 M M 10.4 18 60 M M 8 23 60
18 52 19 36 M 29 0 0.00 M M 9.1 17 160 M M 0 20 180
19 72 30 51 M 14 0 0.00 M M 9.3 20 290 M M 0 28 290
20 79 41 60 M 5 0 0.00 M M 9.3 15 240 M M 0 22 220
21 84 37 61 M 4 0 0.00 M M 14.8 29 250 M M 1 36 240
22 70 41 56 M 9 0 0.00 M M 12.4 25 300 M M 2 31 300
23 64 34 49 M 16 0 0.00 M M 7.2 12 10 M M 2 16 220
24 73 34 54 M 11 0 0.00 M M 7.6 16 190 M M 0 21 180
25 81 43 62 M 3 0 0.00 M M 11.5 21 290 M M 0 29 260
26 82 48 65 M 0 0 0.00 M M 13.3 28 250 M M 1 38 220
27 72 52 62 M 3 0 0.00 M M 19.3 35 240 M M 1 47 240
28 61 36 49 M 16 0 0.00 M M 13.4 29 20 M M 5 8 38 20
29 54 34 44 M 21 0 0.00 M M 9.0 14 180 M M 7 1 22 150
================================================================================
SM 1868 1031 429 0 0.00 M 349.5 M 49
================================================================================
AV 64.4 35.6 12.1 FASTST M M 2 MAX(MPH)
MISC ----> 37 280 47 240
================================================================================
NOTES:
# LAST OF SEVERAL OCCURRENCES
COLUMN 17 PEAK WIND IN M.P.H.
PRELIMINARY LOCAL CLIMATOLOGICAL DATA (WS FORM: F-6) , PAGE 2
STATION: LEA AIRPORT, HOBBS
MONTH: FEBRUARY
YEAR: 2024
LATITUDE: 32 40 N
LONGITUDE: 103-12 E
[TEMPERATURE DATA] [PRECIPITATION DATA] SYMBOLS USED IN COLUMN 16
AVERAGE MONTHLY: 50.0 TOTAL FOR MONTH: 0.00 1 = FOG OR MIST
DPTR FM NORMAL: 0.0 DPTR FM NORMAL: -0.42 2 = FOG REDUCING VISIBILITY
HIGHEST: 84 ON 21 GRTST 24HR 0.00 ON 1- 1 TO 1/4 MILE OR LESS
LOWEST: 19 ON 18 3 = THUNDER
SNOW, ICE PELLETS, HAIL 4 = ICE PELLETS
TOTAL MONTH: M 5 = HAIL
GRTST 24HR M ON M 6 = FREEZING RAIN OR DRIZZLE
GRTST DEPTH: M ON M 7 = DUSTSTORM OR SANDSTORM:
VSBY 1/2 MILE OR LESS
8 = SMOKE OR HAZE
[NO. OF DAYS WITH] [WEATHER - DAYS WITH] 9 = BLOWING SNOW
X = TORNADO
MAX 32 OR BELOW: 0 0.01 INCH OR MORE: 0
MAX 90 OR ABOVE: 0 0.10 INCH OR MORE: 0
MIN 32 OR BELOW: 7 0.50 INCH OR MORE: 0
MIN 0 OR BELOW: 0 1.00 INCH OR MORE: 0
[HDD (BASE 65) ]
TOTAL THIS MO. 429 CLEAR (SCALE 0-3) 24
DPTR FM NORMAL M PTCLDY (SCALE 4-7) 4
TOTAL FM JUL 1 2299 CLOUDY (SCALE 8-10) 1
DPTR FM NORMAL M
[CDD (BASE 65) ]
TOTAL THIS MO. 0
DPTR FM NORMAL M [PRESSURE DATA]
TOTAL FM JAN 1 0 HIGHEST SLP M ON M
DPTR FM NORMAL M LOWEST SLP M ON M
[REMARKS]
#FINAL-02-24#