000
CDUS43 KSGF 132226
CLISGF


CLIMATE REPORT
NATIONAL WEATHER SERVICE SPRINGFIELD MO
526 PM CDT FRI APR 13 2018


...................................

...THE SPRINGFIELD MO CLIMATE SUMMARY FOR APRIL 13 2018...
VALID TODAY AS OF 0500 PM LOCAL TIME.

CLIMATE NORMAL PERIOD 1981 TO 2010
CLIMATE RECORD PERIOD 1888 TO 2018


WEATHER ITEM   OBSERVED TIME   RECORD YEAR NORMAL DEPARTURE LAST
                VALUE   (LST)  VALUE       VALUE  FROM      YEAR
                                                  NORMAL
..................................................................
TEMPERATURE (F)
 TODAY
  MAXIMUM         78    149 PM  89    1972  67     11       80
  MINIMUM         65    758 AM  18    1957  43     22       56
  AVERAGE         72                        55     17       68

PRECIPITATION (IN)
  TODAY            0.08          1.81 1987   0.13  -0.05     0.00
  MONTH TO DATE    0.52                      1.67  -1.15     1.03
  SINCE MAR 1      4.13                      5.29  -1.16     5.82
  SINCE JAN 1     13.66                     10.28   3.38    10.28

SNOWFALL (IN)
  TODAY            0.0
  MONTH TO DATE    0.7
  SINCE MAR 1      0.7
  SINCE JUL 1      6.1
  SNOW DEPTH       0

DEGREE DAYS
 HEATING
  TODAY            0                        11    -11        0
  MONTH TO DATE  237                       162     75       90
  SINCE MAR 1    773                       743     30      506
  SINCE JUL 1   4062                      4336   -274     3195

 COOLING
  TODAY            7                         1      6        3
  MONTH TO DATE   13                         6      7        9
  SINCE MAR 1     13                         9      4       15
  SINCE JAN 1     14                         9      5       24
..................................................................


WIND (MPH)
  HIGHEST WIND SPEED    32   HIGHEST WIND DIRECTION     S (190)
  HIGHEST GUST SPEED    41   HIGHEST GUST DIRECTION     S (180)


SKY COVER
  AVERAGE SKY COVER 0.2


WEATHER CONDITIONS
 THE FOLLOWING WEATHER WAS RECORDED TODAY.
  THUNDERSTORM
  LIGHT RAIN
  FOG


RELATIVE HUMIDITY (PERCENT)
 HIGHEST    68          1100 AM
 LOWEST     61          1200 AM
 AVERAGE    65

..........................................................


THE SPRINGFIELD MO CLIMATE NORMALS FOR TOMORROW
                         NORMAL    RECORD    YEAR
 MAXIMUM TEMPERATURE (F)   67        88      1936
 MINIMUM TEMPERATURE (F)   44        26      1950
                                             1928


SUNRISE AND SUNSET
APRIL 13 2018.........SUNRISE   642 AM CDT   SUNSET   747 PM CDT
APRIL 14 2018.........SUNRISE   640 AM CDT   SUNSET   748 PM CDT


-  INDICATES NEGATIVE NUMBERS.
R  INDICATES RECORD WAS SET OR TIED.
MM INDICATES DATA IS MISSING.
T  INDICATES TRACE AMOUNT.




$$
