000
CDUS43 KTOP 182140
CLICNK


CLIMATE REPORT
NATIONAL WEATHER SERVICE TOPEKA KS
439 PM CDT FRI MAY 18 2018


...................................

...THE CONCORDIA KS CLIMATE SUMMARY FOR MAY 18 2018...
VALID TODAY AS OF 0400 PM LOCAL TIME.

CLIMATE NORMAL PERIOD 1981 TO 2010
CLIMATE RECORD PERIOD 1885 TO 2018


WEATHER ITEM   OBSERVED TIME   RECORD YEAR NORMAL DEPARTURE LAST
                VALUE   (LST)  VALUE       VALUE  FROM      YEAR
                                                  NORMAL
..................................................................
TEMPERATURE (F)
 TODAY
  MAXIMUM         79    236 PM  94    1988  75      4       66
                                      1967
  MINIMUM         59    552 AM  38    1915  53      6       50
  AVERAGE         69                        64      5       58

PRECIPITATION (IN)
  TODAY            0.08          1.69 1981   0.14  -0.06     0.76
  MONTH TO DATE    3.07                      2.29   0.78     4.41
  SINCE MAR 1      4.64                      6.75  -2.11    12.94
  SINCE JAN 1      5.63                      8.12  -2.49    14.79

SNOWFALL (IN)
  TODAY            0.0           T    1949   0.0    0.0      0.0
  MONTH TO DATE    0.0                       0.0    0.0      T
  SINCE JAN 1      9.8                      13.7   -3.9      2.1
  SINCE JUL 1     11.6                      20.2   -8.6      4.3
  SNOW DEPTH       0

DEGREE DAYS
 HEATING
  TODAY            0                         4     -4        7
  MONTH TO DATE    1                        99    -98       81
  SINCE MAR 1   1214                      1156     58      998
  SINCE JUL 1   5299                      5363    -64     4499

 COOLING
  TODAY            4                         2      2        0
  MONTH TO DATE   80                        26     54       50
  SINCE MAR 1     89                        43     46       69
  SINCE JAN 1     89                        43     46       69
..................................................................


WIND (MPH)
  HIGHEST WIND SPEED    22   HIGHEST WIND DIRECTION    SE (120)
  HIGHEST GUST SPEED    32   HIGHEST GUST DIRECTION    SE (120)
  AVERAGE WIND SPEED    11.2



WEATHER CONDITIONS
 THE FOLLOWING WEATHER WAS RECORDED TODAY.
  LIGHT RAIN


RELATIVE HUMIDITY (PERCENT)
 HIGHEST    84           500 AM
 LOWEST     48           300 PM
 AVERAGE    66

..........................................................


THE CONCORDIA KS CLIMATE NORMALS FOR TOMORROW
                         NORMAL    RECORD    YEAR
 MAXIMUM TEMPERATURE (F)   75        99      1933
 MINIMUM TEMPERATURE (F)   53        34      1894


SUNRISE AND SUNSET
MAY 18 2018...........SUNRISE   614 AM CDT   SUNSET   841 PM CDT
MAY 19 2018...........SUNRISE   613 AM CDT   SUNSET   842 PM CDT


-  INDICATES NEGATIVE NUMBERS.
R  INDICATES RECORD WAS SET OR TIED.
MM INDICATES DATA IS MISSING.
T  INDICATES TRACE AMOUNT.




$$
