000
CXUS52 KGSP 010817
CF6CLT
PRELIMINARY LOCAL CLIMATOLOGICAL DATA (WS FORM: F-6)
STATION: CHARLOTTE NC
MONTH: SEPTEMBER
YEAR: 2023
LATITUDE: 35 12 N
LONGITUDE: 80 57 W
TEMPERATURE IN F: :PCPN: SNOW: WIND :SUNSHINE: SKY :PK WND
================================================================================
1 2 3 4 5 6A 6B 7 8 9 10 11 12 13 14 15 16 17 18
12Z AVG MX 2MIN
DY MAX MIN AVG DEP HDD CDD WTR SNW DPTH SPD SPD DIR MIN PSBL S-S WX SPD DR
================================================================================
1 83 61 72 -4 0 7 0.00 0.0 0 4.4 12 80 M M 2 16 90
2 85 60 73 -3 0 8 0.00 0.0 0 2.1 9 290 M M 4 13 280
3 91 61 76 0 0 11 0.00 0.0 0 3.3 8 260 M M 1 1 13 270
4 92 67 80 4 0 15 0.00 0.0 0 3.8 9 260 M M 1 13 270
5 94 70 82 6 0 17 0.00 0.0 0 2.6 9 250 M M 3 14 280
6 96 73 85 10 0 20 0.00 0.0 0 3.9 10 220 M M 3 3 14 200
7 93 68 81 6 0 16 0.06 0.0 0 4.3 22 180 M M 6 3 27 180
8 85 67 76 1 0 11 T 0.0 0 4.1 10 160 M M 7 16 250
9 82 69 76 1 0 11 0.41 0.0 0 5.3 15 70 M M 7 138 19 90
10 84 69 77 3 0 12 0.01 0.0 0 2.7 21 330 M M 8 1 30 330
11 88 65 77 3 0 12 T 0.0 0 2.2 8 110 M M 3 11 270
12 89 71 80 6 0 15 0.17 0.0 0 4.1 18 160 M M 7 13 24 180
13 84 68 76 2 0 11 T 0.0 0 3.6 13 70 M M 6 1 16 40
14 83 67 75 2 0 10 0.00 0.0 0 8.9 15 70 M M 6 20 60
15 80 63 72 -1 0 7 0.00 0.0 0 5.8 14 60 M M 3 18 70
16 84 60 72 -1 0 7 0.00 0.0 0 5.8 12 260 M M 4 16 260
17 71 59 65 -7 0 0 0.23 0.0 0 4.0 16 170 M M 9 1 19 180
18 81 60 71 -1 0 6 T 0.0 0 5.8 15 320 M M 3 1 18 320
19 82 56 69 -3 0 4 0.00 0.0 0 2.5 9 270 M M 3 12 250
20 82 63 73 1 0 8 0.00 0.0 0 1.4 9 250 M M 8 8 13 270
21 82 61 72 1 0 7 0.00 0.0 0 5.7 15 60 M M 6 18 18 70
22 78 61 70 -1 0 5 0.00 0.0 0 12.3 20 20 M M 6 1 30 30
23 74 61 68 -2 0 3 T 0.0 0 9.6 22 330 M M 8 1 32 320
24 82 58 70 0 0 5 0.00 0.0 0 2.5 12 290 M M 4 15 300
25 84 63 74 4 0 9 0.00 0.0 0 4.5 13 80 M M 7 16 80
26 78 64 71 1 0 6 0.00 0.0 0 9.3 16 70 M M 7 21 70
27 69 62 66 -3 0 1 T 0.0 0 10.3 17 70 M M 10 1 22 60
28 77 58 68 -1 0 3 T 0.0 0 7.5 13 30 M M 7 18 17 360
29 84 59 72 4 0 7 0.00 0.0 0 5.1 12 30 M M 4 16 40
30 85 60 73 5 0 8 0.00 0.0 0 4.5 13 100 M M 3 8 17 80
================================================================================
SM 2502 1904 0 262 0.88 0.0 151.9 M 156
================================================================================
AV 83.4 63.5 5.1 FASTST M M 5 MAX(MPH)
MISC ----> # 22 180 32 320
================================================================================
NOTES:
# LAST OF SEVERAL OCCURRENCES
COLUMN 17 PEAK WIND IN M.P.H.
PRELIMINARY LOCAL CLIMATOLOGICAL DATA (WS FORM: F-6) , PAGE 2
STATION: CHARLOTTE NC
MONTH: SEPTEMBER
YEAR: 2023
LATITUDE: 35 12 N
LONGITUDE: 80 57 W
[TEMPERATURE DATA] [PRECIPITATION DATA] SYMBOLS USED IN COLUMN 16
AVERAGE MONTHLY: 73.4 TOTAL FOR MONTH: 0.88 1 = FOG OR MIST
DPTR FM NORMAL: 0.7 DPTR FM NORMAL: -2.83 2 = FOG REDUCING VISIBILITY
HIGHEST: 96 ON 6 GRTST 24HR 0.41 ON 9- 9 TO 1/4 MILE OR LESS
LOWEST: 56 ON 19 3 = THUNDER
SNOW, ICE PELLETS, HAIL 4 = ICE PELLETS
TOTAL MONTH: 0.0 INCH 5 = HAIL
GRTST 24HR 0.0 6 = FREEZING RAIN OR DRIZZLE
GRTST DEPTH: 0 7 = DUSTSTORM OR SANDSTORM:
VSBY 1/2 MILE OR LESS
8 = SMOKE OR HAZE
[NO. OF DAYS WITH] [WEATHER - DAYS WITH] 9 = BLOWING SNOW
X = TORNADO
MAX 32 OR BELOW: 0 0.01 INCH OR MORE: 5
MAX 90 OR ABOVE: 5 0.10 INCH OR MORE: 3
MIN 32 OR BELOW: 0 0.50 INCH OR MORE: 0
MIN 0 OR BELOW: 0 1.00 INCH OR MORE: 0
[HDD (BASE 65) ]
TOTAL THIS MO. 0 CLEAR (SCALE 0-3) 9
DPTR FM NORMAL -13 PTCLDY (SCALE 4-7) 18
TOTAL FM JUL 1 0 CLOUDY (SCALE 8-10) 3
DPTR FM NORMAL -11
[CDD (BASE 65) ]
TOTAL THIS MO. 262
DPTR FM NORMAL 18 [PRESSURE DATA]
TOTAL FM JAN 1 1760 HIGHEST SLP 30.31 ON 2
DPTR FM NORMAL 53 LOWEST SLP 29.79 ON 7
[REMARKS]
#FINAL-09-23#