000
CXUS52 KGSP 010817
CF6CLT
PRELIMINARY LOCAL CLIMATOLOGICAL DATA (WS FORM: F-6)
STATION: CHARLOTTE NC
MONTH: AUGUST
YEAR: 2023
LATITUDE: 35 12 N
LONGITUDE: 80 57 W
TEMPERATURE IN F: :PCPN: SNOW: WIND :SUNSHINE: SKY :PK WND
================================================================================
1 2 3 4 5 6A 6B 7 8 9 10 11 12 13 14 15 16 17 18
12Z AVG MX 2MIN
DY MAX MIN AVG DEP HDD CDD WTR SNW DPTH SPD SPD DIR MIN PSBL S-S WX SPD DR
================================================================================
1 88 69 79 -1 0 14 0.00 0.0 0 7.0 15 60 M M 4 18 80
2 87 69 78 -2 0 13 0.02 0.0 0 6.1 14 80 M M 5 19 90
3 75 70 73 -7 0 8 0.53 0.0 0 8.0 16 170 M M 10 1 22 170
4 87 70 79 -1 0 14 0.01 0.0 0 4.6 10 220 M M 9 1 13 220
5 93 70 82 2 0 17 0.00 0.0 0 2.7 12 190 M M 4 18 15 190
6 94 71 83 3 0 18 0.51 0.0 0 6.6 32 270 M M 5 1238 53 280
7 92 71 82 2 0 17 0.46 0.0 0 8.1 32 350 M M 8 13 47 330
8 87 70 79 -1 0 14 T 0.0 0 6.6 15 240 M M 8 22 230
9 88 68 78 -1 0 13 0.00 0.0 0 4.7 9 270 M M 5 13 330
10 86 71 79 0 0 14 0.73 0.0 0 5.2 15 220 M M 7 13 22 270
11 87 69 78 -1 0 13 0.00 0.0 0 3.7 14 200 M M 5 16 210
12 93 72 83 4 0 18 0.00 0.0 0 3.4 22 260 M M 7 1 29 250
13 93 70 82 3 0 17 0.00 0.0 0 3.6 9 260 M M 4 11 250
14 96 75 86 7 0 21 0.00 0.0 0 5.4 12 270 M M 4 17 250
15 95 76 86 7 0 21 0.18 0.0 0 7.1 32 250 M M 6 3 45 260
16 89 68 79 0 0 14 0.00 0.0 0 4.5 9 20 M M 6 13 230
17 90 70 80 1 0 15 0.00 0.0 0 4.7 12 280 M M 5 15 270
18 90 69 80 1 0 15 0.00 0.0 0 4.8 15 300 M M 2 18 320
19 88 66 77 -1 0 12 0.00 0.0 0 6.4 15 50 M M 2 20 60
20 92 66 79 1 0 14 0.00 0.0 0 4.3 9 290 M M 2 14 270
21 94 71 83 5 0 18 0.00 0.0 0 3.8 10 330 M M 5 1 13 310
22 94 74 84 6 0 19 0.00 0.0 0 6.0 14 40 M M 7 8 18 40
23 89 71 80 2 0 15 0.00 0.0 0 7.7 18 60 M M 3 24 50
24 95 69 82 4 0 17 0.11 0.0 0 6.4 28 70 M M 5 38 36 70
25 95 71 83 5 0 18 0.00 0.0 0 2.8 13 10 M M 6 15 10
26 97 72 85 7 0 20 0.60 0.0 0 5.5 29 330 M M 5 138 40 330
27 94 72 83 6 0 18 0.43 0.0 0 3.9 13 40 M M 6 13 16 40
28 86 73 80 3 0 15 1.30 0.0 0 4.0 15 180 M M 8 13 18 170
29 89 71 80 3 0 15 1.18 0.0 0 4.8 15 260 M M 8 1238 20 240
30 80 72 76 -1 0 11 0.31 0.0 0 6.2 17 360 M M 9 1 26 40
31 83 69 76 -1 0 11 T 0.0 0 9.0 21 350 M M 4 31 320
================================================================================
SM 2786 2185 0 479 6.37 0.0 167.6 M 174
================================================================================
AV 89.9 70.5 5.4 FASTST M M 6 MAX(MPH)
MISC ----> # 32 270 53 280
================================================================================
NOTES:
# LAST OF SEVERAL OCCURRENCES
COLUMN 17 PEAK WIND IN M.P.H.
PRELIMINARY LOCAL CLIMATOLOGICAL DATA (WS FORM: F-6) , PAGE 2
STATION: CHARLOTTE NC
MONTH: AUGUST
YEAR: 2023
LATITUDE: 35 12 N
LONGITUDE: 80 57 W
[TEMPERATURE DATA] [PRECIPITATION DATA] SYMBOLS USED IN COLUMN 16
AVERAGE MONTHLY: 80.2 TOTAL FOR MONTH: 6.37 1 = FOG OR MIST
DPTR FM NORMAL: 1.6 DPTR FM NORMAL: 2.02 2 = FOG REDUCING VISIBILITY
HIGHEST: 97 ON 26 GRTST 24HR 1.67 ON 27-28 TO 1/4 MILE OR LESS
LOWEST: 66 ON 20,19 3 = THUNDER
SNOW, ICE PELLETS, HAIL 4 = ICE PELLETS
TOTAL MONTH: 0.0 INCH 5 = HAIL
GRTST 24HR 0.0 6 = FREEZING RAIN OR DRIZZLE
GRTST DEPTH: 0 7 = DUSTSTORM OR SANDSTORM:
VSBY 1/2 MILE OR LESS
8 = SMOKE OR HAZE
[NO. OF DAYS WITH] [WEATHER - DAYS WITH] 9 = BLOWING SNOW
X = TORNADO
MAX 32 OR BELOW: 0 0.01 INCH OR MORE: 13
MAX 90 OR ABOVE: 16 0.10 INCH OR MORE: 11
MIN 32 OR BELOW: 0 0.50 INCH OR MORE: 6
MIN 0 OR BELOW: 0 1.00 INCH OR MORE: 2
[HDD (BASE 65) ]
TOTAL THIS MO. 0 CLEAR (SCALE 0-3) 4
DPTR FM NORMAL 0 PTCLDY (SCALE 4-7) 23
TOTAL FM JUL 1 0 CLOUDY (SCALE 8-10) 4
DPTR FM NORMAL 0
[CDD (BASE 65) ]
TOTAL THIS MO. 479
DPTR FM NORMAL 56 [PRESSURE DATA]
TOTAL FM JAN 1 1498 HIGHEST SLP 30.26 ON 2
DPTR FM NORMAL 35 LOWEST SLP 29.69 ON 30
[REMARKS]
#FINAL-08-23#