000
CXUS51 KBGM 010954
CLSSYR


CLIMATE REPORT
NATIONAL WEATHER SERVICE BINGHAMTON NY
439 AM EST FRI MAR 1 2013

...................................

...THE SYRACUSE NY CLIMATE SUMMARY FOR THE SEASON, FROM
12/1/2012 TO 2/28/2013...

CLIMATE NORMAL PERIOD 1981 TO 2010
CLIMATE RECORD PERIOD 1902 TO 2013

WEATHER         OBSERVED          NORMAL  DEPART  LAST YEAR`S
                 VALUE   DATE(S)  VALUE   FROM    VALUE  DATE(S)
                                          NORMAL
................................................................
TEMPERATURE (F)
RECORD
 HIGH              72   12/06/2001
 LOW              -26   02/18/1979
                        01/26/1966
HIGHEST            70   12/04        34      36       58  12/04
LOWEST             -7   01/24        18     -25       -5  01/15
AVG. MAXIMUM     36.8              34.0     2.8     41.0
AVG. MINIMUM     22.1              18.6     3.5     25.2
MEAN             29.5              26.3     3.2     33.1
DAYS MAX >= 90      0               0.0     0.0        0
DAYS MAX <= 32     31              38.6    -7.6       13
DAYS MIN <= 32     73              78.6    -5.6       72
DAYS MIN <= 0       4               6.7    -2.7        2

PRECIPITATION (INCHES)
RECORD
 MAXIMUM        12.98   1959
 MINIMUM         4.57   1979
TOTALS          11.99              7.79    4.20     7.77
DAILY AVG.       0.13              0.09    0.04     0.09
DAYS >= .01        55              53.7     1.3       52
DAYS >= .10        27              21.6     5.4       20
DAYS >= .50         8               3.6     4.4        3
DAYS >= 1.00        2               0.8     1.2        0
GREATEST
 24 HR. TOTAL    1.96   12/26 TO 12/27

SNOWFALL (INCHES)
RECORDS
 TOTAL          159.7   2011
 24 HR TOTAL     22.0   01/31/1966 TO 01/31/1966
 SNOW DEPTH        48   02/01/1966
                        02/21/1958
                        02/20/1958
TOTALS           80.4              92.0   -11.6     42.8
SINCE 7/1        83.2             101.9   -18.7     43.4
SNOWDEPTH AVG.      4                 5      -1        0
DAYS >= TRACE      62              47.5    14.5       61
DAYS >= 1.0        22              25.4    -3.4       12
GREATEST
 SNOW DEPTH        19   12/30                          9  01/14
                                                          01/15
 24 HR TOTAL     12.5   12/26 TO 12/27

DEGREE_DAYS
HEATING TOTAL    3166              3481    -315     2883
 SINCE 7/1       4371              4831    -460     3832
COOLING TOTAL       0                 0       0        0
 SINCE 1/1          0                 0       0        0

FREEZE DATES
RECORD
 EARLIEST     09/23/1963
 LATEST       05/24/1963
EARLIEST                        10/14
LATEST                          04/29
.....................................................

WIND (MPH)
AVERAGE WIND SPEED              9.2
RESULTANT WIND SPEED/DIRECTION   3/258
HIGHEST WIND SPEED/DIRECTION    40/260    DATE  01/20
HIGHEST GUST SPEED/DIRECTION    58/260    DATE  01/20

SKY COVER
POSSIBLE SUNSHINE (PERCENT)   MM
AVERAGE SKY COVER           0.90

AVERAGE RH (PERCENT)     71


-  INDICATES NEGATIVE NUMBERS.
R  INDICATES RECORD WAS SET OR TIED.
MM INDICATES DATA IS MISSING.
T  INDICATES TRACE AMOUNT.

$$

TAC
