000
CDUS41 KCLE 040537
CLIERI


CLIMATE REPORT
NATIONAL WEATHER SERVICE CLEVELAND OH
1237 AM EST THU FEB 4 2016


...................................

...THE ERIE PA CLIMATE SUMMARY FOR FEBRUARY 3 2016...

CLIMATE NORMAL PERIOD 1981 TO 2010
CLIMATE RECORD PERIOD 1873 TO 2016


WEATHER ITEM   OBSERVED TIME   RECORD YEAR NORMAL DEPARTURE LAST
                VALUE   (LST)  VALUE       VALUE  FROM      YEAR
                                                  NORMAL
..................................................................
TEMPERATURE (F)
 YESTERDAY
  MAXIMUM         64R   242 PM  55    1991  34     30       27
  MINIMUM         39   1131 PM -11    1881  20     19        5
  AVERAGE         52                        27     25       16

PRECIPITATION (IN)
  YESTERDAY        0.46                      0.08   0.38      T
  MONTH TO DATE    0.71                      0.25   0.46     0.64
  SINCE DEC 1      6.98                      6.94   0.04     6.83
  SINCE JAN 1      3.09                      3.20  -0.11     4.38

SNOWFALL (IN)
  YESTERDAY        0.0                       0.7   -0.7       T
  MONTH TO DATE    0.0                       2.3   -2.3     11.2
  SINCE DEC 1     43.3                      59.4  -16.1     54.1
  SINCE JUL 1     43.8                      68.1  -24.3     79.1
  SNOW DEPTH       0

DEGREE DAYS
 HEATING
  YESTERDAY       13                        38    -25       49
  MONTH TO DATE   63                       114    -51      138
  SINCE DEC 1   1826                      2296   -470     2354
  SINCE JUL 1   2717                      3452   -735     3568

 COOLING
  YESTERDAY        0                         0      0        0
  MONTH TO DATE    0                         0      0        0
  SINCE DEC 1      0                         0      0        0
  SINCE JAN 1      0                         0      0        0
..................................................................


WIND (MPH)
  HIGHEST WIND SPEED    35   HIGHEST WIND DIRECTION     S (170)
  HIGHEST GUST SPEED    49   HIGHEST GUST DIRECTION     S (160)
  AVERAGE WIND SPEED    20.8


SKY COVER
  POSSIBLE SUNSHINE  MM
  AVERAGE SKY COVER 0.7


WEATHER CONDITIONS
 THE FOLLOWING WEATHER WAS RECORDED YESTERDAY.
  RAIN
  LIGHT RAIN


RELATIVE HUMIDITY (PERCENT)
 HIGHEST    83           200 AM
 LOWEST     56           200 PM
 AVERAGE    70

..........................................................


THE ERIE PA CLIMATE NORMALS FOR TODAY
                         NORMAL    RECORD    YEAR
 MAXIMUM TEMPERATURE (F)   34        67      1890
 MINIMUM TEMPERATURE (F)   20       -12      1978


SUNRISE AND SUNSET
FEBRUARY  4 2016......SUNRISE   731 AM EST   SUNSET   539 PM EST
FEBRUARY  5 2016......SUNRISE   730 AM EST   SUNSET   540 PM EST


-  INDICATES NEGATIVE NUMBERS.
R  INDICATES RECORD WAS SET OR TIED.
MM INDICATES DATA IS MISSING.
T  INDICATES TRACE AMOUNT.




$$
