660
CDUS41 KCLE 200525
CLIERI


CLIMATE REPORT
NATIONAL WEATHER SERVICE CLEVELAND OH
1225 AM EST MON FEB 20 2017


...................................

...THE ERIE PA CLIMATE SUMMARY FOR FEBRUARY 19 2017...

CLIMATE NORMAL PERIOD 1981 TO 2010
CLIMATE RECORD PERIOD 1873 TO 2017


WEATHER ITEM   OBSERVED TIME   RECORD YEAR NORMAL DEPARTURE LAST
                VALUE   (LST)  VALUE       VALUE  FROM      YEAR
                                                  NORMAL
..................................................................
TEMPERATURE (F)
 YESTERDAY
  MAXIMUM         53   1211 AM  65    1948  36     17       57
  MINIMUM         34   1159 PM -10    2015  21     13       25
  AVERAGE         44                        29     15       41

PRECIPITATION (IN)
  YESTERDAY        0.00                      0.09  -0.09     0.00
  MONTH TO DATE    1.83                      1.58   0.25     2.34
  SINCE DEC 1     10.59                      8.27   2.32     8.61
  SINCE JAN 1      6.71                      4.53   2.18     4.72

SNOWFALL (IN)
  YESTERDAY        0.0                       0.6   -0.6      0.0
  MONTH TO DATE    9.8                      12.8   -3.0     20.5
  SINCE DEC 1     65.4                      69.9   -4.5     63.8
  SINCE JUL 1     67.8                      78.6  -10.8     64.3
  SNOW DEPTH       0

DEGREE DAYS
 HEATING
  YESTERDAY       21                        36    -15       24
  MONTH TO DATE  595                       710   -115      668
  SINCE DEC 1   2566                      2892   -326     2431
  SINCE JUL 1   3346                      4048   -702     3322

 COOLING
  YESTERDAY        0                         0      0        0
  MONTH TO DATE    0                         0      0        0
  SINCE DEC 1      0                         0      0        0
  SINCE JAN 1      0                         0      0        0
..................................................................


WIND (MPH)
  HIGHEST WIND SPEED    16   HIGHEST WIND DIRECTION     W (270)
  HIGHEST GUST SPEED    26   HIGHEST GUST DIRECTION    SW (240)
  AVERAGE WIND SPEED     8.0


SKY COVER
  POSSIBLE SUNSHINE  MM
  AVERAGE SKY COVER 0.0


WEATHER CONDITIONS
 THE FOLLOWING WEATHER WAS RECORDED YESTERDAY.
  NO SIGNIFICANT WEATHER WAS OBSERVED.


RELATIVE HUMIDITY (PERCENT)
 HIGHEST    82          1000 PM
 LOWEST     56           600 PM
 AVERAGE    69

..........................................................


THE ERIE PA CLIMATE NORMALS FOR TODAY
                         NORMAL    RECORD    YEAR
 MAXIMUM TEMPERATURE (F)   36        66      2016
                                             1930
 MINIMUM TEMPERATURE (F)   22       -17      2015


SUNRISE AND SUNSET
FEBRUARY 20 2017......SUNRISE   709 AM EST   SUNSET   600 PM EST
FEBRUARY 21 2017......SUNRISE   708 AM EST   SUNSET   601 PM EST


-  INDICATES NEGATIVE NUMBERS.
R  INDICATES RECORD WAS SET OR TIED.
MM INDICATES DATA IS MISSING.
T  INDICATES TRACE AMOUNT.




$$
