536
CDUS41 KCLE 271236
CLIERI


CLIMATE REPORT
NATIONAL WEATHER SERVICE CLEVELAND OH
833 AM EDT MON MAR 27 2017


...................................

...THE ERIE PA CLIMATE SUMMARY FOR MARCH 26 2017...

CLIMATE NORMAL PERIOD 1981 TO 2010
CLIMATE RECORD PERIOD 1873 TO 2017


WEATHER ITEM   OBSERVED TIME   RECORD YEAR NORMAL DEPARTURE LAST
                VALUE   (LST)  VALUE       VALUE  FROM      YEAR
                                                  NORMAL
..................................................................
TEMPERATURE (F)
 YESTERDAY
  MAXIMUM         68    237 PM  81    1945  48     20       42
  MINIMUM         36    437 AM  12    2014  31      5       30
  AVERAGE         52                        39     13       36

PRECIPITATION (IN)
  YESTERDAY        0.14                      0.10   0.04     0.00
  MONTH TO DATE    1.97                      2.43  -0.46     2.33
  SINCE MAR 1      1.97                      2.43  -0.46     2.33
  SINCE JAN 1      9.39                      7.77   1.62     8.54

SNOWFALL (IN)
  YESTERDAY        0.0                       0.3   -0.3      0.0
  MONTH TO DATE    9.8                      12.2   -2.4      1.1
  SINCE MAR 1      9.8                      12.2   -2.4      1.1
  SINCE JUL 1     78.1                      96.2  -18.1     68.3
  SNOW DEPTH       0

DEGREE DAYS
 HEATING
  YESTERDAY       13                        26    -13       29
  MONTH TO DATE  795                       788      7      596
  SINCE MAR 1    795                       788      7      596
  SINCE JUL 1   4299                      5153   -854     4194

 COOLING
  YESTERDAY        0                         0      0        0
  MONTH TO DATE    0                         0      0        0
  SINCE MAR 1      0                         0      0        0
  SINCE JAN 1      0                         0      0        0
..................................................................


WIND (MPH)
  HIGHEST WIND SPEED    22   HIGHEST WIND DIRECTION    SE (150)
  HIGHEST GUST SPEED    29   HIGHEST GUST DIRECTION    SE (150)
  AVERAGE WIND SPEED    11.6


SKY COVER
  POSSIBLE SUNSHINE  MM
  AVERAGE SKY COVER 0.5


WEATHER CONDITIONS
 THE FOLLOWING WEATHER WAS RECORDED YESTERDAY.
  LIGHT RAIN


RELATIVE HUMIDITY (PERCENT)
 HIGHEST    92          1200 AM
 LOWEST     52           100 PM
 AVERAGE    72

..........................................................


THE ERIE PA CLIMATE NORMALS FOR TODAY
                         NORMAL    RECORD    YEAR
 MAXIMUM TEMPERATURE (F)   48        80      1998
 MINIMUM TEMPERATURE (F)   31        13      1982


SUNRISE AND SUNSET
MARCH 27 2017.........SUNRISE   712 AM EDT   SUNSET   741 PM EDT
MARCH 28 2017.........SUNRISE   710 AM EDT   SUNSET   742 PM EDT


-  INDICATES NEGATIVE NUMBERS.
R  INDICATES RECORD WAS SET OR TIED.
MM INDICATES DATA IS MISSING.
T  INDICATES TRACE AMOUNT.




$$
