000
CXUS56 KPDT 011910
CF6RDM
PRELIMINARY LOCAL CLIMATOLOGICAL DATA (WS FORM: F-6)
STATION: REDMOND OR
MONTH: JANUARY
YEAR: 2022
LATITUDE: 44 16 N
LONGITUDE: 121 9 W
TEMPERATURE IN F: :PCPN: SNOW: WIND :SUNSHINE: SKY :PK WND
================================================================================
1 2 3 4 5 6A 6B 7 8 9 10 11 12 13 14 15 16 17 18
12Z AVG MX 2MIN
DY MAX MIN AVG DEP HDD CDD WTR SNW DPTH SPD SPD DIR MIN PSBL S-S WX SPD DR
================================================================================
1 32 0 16 -17 49 0 0.00 M M 4.4 8 150 M M 0 M M
2 43 27 35 2 30 0 0.00 M M 12.9 20 150 M M 0 32 170
3 44 30 37 4 28 0 0.61 M M 11.3 36 190 M M 8 1 50 190
4 41 29 35 1 30 0 0.05 M M 6.2 18 180 M M 9 1 23 180
5 46 35 41 7 24 0 0.03 M M 7.3 29 280 M M 8 38 300
6 53 36 45 11 20 0 0.00 M M 10.0 23 190 M M 4 31 210
7 48 33 41 7 24 0 T M M 11.7 31 300 M M 3 36 310
8 46 24 35 1 30 0 0.00 M M 3.4 9 120 M M 1 14 280
9 49 27 38 4 27 0 0.00 M M 9.1 17 140 M M 0 22 140
10 51 31 41 7 24 0 0.02 M M 5.7 14 180 M M 2 1 19 150
11 56 40 48 14 17 0 0.00 M M 7.2 18 180 M M 3 23 190
12 57 33 45 10 20 0 0.00 M M 7.2 16 140 M M 0 22 140
13 52 33 43 8 22 0 T M M 6.9 18 190 M M 7 26 190
14 51 28 40 5 25 0 0.00 M M 5.9 14 150 M M 2 18 140
15 56 29 43 8 22 0 0.00 M M 4.4 13 160 M M 0 17 150
16 53 24 39 4 26 0 0.00 M M 2.1 9 160 M M 0 12 160
17 50 28 39 4 26 0 0.00 M M 5.2 17 170 M M 0 21 170
18 50 24 37 2 28 0 0.00 M M 3.5 10 360 M M 1 14 350
19 47 23 35 0 30 0 T M M 3.1 9 70 M M 7 12 70
20 58 35 47 12 18 0 0.01 M M 8.7 32 280 M M 5 38 290
21 50 22 36 1 29 0 0.00 M M 2.8 9 160 M M 0 12 160
22 55 23 39 4 26 0 0.00 M M 4.6 10 300 M M 0 12 300
23 63 17 40 4 25 0 0.00 M M 2.6 10 170 M M 0 14 150
24 62 28 45 9 20 0 0.00 M M 5.7 23 30 M M 0 27 30
25 51 18 35 -1 30 0 0.00 M M 2.5 9 120 M M 2 12 11 120
26 34 17 26 -10 39 0 0.00 M M 4.6 10 300 M M 5 128 13 310
27 29 24 27 -9 38 0 0.00 M M 1.6 7 310 M M 10 128 9 330
28 52 15 34 -2 31 0 0.00 M M 4.4 16 150 M M 2 128 20 160
29 55 19 37 1 28 0 0.00 M M 3.2 12 180 M M 0 14 170
30 54 23 39 3 26 0 0.01 M M 7.4 24 230 M M 1 32 240
31 43 23 33 -3 32 0 0.00 M M 9.9 24 290 M M 2 31 290
================================================================================
SM 1531 798 844 0 0.73 M 185.5 M 82
================================================================================
AV 49.4 25.7 6.0 FASTST M M 3 MAX(MPH)
MISC ----> 36 190 50 190
================================================================================
NOTES:
# LAST OF SEVERAL OCCURRENCES
COLUMN 17 PEAK WIND IN M.P.H.
PRELIMINARY LOCAL CLIMATOLOGICAL DATA (WS FORM: F-6) , PAGE 2
STATION: REDMOND OR
MONTH: JANUARY
YEAR: 2022
LATITUDE: 44 16 N
LONGITUDE: 121 9 W
[TEMPERATURE DATA] [PRECIPITATION DATA] SYMBOLS USED IN COLUMN 16
AVERAGE MONTHLY: 37.6 TOTAL FOR MONTH: 0.73 1 = FOG OR MIST
DPTR FM NORMAL: 2.8 DPTR FM NORMAL: -0.25 2 = FOG REDUCING VISIBILITY
HIGHEST: 63 ON 23 GRTST 24HR 0.78 ON 5- 6 TO 1/4 MILE OR LESS
LOWEST: 0 ON 1 3 = THUNDER
SNOW, ICE PELLETS, HAIL 4 = ICE PELLETS
TOTAL MONTH: M 5 = HAIL
GRTST 24HR M ON M 6 = FREEZING RAIN OR DRIZZLE
GRTST DEPTH: M ON M 7 = DUSTSTORM OR SANDSTORM:
VSBY 1/2 MILE OR LESS
8 = SMOKE OR HAZE
[NO. OF DAYS WITH] [WEATHER - DAYS WITH] 9 = BLOWING SNOW
X = TORNADO
MAX 32 OR BELOW: 2 0.01 INCH OR MORE: 6
MAX 90 OR ABOVE: 0 0.10 INCH OR MORE: 1
MIN 32 OR BELOW: 24 0.50 INCH OR MORE: 1
MIN 0 OR BELOW: 1 1.00 INCH OR MORE: 0
[HDD (BASE 65) ]
TOTAL THIS MO. 844 CLEAR (SCALE 0-3) 22
DPTR FM NORMAL -94 PTCLDY (SCALE 4-7) 7
TOTAL FM JUL 1 3094 CLOUDY (SCALE 8-10) 2
DPTR FM NORMAL -416
[CDD (BASE 65) ]
TOTAL THIS MO. 0
DPTR FM NORMAL 0 [PRESSURE DATA]
TOTAL FM JAN 1 0 HIGHEST SLP 30.62 ON 27
DPTR FM NORMAL 0 LOWEST SLP 29.43 ON 7
[REMARKS]
#FINAL-01-22#