000
CXUS56 KPDT 011810
CF6RDM
PRELIMINARY LOCAL CLIMATOLOGICAL DATA (WS FORM: F-6)
STATION: REDMOND OR
MONTH: JULY
YEAR: 2021
LATITUDE: 44 16 N
LONGITUDE: 121 9 W
TEMPERATURE IN F: :PCPN: SNOW: WIND :SUNSHINE: SKY :PK WND
================================================================================
1 2 3 4 5 6A 6B 7 8 9 10 11 12 13 14 15 16 17 18
12Z AVG MX 2MIN
DY MAX MIN AVG DEP HDD CDD WTR SNW DPTH SPD SPD DIR MIN PSBL S-S WX SPD DR
================================================================================
1 99 61 80 16 0 15 0.00 M M 7.8 23 310 M M 0 29 300
2 97 51 74 9 0 9 0.00 M M 5.8 18 330 M M 0 25 290
3 99 48 74 9 0 9 0.00 M M 7.7 23 300 M M 0 27 320
4 96 49 73 8 0 8 0.00 M M 7.1 21 320 M M 0 26 330
5 97 46 72 6 0 7 0.00 M M 6.3 18 340 M M 0 22 350
6 100 53 77 11 0 12 0.00 M M 6.9 22 290 M M 0 29 290
7 91 58 75 9 0 10 0.00 M M 8.4 23 290 M M 0 27 290
8 93 49 71 4 0 6 0.00 M M 7.6 24 280 M M 0 31 340
9 98 45 72 5 0 7 0.00 M M 6.8 16 340 M M 0 22 10
10 97 53 75 8 0 10 0.00 M M 7.0 18 350 M M 0 24 10
11 96 49 73 5 0 8 0.00 M M 6.4 18 340 M M 0 24 340
12 95 52 74 6 0 9 0.00 M M 7.5 20 340 M M 1 8 26 350
13 97 46 72 4 0 7 0.00 M M 6.5 20 350 M M 0 8 23 350
14 98 55 77 9 0 12 0.00 M M 7.2 21 350 M M 0 26 340
15 91 47 69 1 0 4 0.00 M M 6.9 23 290 M M 0 27 290
16 86 47 67 -2 0 2 0.00 M M 8.0 23 310 M M 0 30 320
17 91 47 69 0 0 4 0.00 M M 7.5 22 310 M M 0 27 300
18 94 51 73 4 0 8 0.00 M M 6.4 16 360 M M 0 21 360
19 95 55 75 6 0 10 0.00 M M 7.0110 340 M M 0 110 340
20 90 48 69 0 0 4 0.00 M M 7.0 22 290 M M 1 27 290
21 83 47 65 -4 0 0 0.00 M M 7.1 18 350 M M 0 24 320
22 85 39 62 -8 3 0 0.00 M M 6.2 16 350 M M 0 22 330
23 89 42 66 -4 0 1 0.00 M M 6.2 17 340 M M 0 21 340
24 96 50 73 3 0 8 0.00 M M 4.9 16 340 M M 0 24 330
25 97 56 77 7 0 12 0.00 M M 6.6 18 350 M M 0 24 350
26 93 56 75 5 0 10 T M M 4.7 15 340 M M 0 18 330
27 72 59 66 -4 0 1 0.11 M M 4.2 12 120 M M 5 15 160
28 93 57 75 5 0 10 0.00 M M 5.7 21 310 M M 3 26 310
29 100 57 79 9 0 14 T M M 5.8 25 290 M M 1 3 31 290
30 96 63 80 10 0 15 T M M 4.7 16 40 M M 1 21 20
31 83 62 73 3 0 8 0.01 M M 5.1 16 270 M M 6 20 140
================================================================================
SM 2887 1598 3 240 0.12 M 203.0 M 18
================================================================================
AV 93.1 51.5 6.5 FASTST M M 1 MAX(MPH)
MISC ----> 110 340 110 340
================================================================================
NOTES:
# LAST OF SEVERAL OCCURRENCES
COLUMN 17 PEAK WIND IN M.P.H.
PRELIMINARY LOCAL CLIMATOLOGICAL DATA (WS FORM: F-6) , PAGE 2
STATION: REDMOND OR
MONTH: JULY
YEAR: 2021
LATITUDE: 44 16 N
LONGITUDE: 121 9 W
[TEMPERATURE DATA] [PRECIPITATION DATA] SYMBOLS USED IN COLUMN 16
AVERAGE MONTHLY: 72.3 TOTAL FOR MONTH: 0.12 1 = FOG OR MIST
DPTR FM NORMAL: 4.3 DPTR FM NORMAL: -0.28 2 = FOG REDUCING VISIBILITY
HIGHEST: 100 ON 29, 6 GRTST 24HR 0.11 ON 27-27 TO 1/4 MILE OR LESS
LOWEST: 39 ON 22 3 = THUNDER
SNOW, ICE PELLETS, HAIL 4 = ICE PELLETS
TOTAL MONTH: M 5 = HAIL
GRTST 24HR M ON M 6 = FREEZING RAIN OR DRIZZLE
GRTST DEPTH: M ON M 7 = DUSTSTORM OR SANDSTORM:
VSBY 1/2 MILE OR LESS
8 = SMOKE OR HAZE
[NO. OF DAYS WITH] [WEATHER - DAYS WITH] 9 = BLOWING SNOW
X = TORNADO
MAX 32 OR BELOW: 0 0.01 INCH OR MORE: 2
MAX 90 OR ABOVE: 25 0.10 INCH OR MORE: 1
MIN 32 OR BELOW: 0 0.50 INCH OR MORE: 0
MIN 0 OR BELOW: 0 1.00 INCH OR MORE: 0
[HDD (BASE 65) ]
TOTAL THIS MO. 3 CLEAR (SCALE 0-3) 29
DPTR FM NORMAL -41 PTCLDY (SCALE 4-7) 2
TOTAL FM JUL 1 3 CLOUDY (SCALE 8-10) 0
DPTR FM NORMAL -43
[CDD (BASE 65) ]
TOTAL THIS MO. 240
DPTR FM NORMAL 104 [PRESSURE DATA]
TOTAL FM JAN 1 438 HIGHEST SLP 30.20 ON 23
DPTR FM NORMAL 262 LOWEST SLP 29.76 ON 1
[REMARKS]
#FINAL-07-21#