000
CXUS56 KPDT 011910
CF6RDM
PRELIMINARY LOCAL CLIMATOLOGICAL DATA (WS FORM: F-6)
STATION: REDMOND OR
MONTH: DECEMBER
YEAR: 2020
LATITUDE: 44 16 N
LONGITUDE: 121 9 W
TEMPERATURE IN F: :PCPN: SNOW: WIND :SUNSHINE: SKY :PK WND
================================================================================
1 2 3 4 5 6A 6B 7 8 9 10 11 12 13 14 15 16 17 18
12Z AVG MX 2MIN
DY MAX MIN AVG DEP HDD CDD WTR SNW DPTH SPD SPD DIR MIN PSBL S-S WX SPD DR
================================================================================
1 46 17 32 0 33 0 0.00 M M 2.8 9 330 M M 0 13 310
2 37 14 26 -6 39 0 0.00 M M 2.5 8 280 M M 6 12 9 280
3 44 18 31 -1 34 0 0.00 M M 2.0 7 330 M M 4 12 9 300
4 48 19 34 2 31 0 0.00 M M 3.5 10 330 M M 0 12 320
5 50 17 34 2 31 0 T M M 3.4 14 310 M M 5 128 17 150
6 46 27 37 6 28 0 0.05 M M 2.0 13 170 M M 5 168 15 170
7 54 31 43 12 22 0 0.00 M M 5.8 16 140 M M 0 21 140
8 62 30 46 15 19 0 0.00 M M 4.8 15 310 M M 0 17 320
9 51 24 38 7 27 0 T M M 3.4 12 120 M M 2 13 120
10 43 16 30 -1 35 0 0.00 M M 4.4 15 300 M M 2 20 300
11 44 17 31 1 34 0 T M M 4.9 15 210 M M 7 1 20 210
12 40 31 36 6 29 0 T M M 7.0 14 130 M M 6 1 19 130
13 39 30 35 5 30 0 0.08 M M 4.2 10 90 M M 9 1 14 90
14 46 26 36 6 29 0 0.00 M M 3.0 12 160 M M 4 1 14 150
15 52 31 42 12 23 0 0.01 M M 6.8 23 180 M M 7 28 170
16 46 30 38 8 27 0 T M M 7.2 22 190 M M 5 28 190
17 47 28 38 8 27 0 T M M 8.6 23 280 M M 3 34 270
18 50 29 40 10 25 0 0.01 M M 7.4 25 210 M M 4 32 210
19 52 33 43 13 22 0 T M M 12.0 26 190 M M 5 37 190
20 56 48 52 22 13 0 0.10 M M 7.4 24 170 M M 10 1 31 170
21 60 36 48 18 17 0 0.02 M M 15.6 35 280 M M 2 47 290
22 40 21 31 1 34 0 0.00 M M 10.6 23 290 M M 1 32 280
23 45 14 30 0 35 0 0.00 M M 6.0 15 150 M M 0 19 150
24 50 22 36 6 29 0 0.00 M M 7.3 14 170 M M 0 17 180
25 48 35 42 12 23 0 0.01 M M 8.2 21 210 M M 6 29 190
26 48 28 38 8 27 0 0.01 M M 6.0 18 200 M M 3 28 200
27 45 24 35 5 30 0 0.00 M M 5.8 15 160 M M 0 18 170
28 28 20 24 -6 41 0 0.01 M M 2.6 8 350 M M 10 12 10 360
29 37 9 23 -8 42 0 0.00 M M 2.3 10 100 M M 6 12 14 90
30 46 35 41 10 24 0 0.07 M M 10.0 29 220 M M 8 42 220
31 50 32 41 10 24 0 0.00 M M 3.8 16 290 M M 3 22 270
================================================================================
SM 1450 792 884 0 0.37 M 181.3 M 123
================================================================================
AV 46.8 25.5 5.8 FASTST M M 4 MAX(MPH)
MISC ----> 35 280 47 290
================================================================================
NOTES:
# LAST OF SEVERAL OCCURRENCES
COLUMN 17 PEAK WIND IN M.P.H.
PRELIMINARY LOCAL CLIMATOLOGICAL DATA (WS FORM: F-6) , PAGE 2
STATION: REDMOND OR
MONTH: DECEMBER
YEAR: 2020
LATITUDE: 44 16 N
LONGITUDE: 121 9 W
[TEMPERATURE DATA] [PRECIPITATION DATA] SYMBOLS USED IN COLUMN 16
AVERAGE MONTHLY: 36.2 TOTAL FOR MONTH: 0.37 1 = FOG OR MIST
DPTR FM NORMAL: 5.6 DPTR FM NORMAL: -0.79 2 = FOG REDUCING VISIBILITY
HIGHEST: 62 ON 8 GRTST 24HR 0.10 ON 20-20 TO 1/4 MILE OR LESS
LOWEST: 9 ON 29 3 = THUNDER
SNOW, ICE PELLETS, HAIL 4 = ICE PELLETS
TOTAL MONTH: M 5 = HAIL
GRTST 24HR M ON M 6 = FREEZING RAIN OR DRIZZLE
GRTST DEPTH: M ON M 7 = DUSTSTORM OR SANDSTORM:
VSBY 1/2 MILE OR LESS
8 = SMOKE OR HAZE
[NO. OF DAYS WITH] [WEATHER - DAYS WITH] 9 = BLOWING SNOW
X = TORNADO
MAX 32 OR BELOW: 1 0.01 INCH OR MORE: 10
MAX 90 OR ABOVE: 0 0.10 INCH OR MORE: 1
MIN 32 OR BELOW: 26 0.50 INCH OR MORE: 0
MIN 0 OR BELOW: 0 1.00 INCH OR MORE: 0
[HDD (BASE 65) ]
TOTAL THIS MO. 884 CLEAR (SCALE 0-3) 14
DPTR FM NORMAL -184 PTCLDY (SCALE 4-7) 13
TOTAL FM JUL 1 2215 CLOUDY (SCALE 8-10) 4
DPTR FM NORMAL -628
[CDD (BASE 65) ]
TOTAL THIS MO. 0
DPTR FM NORMAL 0 [PRESSURE DATA]
TOTAL FM JAN 1 401 HIGHEST SLP 30.61 ON 23
DPTR FM NORMAL 185 LOWEST SLP 29.59 ON 21
[REMARKS]
#FINAL-12-20#