410
CXUS56 KPDT 011910
CF6RDM
PRELIMINARY LOCAL CLIMATOLOGICAL DATA (WS FORM: F-6)
STATION: REDMOND OR
MONTH: JANUARY
YEAR: 2021
LATITUDE: 44 16 N
LONGITUDE: 121 9 W
TEMPERATURE IN F: :PCPN: SNOW: WIND :SUNSHINE: SKY :PK WND
================================================================================
1 2 3 4 5 6A 6B 7 8 9 10 11 12 13 14 15 16 17 18
12Z AVG MX 2MIN
DY MAX MIN AVG DEP HDD CDD WTR SNW DPTH SPD SPD DIR MIN PSBL S-S WX SPD DR
================================================================================
1 52 36 44 13 21 0 0.01 M M 7.9 25 280 M M 4 30 280
2 49 38 44 13 21 0 0.00 M M 17.3 29 180 M M 5 39 170
3 54 41 48 17 17 0 T M M 10.4 25 190 M M 5 35 180
4 53 30 42 11 23 0 T M M 12.2 28 270 M M 5 35 280
5 46 24 35 3 30 0 0.00 M M 9.3 20 180 M M 4 25 170
6 50 30 40 8 25 0 T M M 8.5 20 190 M M 7 26 180
7 48 23 36 4 29 0 0.00 M M 5.3 14 150 M M 1 18 150
8 45 25 35 3 30 0 0.08 M M 4.7 22 310 M M 5 1 28 300
9 45 17 31 -1 34 0 0.00 M M 5.4 10 170 M M 0 14 170
10 50 31 41 9 24 0 0.00 M M 4.1 12 140 M M 3 15 130
11 48 30 39 7 26 0 0.00 M M 6.0 16 170 M M 2 20 170
12 57 46 52 20 13 0 T M M 16.4 30 200 M M 6 41 200
13 55 25 40 7 25 0 0.08 M M 7.0 30 300 M M 2 41 280
14 58 23 41 8 24 0 0.00 M M 4.4 14 330 M M 0 15 330
15 56 27 42 9 23 0 T M M 3.8 12 320 M M 3 16 320
16 53 22 38 5 27 0 0.00 M M 3.6 14 170 M M 4 17 170
17 57 25 41 8 24 0 T M M 4.2 12 40 M M 2 15 40
18 46 16 31 -2 34 0 0.00 M M 3.6 13 330 M M 0 15 330
19 49 15 32 -1 33 0 0.00 M M 5.0 14 150 M M 0 18 150
20 51 20 36 3 29 0 0.00 M M 3.7 10 170 M M 2 13 150
21 45 31 38 5 27 0 0.01 M M 5.1 15 330 M M 10 12 19 330
22 31 28 30 -4 35 0 0.37 M M 9.9 16 330 M M 10 12 19 340
23 34 6 20 -14 45 0 0.00 M M 3.6 9 170 M M 3 128 10 170
24 32 7 20 -14 45 0 0.02 M M 3.5 10 300 M M 6 1 13 300
25 36 6 21 -13 44 0 0.00 M M 3.9 15 290 M M 3 18 290
26 35 2 19 -15 46 0 0.03 M M 8.4 27 140 M M 4 36 140
27 46 27 37 3 28 0 0.00 M M 8.0 20 210 M M 4 28 190
28 47 28 38 4 27 0 0.01 M M 4.6 12 290 M M 5 12 14 160
29 43 32 38 4 27 0 0.00 M M 3.6 12 170 M M 6 12 16 200
30 48 33 41 7 24 0 0.00 M M 10.0 18 160 M M 8 25 160
31 53 42 48 14 17 0 T M M 10.8 24 160 M M 7 31 180
================================================================================
SM 1472 786 877 0 0.61 M 214.2 M 126
================================================================================
AV 47.5 25.4 6.9 FASTST M M 4 MAX(MPH)
MISC ----> # 30 200 # 41 200
================================================================================
NOTES:
# LAST OF SEVERAL OCCURRENCES
COLUMN 17 PEAK WIND IN M.P.H.
PRELIMINARY LOCAL CLIMATOLOGICAL DATA (WS FORM: F-6) , PAGE 2
STATION: REDMOND OR
MONTH: JANUARY
YEAR: 2021
LATITUDE: 44 16 N
LONGITUDE: 121 9 W
[TEMPERATURE DATA] [PRECIPITATION DATA] SYMBOLS USED IN COLUMN 16
AVERAGE MONTHLY: 36.4 TOTAL FOR MONTH: 0.61 1 = FOG OR MIST
DPTR FM NORMAL: 3.6 DPTR FM NORMAL: -0.36 2 = FOG REDUCING VISIBILITY
HIGHEST: 58 ON 14 GRTST 24HR 0.54 ON 26-27 TO 1/4 MILE OR LESS
LOWEST: 2 ON 26 3 = THUNDER
SNOW, ICE PELLETS, HAIL 4 = ICE PELLETS
TOTAL MONTH: M 5 = HAIL
GRTST 24HR M ON M 6 = FREEZING RAIN OR DRIZZLE
GRTST DEPTH: M ON M 7 = DUSTSTORM OR SANDSTORM:
VSBY 1/2 MILE OR LESS
8 = SMOKE OR HAZE
[NO. OF DAYS WITH] [WEATHER - DAYS WITH] 9 = BLOWING SNOW
X = TORNADO
MAX 32 OR BELOW: 2 0.01 INCH OR MORE: 8
MAX 90 OR ABOVE: 0 0.10 INCH OR MORE: 1
MIN 32 OR BELOW: 25 0.50 INCH OR MORE: 0
MIN 0 OR BELOW: 0 1.00 INCH OR MORE: 0
[HDD (BASE 65) ]
TOTAL THIS MO. 877 CLEAR (SCALE 0-3) 13
DPTR FM NORMAL -122 PTCLDY (SCALE 4-7) 16
TOTAL FM JUL 1 3092 CLOUDY (SCALE 8-10) 2
DPTR FM NORMAL -750
[CDD (BASE 65) ]
TOTAL THIS MO. 0
DPTR FM NORMAL 0 [PRESSURE DATA]
TOTAL FM JAN 1 0 HIGHEST SLP 30.03 ON 31
DPTR FM NORMAL 0 LOWEST SLP 29.72 ON 29
[REMARKS]
#FINAL-01-21#