000
CXUS53 KMQT 010900
CF6MQT
PRELIMINARY LOCAL CLIMATOLOGICAL DATA (WS FORM: F-6)
STATION: MARQUETTE MI
MONTH: MAY
YEAR: 2020
LATITUDE: 46 31 N
LONGITUDE: 87 33 W
TEMPERATURE IN F: :PCPN: SNOW: WIND :SUNSHINE: SKY :PK WND
================================================================================
1 2 3 4 5 6A 6B 7 8 9 10 11 12 13 14 15 16 17 18
12Z AVG MX 2MIN
DY MAX MIN AVG DEP HDD CDD WTR SNW DPTH SPD SPD DIR MIN PSBL S-S WX SPD DR
================================================================================
1 67 29 48 3 17 0 0.08 0.0 T M M M M M M 21 225
2 69 42 56 10 9 0 0.14 0.0 0 M M M M M M 31 270
3 46 32 39 -7 26 0 0.01 T 0 M M M M M M 27 270
4 39 26 33 -14 32 0 0.01 0.1 T M M M M M M 23 360
5 50 23 37 -10 28 0 0.00 0.0 0 M M M M M M 13 90
6 54 28 41 -6 24 0 0.00 0.0 0 M M M M M M 22 315
7 39 24 32 -16 33 0 0.13 1.1 0 M M M M M M 21 360
8 31 21 26 -22 39 0 0.13 1.5 2 M M M M M M 25 315
9 47 25 36 -12 29 0 0.01 0.2 T M M M M M M 25 315
10 33 26 30 -19 35 0 0.03 0.2 0 M M M M M M 26 315
11 40 27 34 -15 31 0 T T 0 M M M M M M 18 0
12 43 26 35 -15 30 0 0.00 0.0 0 M M M M M M 19 315
13 57 24 41 -9 24 0 T 0.0 0 M M M M M M 24 180
14 52 36 44 -6 21 0 0.55 0.0 0 M M M M M M 12 21 180
15 54 37 46 -5 19 0 0.01 0.0 0 M M M M M M 12 24 360
16 57 31 44 -7 21 0 0.00 0.0 0 M M M M M M 1 18 45
17 51 43 47 -4 18 0 0.00 0.0 0 M M M M M M 18 45
18 53 42 48 -4 17 0 0.00 0.0 0 M M M M M M 24 45
19 64 44 54 2 11 0 0.00 0.0 0 M M M M M M 19 90
20 73 43 58 6 7 0 0.00 0.0 0 M M M M M M 16 90
21 78 44 61 8 4 0 0.00 0.0 0 M M M M M M 18 90
22 79 54 67 14 0 2 0.00 0.0 0 M M M M M M 19 90
23 72 55 64 11 1 0 0.00 0.0 0 M M M M M M 14 180
24 76 57 67 13 0 2 0.01 0.0 0 M M M M M M 16 90
25 86 58 72 18 0 7 0.01 0.0 0 M M M M M M 21 180
26 87 62 75 21 0 10 0.30 0.0 0 M M M M M M 3 28 270
27 83 61 72 17 0 7 0.41 0.0 0 M M M M M M 3 27 225
28 67 48 58 3 7 0 1.13 0.0 0 M M M M M M 1 14 45
29 59 46 53 -2 12 0 T 0.0 0 M M M M M M 23 315
30 49 36 43 -13 22 0 0.04 0.0 0 M M M M M M 25 315
31 69 35 52 -4 13 0 0.00 0.0 0 M M M M M M 28 270
================================================================================
SM 1824 1185 530 28 3.00 3.1 M M M
================================================================================
AV 58.8 38.2 M FASTST M M 0 MAX(MPH)
MISC ----> M M # 31 270
================================================================================
NOTES:
# LAST OF SEVERAL OCCURRENCES
COLUMN 17 PEAK WIND IN M.P.H.
PRELIMINARY LOCAL CLIMATOLOGICAL DATA (WS FORM: F-6) , PAGE 2
STATION: MARQUETTE MI
MONTH: MAY
YEAR: 2020
LATITUDE: 46 31 N
LONGITUDE: 87 33 W
[TEMPERATURE DATA] [PRECIPITATION DATA] SYMBOLS USED IN COLUMN 16
AVERAGE MONTHLY: 48.5 TOTAL FOR MONTH: 3.00 1 = FOG OR MIST
DPTR FM NORMAL: -2.4 DPTR FM NORMAL: -0.05 2 = FOG REDUCING VISIBILITY
HIGHEST: 87 ON 26 GRTST 24HR 1.13 ON 28-28 TO 1/4 MILE OR LESS
LOWEST: 21 ON 8 3 = THUNDER
SNOW, ICE PELLETS, HAIL 4 = ICE PELLETS
TOTAL MONTH: 3.1 INCHES 5 = HAIL
GRTST 24HR 1.5 ON 8- 8 6 = FREEZING RAIN OR DRIZZLE
GRTST DEPTH: 2 ON 8 7 = DUSTSTORM OR SANDSTORM:
VSBY 1/2 MILE OR LESS
8 = SMOKE OR HAZE
[NO. OF DAYS WITH] [WEATHER - DAYS WITH] 9 = BLOWING SNOW
X = TORNADO
MAX 32 OR BELOW: 1 0.01 INCH OR MORE: 16
MAX 90 OR ABOVE: 0 0.10 INCH OR MORE: 7
MIN 32 OR BELOW: 13 0.50 INCH OR MORE: 2
MIN 0 OR BELOW: 0 1.00 INCH OR MORE: 1
[HDD (BASE 65) ]
TOTAL THIS MO. 530 CLEAR (SCALE 0-3) 0
DPTR FM NORMAL 80 PTCLDY (SCALE 4-7) 0
TOTAL FM JUL 1 9107 CLOUDY (SCALE 8-10) 0
DPTR FM NORMAL -45
[CDD (BASE 65) ]
TOTAL THIS MO. 28
DPTR FM NORMAL 17 [PRESSURE DATA]
TOTAL FM JAN 1 28 HIGHEST SLP M ON M
DPTR FM NORMAL 16 LOWEST SLP M ON M
[REMARKS]
#FINAL-05-20#