567
CXUS51 KBUF 011410
CLMROC


CLIMATE REPORT
NATIONAL WEATHER SERVICE BUFFALO NY
1009 AM EDT FRI APR 1 2016

...................................

...THE ROCHESTER NY CLIMATE SUMMARY FOR THE MONTH OF MARCH 2016...

CLIMATE NORMAL PERIOD 1981 TO 2010
CLIMATE RECORD PERIOD 1871 TO 2016

WEATHER         OBSERVED          NORMAL  DEPART  LAST YEAR`S
                 VALUE   DATE(S)  VALUE   FROM    VALUE  DATE(S)
                                          NORMAL
................................................................
TEMPERATURE (F)
RECORD
 HIGH              86   03/29/1905
 LOW               -9   03/06/2014
HIGHEST            75   03/09                         53  03/16
LOWEST             16   03/05                          0  03/06
                                                          03/01
AVG. MAXIMUM     49.9              42.8     7.1     38.5
AVG. MINIMUM     30.4              25.8     4.6     21.5
MEAN             40.1              34.3     5.8     30.0
DAYS MAX >= 90      0               0.0     0.0        0
DAYS MAX <= 32      4               5.5    -1.5        8
DAYS MIN <= 32     20              23.2    -3.2       28
DAYS MIN <= 0       0               0.1    -0.1        2

PRECIPITATION (INCHES)
RECORD
 MAXIMUM         7.02   1873
 MINIMUM         0.47   1958
TOTALS           1.82              2.50   -0.68     1.34
DAYS >= .01        16                                 16
DAYS >= .10         6                                  5
DAYS >= .50         0                                  0
DAYS >= 1.00        0                                  0
GREATEST
 24 HR. TOTAL    0.39   03/15 TO 03/16           03/26 TO 03/26
                                                          03/05 TO 03/05
                                                          03/05 TO 03/05

SNOWFALL (INCHES)
RECORDS
 TOTAL           54.0   1900
TOTALS            3.2              16.3   -13.1     12.8
SINCE 7/1        54.9              95.2   -40.3    101.4
SNOWDEPTH AVG.      0                 3      -3        6
DAYS >= 1.0         1               4.0    -3.0        6
GREATEST
 SNOW DEPTH         1   03/03                         16  03/05
 24 HR TOTAL      1.8   MM                       03/04 TO 03/05
                                                          03/05 TO 03/05
                                                          03/05 TO 03/05

DEGREE_DAYS
HEATING TOTAL     762               952    -190     1078
 SINCE 7/1       4679              5738   -1059     6172
COOLING TOTAL       0                 0       0        0
 SINCE 1/1          0                 0       0        0
......................................................

WIND (MPH)
AVERAGE WIND SPEED              9.4
HIGHEST WIND SPEED/DIRECTION    38/260
HIGHEST GUST SPEED/DIRECTION    55/250    DATE  03/17

SKY COVER
POSSIBLE SUNSHINE (PERCENT)   MM
AVERAGE SKY COVER           0.70
NUMBER OF DAYS FAIR            5
NUMBER OF DAYS PC             11
NUMBER OF DAYS CLOUDY         15

AVERAGE RH (PERCENT)     65

WEATHER CONDITIONS. NUMBER OF DAYS WITH
THUNDERSTORM              0     MIXED PRECIP               0
HEAVY RAIN                1     RAIN                       5
LIGHT RAIN               14     FREEZING RAIN              0
LT FREEZING RAIN          3     HAIL                       0
HEAVY SNOW                0     SNOW                       4
LIGHT SNOW                8     SLEET                      1
FOG                      12     FOG W/VIS <= 1/4 MILE      0
HAZE                      2

-  INDICATES NEGATIVE NUMBERS.
R  INDICATES RECORD WAS SET OR TIED.
MM INDICATES DATA IS MISSING.
T  INDICATES TRACE AMOUNT.

$$
