000
CXUS54 KOUN 010810
CF6LAW
PRELIMINARY LOCAL CLIMATOLOGICAL DATA (WS FORM: F-6)
STATION: LAWTON
MONTH: MARCH
YEAR: 2023
LATITUDE: 34 34 N
LONGITUDE: 98 25 W
TEMPERATURE IN F: :PCPN: SNOW: WIND :SUNSHINE: SKY :PK WND
================================================================================
1 2 3 4 5 6A 6B 7 8 9 10 11 12 13 14 15 16 17 18
12Z AVG MX 2MIN
DY MAX MIN AVG DEP HDD CDD WTR SNW DPTH SPD SPD DIR MIN PSBL S-S WX SPD DR
================================================================================
1 67 41 54 5 11 0 0.00 0.0 0 9.0 26 30 M M 0 33 30
2 57 40 49 0 16 0 0.15 0.0 0 11.2 24 360 M M 6 3 31 360
3 65 39 52 3 13 0 0.00 0.0 0 8.4 20 360 M M 2 26 340
4 70 34 52 2 13 0 0.00 0.0 0 4.6 15 190 M M 0 19 190
5 82 37 60 10 5 0 0.00 0.0 0 11.6 24 190 M M 0 31 190
6 76 45 61 11 4 0 0.00 0.0 0 8.5 15 190 M M 0 24 30
7 55 42 49 -2 16 0 0.29 0.0 0 14.7 22 360 M M 6 13 26 360
8 58 44 51 0 14 0 T 0.0 0 10.7 23 360 M M 10 3 26 360
9 57 45 51 0 14 0 0.09 0.0 0 8.2 21 20 M M 8 13 26 30
10 58 38 48 -4 17 0 0.00 0.0 0 7.8 15 20 M M 0 20 30
11 90 49 70 18 0 5 0.00 0.0 0 15.1 38 10 M M 1 1 48 10
12 59 41 50 -2 15 0 0.00 0.0 0 14.6 28 10 M M 4 33 10
13 45 36 41 -12 24 0 0.00 0.0 0 10.0 18 20 M M 7 22 30
14 58 30 44 -9 21 0 0.03 0.0 0 6.9 16 170 M M 4 21 140
15 71 34 53 -1 12 0 0.00 0.0 0 14.9 31 170 M M 3 38 170
16 75 39 57 3 8 0 0.50 0.0 0 18.0 38 350 M M 6 13 48 350
17 54 32 43 -11 22 0 0.00 0.0 0 11.3 25 360 M M 0 32 360
18 53 28 41 -13 24 0 0.00 0.0 0 11.2 28 20 M M 0 33 20
19 52 25 39 -16 26 0 0.00 0.0 0 7.9 13 150 M M 0 19 160
20 60 33 47 -8 18 0 0.00 0.0 0 14.3 33 170 M M 5 42 170
21 78 49 64 9 1 0 0.11 0.0 0 14.0 24 190 M M 5 1 33 190
22 83 58 71 15 0 6 0.00 0.0 0 10.6 18 190 M M 0 25 180
23 69 52 61 5 4 0 1.05 0.0 0 10.4 23 30 M M 7 1238 30 40
24 69 45 57 1 8 0 0.02 0.0 0 8.8 25 360 M M 5 3 31 10
25 73 37 55 -2 10 0 0.00 0.0 0 5.7 17 240 M M 1 128 24 250
26 65 41 53 -4 12 0 0.00 0.0 0 15.7 25 30 M M 0 32 30
27 63 36 50 -7 15 0 0.00 0.0 0 10.6 29 350 M M 1 35 10
28 59 37 48 -9 17 0 0.00 0.0 0 12.2 28 360 M M 1 35 10
29 68 35 52 -6 13 0 0.00 0.0 0 9.8 20 170 M M 4 26 150
30 68 52 60 2 5 0 0.01 0.0 0 13.9 25 150 M M 8 18 31 160
31 77 46 62 4 3 0 0.00 0.0 0 12.9 35 250 M M 4 8 50 260
================================================================================
SM 2034 1240 381 11 2.25 0.0 343.5 M 98
================================================================================
AV 65.6 40.0 11.1 FASTST M M 3 MAX(MPH)
MISC ----> # 38 10 50 260
================================================================================
NOTES:
# LAST OF SEVERAL OCCURRENCES
COLUMN 17 PEAK WIND IN M.P.H.
PRELIMINARY LOCAL CLIMATOLOGICAL DATA (WS FORM: F-6) , PAGE 2
STATION: LAWTON
MONTH: MARCH
YEAR: 2023
LATITUDE: 34 34 N
LONGITUDE: 98 25 W
[TEMPERATURE DATA] [PRECIPITATION DATA] SYMBOLS USED IN COLUMN 16
AVERAGE MONTHLY: 52.8 TOTAL FOR MONTH: 2.25 1 = FOG OR MIST
DPTR FM NORMAL: -0.9 DPTR FM NORMAL: 0.36 2 = FOG REDUCING VISIBILITY
HIGHEST: 90 ON 11 GRTST 24HR 1.07 ON 23-24 TO 1/4 MILE OR LESS
LOWEST: 25 ON 19 3 = THUNDER
SNOW, ICE PELLETS, HAIL 4 = ICE PELLETS
TOTAL MONTH: 0.0 INCH 5 = HAIL
GRTST 24HR 0.0 6 = FREEZING RAIN OR DRIZZLE
GRTST DEPTH: 0 7 = DUSTSTORM OR SANDSTORM:
VSBY 1/2 MILE OR LESS
8 = SMOKE OR HAZE
[NO. OF DAYS WITH] [WEATHER - DAYS WITH] 9 = BLOWING SNOW
X = TORNADO
MAX 32 OR BELOW: 0 0.01 INCH OR MORE: 9
MAX 90 OR ABOVE: 1 0.10 INCH OR MORE: 5
MIN 32 OR BELOW: 4 0.50 INCH OR MORE: 2
MIN 0 OR BELOW: 0 1.00 INCH OR MORE: 1
[HDD (BASE 65) ]
TOTAL THIS MO. 381 CLEAR (SCALE 0-3) 16
DPTR FM NORMAL 13 PTCLDY (SCALE 4-7) 14
TOTAL FM JUL 1 2799 CLOUDY (SCALE 8-10) 1
DPTR FM NORMAL -180
[CDD (BASE 65) ]
TOTAL THIS MO. 11
DPTR FM NORMAL -5 [PRESSURE DATA]
TOTAL FM JAN 1 11 HIGHEST SLP M ON M
DPTR FM NORMAL -7 LOWEST SLP 29.45 ON 2
[REMARKS]
#FINAL-03-23#