000
CDUS43 KGLD 160737
CLIITR

CLIMATE REPORT
NATIONAL WEATHER SERVICE
137 AM MDT WED JUN 16 2021

...................................

...THE BURLINGTON CO CLIMATE SUMMARY FOR JUNE 15 2021...

CLIMATE NORMAL PERIOD: 1991 TO 2020
CLIMATE RECORD PERIOD: 1896 TO 2021


WEATHER ITEM   OBSERVED TIME   RECORD YEAR NORMAL DEPARTURE LAST
                VALUE   (LST)  VALUE       VALUE  FROM      YEAR
                                                  NORMAL
...................................................................
TEMPERATURE (F)
 YESTERDAY
  MAXIMUM         96   2:50 PM 112    1952  85     11       99
  MINIMUM         69   5:01 AM  37    1969  56     13       67
  AVERAGE         83                        70     13       83

PRECIPITATION (IN)
  YESTERDAY        0.00                      0.08  -0.08     0.00
  MONTH TO DATE    0.17                      1.39  -1.22     1.54
  SINCE JUN 1      0.17                      1.39  -1.22     1.54
  SINCE JAN 1      9.15                      6.72   2.43     4.34

...................................................................


THE BURLINGTON CO CLIMATE NORMALS FOR TODAY
                         NORMAL    RECORD    YEAR
 MAXIMUM TEMPERATURE (F)   85       103      1952
 MINIMUM TEMPERATURE (F)   56        41      1945


-  INDICATES NEGATIVE NUMBERS.
R  INDICATES RECORD WAS SET OR TIED.
MM INDICATES DATA IS MISSING.
T  INDICATES TRACE AMOUNT.




$$
