989
CDUS43 KFSD 152232
CLIMHE

CLIMATE REPORT
NATIONAL WEATHER SERVICE SIOUX FALLS SD
532 PM CDT TUE JUN 15 2021

...................................

...THE MITCHELL SD CLIMATE SUMMARY FOR JUNE 15 2021...
VALID TODAY AS OF 0400 PM LOCAL TIME.

CLIMATE NORMAL PERIOD: 1991 TO 2020
CLIMATE RECORD PERIOD: 1893 TO 2021


WEATHER ITEM   OBSERVED TIME   RECORD YEAR NORMAL DEPARTURE LAST
                VALUE   (LST)  VALUE       VALUE  FROM      YEAR
                                                  NORMAL
...................................................................
TEMPERATURE (F)
 TODAY
  MAXIMUM         93   3:59 PM 103    1959  81     12       93
  MINIMUM         58   4:48 AM  37    1917  59     -1       72
  AVERAGE         76                        70      6       83

PRECIPITATION (IN)
  TODAY            0.00          1.95 1961   0.12  -0.12     0.02
  MONTH TO DATE    0.36                      1.91  -1.55     3.30
  SINCE JUN 1      0.36                      1.91  -1.55     3.30
  SINCE JAN 1      7.23                      8.83  -1.60     7.74

SNOWFALL (IN)
  TODAY            0.0           0.0    MM  MM     MM        0.0
  MONTH TO DATE    0.0                       0.0    0.0      0.0
  SINCE JUN 1      0.0                       0.0    0.0      0.0
  SINCE JUL 1     30.0                      MM     MM       46.4
  SNOW DEPTH       0

DEGREE DAYS
 HEATING
  TODAY            0                         1     -1        0
  MONTH TO DATE    1                        27    -26        3
  SINCE JUN 1      1                        27    -26        3
  SINCE JUL 1   6617                      7153   -536     7056

 COOLING
  TODAY           11                         6      5       18
  MONTH TO DATE  190                        66    124      164
  SINCE JUN 1    190                        66    124      164
  SINCE JAN 1    254                       112    142      186
...................................................................


WIND (MPH)
  HIGHEST WIND SPEED    16   HIGHEST WIND DIRECTION    SE (130)
  HIGHEST GUST SPEED    23   HIGHEST GUST DIRECTION    SE (120)
  AVERAGE WIND SPEED     7.2


SKY COVER
  POSSIBLE SUNSHINE  MM
  AVERAGE SKY COVER 0.0


WEATHER CONDITIONS
THE FOLLOWING WEATHER WAS RECORDED TODAY.
  NO SIGNIFICANT WEATHER WAS OBSERVED.


RELATIVE HUMIDITY (PERCENT)
 HIGHEST    72           6:00 AM
 LOWEST     21           3:00 PM
 AVERAGE    47

..........................................................


THE MITCHELL SD CLIMATE NORMALS FOR TOMORROW
                         NORMAL    RECORD    YEAR
 MAXIMUM TEMPERATURE (F)   82       103      1933
 MINIMUM TEMPERATURE (F)   59        41      1902


SUNRISE AND SUNSET
JUNE 15 2021..........SUNRISE   5:50 AM CDT   SUNSET   9:16 PM CDT
JUNE 16 2021..........SUNRISE   5:50 AM CDT   SUNSET   9:16 PM CDT


-  INDICATES NEGATIVE NUMBERS.
R  INDICATES RECORD WAS SET OR TIED.
MM INDICATES DATA IS MISSING.
T  INDICATES TRACE AMOUNT.




$$
