000
CDUS43 KFSD 060630
CLISUX

CLIMATE REPORT
NATIONAL WEATHER SERVICE SIOUX FALLS SD
130 AM CDT WED JUL 06 2022

...................................

...THE SIOUX CITY IA CLIMATE SUMMARY FOR JULY 5 2022...

CLIMATE NORMAL PERIOD: 1991 TO 2020
CLIMATE RECORD PERIOD: 1889 TO 2022


WEATHER ITEM   OBSERVED TIME   RECORD YEAR NORMAL DEPARTURE LAST
                VALUE   (LST)  VALUE       VALUE  FROM      YEAR
                                                  NORMAL
...................................................................
TEMPERATURE (F)
 YESTERDAY
  MAXIMUM         94   2:39 PM 108    1936  85      9       92
  MINIMUM         71  11:55 PM  47    1972  63      8       67
  AVERAGE         83                        74      9       80

PRECIPITATION (IN)
  YESTERDAY        0.17          1.35 1982   0.12   0.05     0.00
  MONTH TO DATE    1.02                      0.60   0.42     0.00
  SINCE JUN 1      2.17                      4.95  -2.78     1.31
  SINCE JAN 1      7.92                     15.28  -7.36    11.31

SNOWFALL (IN)
  YESTERDAY        0.0           0.0    MM   0.0    0.0      0.0
  MONTH TO DATE    0.0                       0.0    0.0      0.0
  SINCE JUN 1      0.0                       0.0    0.0      0.0
  SINCE JUL 1      0.0                       0.0    0.0      0.0
  SNOW DEPTH       0

DEGREE DAYS
 HEATING
  YESTERDAY        0                         0      0        0
  MONTH TO DATE    0                         0      0        0
  SINCE JUN 1     10                        26    -16        2
  SINCE JUL 1      0                         0      0        0

 COOLING
  YESTERDAY       18                         9      9       15
  MONTH TO DATE   62                        45     17       58
  SINCE JUN 1    325                       240     85      332
  SINCE JAN 1    414                       305    109      405
...................................................................


WIND (MPH)
  HIGHEST WIND SPEED    44   HIGHEST WIND DIRECTION     N (340)
  HIGHEST GUST SPEED    58   HIGHEST GUST DIRECTION     N (340)
  AVERAGE WIND SPEED     9.7


SKY COVER
  POSSIBLE SUNSHINE  MM
  AVERAGE SKY COVER 0.1


WEATHER CONDITIONS
THE FOLLOWING WEATHER WAS RECORDED YESTERDAY.
  THUNDERSTORM
  HEAVY RAIN
  LIGHT RAIN
  FOG


RELATIVE HUMIDITY (PERCENT)
 HIGHEST    97           3:00 AM
 LOWEST     52           2:00 PM
 AVERAGE    75

..........................................................


THE SIOUX CITY IA CLIMATE NORMALS FOR TODAY
                         NORMAL    RECORD    YEAR
 MAXIMUM TEMPERATURE (F)   85       101      1936
 MINIMUM TEMPERATURE (F)   63        50      1997


SUNRISE AND SUNSET
JULY  6 2022..........SUNRISE   5:55 AM CDT   SUNSET   9:05 PM CDT
JULY  7 2022..........SUNRISE   5:56 AM CDT   SUNSET   9:05 PM CDT


-  INDICATES NEGATIVE NUMBERS.
R  INDICATES RECORD WAS SET OR TIED.
MM INDICATES DATA IS MISSING.
T  INDICATES TRACE AMOUNT.




$$
