000
CDUS43 KFSD 152232
CLISUX

CLIMATE REPORT
NATIONAL WEATHER SERVICE SIOUX FALLS SD
532 PM CDT TUE JUN 15 2021

...................................

...THE SIOUX CITY IA CLIMATE SUMMARY FOR JUNE 15 2021...
VALID TODAY AS OF 0400 PM LOCAL TIME.

CLIMATE NORMAL PERIOD: 1991 TO 2020
CLIMATE RECORD PERIOD: 1889 TO 2021


WEATHER ITEM   OBSERVED TIME   RECORD YEAR NORMAL DEPARTURE LAST
                VALUE   (LST)  VALUE       VALUE  FROM      YEAR
                                                  NORMAL
...................................................................
TEMPERATURE (F)
 TODAY
  MAXIMUM         92   2:59 PM 101    1952  82     10       92
  MINIMUM         56   5:05 AM  41    1989  60     -4       73
  AVERAGE         74                        71      3       83

PRECIPITATION (IN)
  TODAY            0.00          1.75 1999   0.15  -0.15     0.00
  MONTH TO DATE    0.53                      2.24  -1.71     1.06
  SINCE JUN 1      0.53                      2.24  -1.71     1.06
  SINCE JAN 1     10.53                     12.57  -2.04     8.74

SNOWFALL (IN)
  TODAY            0.0           0.0    MM   0.0    0.0      0.0
  MONTH TO DATE    0.0                       0.0    0.0      0.0
  SINCE JUN 1      0.0                       0.0    0.0      0.0
  SINCE JUL 1     38.3                      36.0    2.3     36.0
  SNOW DEPTH       0

DEGREE DAYS
 HEATING
  TODAY            0                         1     -1        0
  MONTH TO DATE    1                        21    -20        0
  SINCE JUN 1      1                        21    -20        0
  SINCE JUL 1   6673                      6856   -183     6637

 COOLING
  TODAY            9                         6      3       18
  MONTH TO DATE  146                        78     68      189
  SINCE JUN 1    146                        78     68      189
  SINCE JAN 1    219                       143     76      216
...................................................................


WIND (MPH)
  HIGHEST WIND SPEED    12   HIGHEST WIND DIRECTION    SE (130)
  HIGHEST GUST SPEED    15   HIGHEST GUST DIRECTION    SE (130)
  AVERAGE WIND SPEED     4.3


SKY COVER
  POSSIBLE SUNSHINE  MM
  AVERAGE SKY COVER 0.0


WEATHER CONDITIONS
THE FOLLOWING WEATHER WAS RECORDED TODAY.
  NO SIGNIFICANT WEATHER WAS OBSERVED.


RELATIVE HUMIDITY (PERCENT)
 HIGHEST    81           3:00 AM
 LOWEST     27           2:00 PM
 AVERAGE    54

..........................................................


THE SIOUX CITY IA CLIMATE NORMALS FOR TOMORROW
                         NORMAL    RECORD    YEAR
 MAXIMUM TEMPERATURE (F)   82       106      1946
 MINIMUM TEMPERATURE (F)   60        43      1999


SUNRISE AND SUNSET
JUNE 15 2021..........SUNRISE   5:48 AM CDT   SUNSET   9:04 PM CDT
JUNE 16 2021..........SUNRISE   5:48 AM CDT   SUNSET   9:05 PM CDT


-  INDICATES NEGATIVE NUMBERS.
R  INDICATES RECORD WAS SET OR TIED.
MM INDICATES DATA IS MISSING.
T  INDICATES TRACE AMOUNT.




$$
