000
CDUS43 KICT 140624
CLIICT


CLIMATE REPORT
NATIONAL WEATHER SERVICE WICHITA KS
122 AM CDT MON MAY 14 2018


...................................

...THE WICHITA EISENHOWER NATIONAL CLIMATE SUMMARY FOR MAY 13 2018...

CLIMATE NORMAL PERIOD 1981 TO 2010
CLIMATE RECORD PERIOD 1888 TO 2018


WEATHER ITEM   OBSERVED TIME   RECORD YEAR NORMAL DEPARTURE LAST
                VALUE   (LST)  VALUE       VALUE  FROM      YEAR
                                                  NORMAL
..................................................................
TEMPERATURE (F)
 YESTERDAY
  MAXIMUM         92R   338 PM  90    1988  76     16       77
  MINIMUM         67    555 AM  32    1966  54     13       47
  AVERAGE         80                        65     15       62

PRECIPITATION (IN)
  YESTERDAY        T             2.60 1965   0.14  -0.14     0.00
  MONTH TO DATE    1.17                      1.77  -0.60     3.31
  SINCE MAR 1      4.05                      7.05  -3.00    14.09
  SINCE JAN 1      4.53                      9.06  -4.53    17.71

SNOWFALL (IN)
  YESTERDAY        0.0           0.0  2007   0.0    0.0      0.0
                                      2001
  MONTH TO DATE    0.0                       0.0    0.0      0.0
  SINCE MAR 1      1.0                       2.5   -1.5       T
  SINCE JUL 1      2.0                      14.9  -12.9      2.0
  SNOW DEPTH       0

DEGREE DAYS
 HEATING
  YESTERDAY        0                         3     -3        3
  MONTH TO DATE    0                        50    -50       45
  SINCE MAR 1    921                       918      3      710
  SINCE JUL 1   4277                      4558   -281     3554

 COOLING
  YESTERDAY       15                         3     12        0
  MONTH TO DATE  119                        27     92       21
  SINCE MAR 1    138                        53     85       66
  SINCE JAN 1    138                        53     85       66
..................................................................


WIND (MPH)
  HIGHEST WIND SPEED    25   HIGHEST WIND DIRECTION     S (170)
  HIGHEST GUST SPEED    33   HIGHEST GUST DIRECTION     S (160)
  AVERAGE WIND SPEED    13.8


SKY COVER
  POSSIBLE SUNSHINE  MM
  AVERAGE SKY COVER 0.6


WEATHER CONDITIONS
 THE FOLLOWING WEATHER WAS RECORDED YESTERDAY.
  LIGHT RAIN


RELATIVE HUMIDITY (PERCENT)
 HIGHEST    93           500 AM
 LOWEST     49           400 PM
 AVERAGE    71

..........................................................


THE WICHITA EISENHOWER NATIONAL CLIMATE NORMALS FOR TODAY
                         NORMAL    RECORD    YEAR
 MAXIMUM TEMPERATURE (F)   76        93      1895
 MINIMUM TEMPERATURE (F)   55        37      1953
                                             1907


SUNRISE AND SUNSET
MAY 14 2018...........SUNRISE   621 AM CDT   SUNSET   832 PM CDT
MAY 15 2018...........SUNRISE   620 AM CDT   SUNSET   832 PM CDT


-  INDICATES NEGATIVE NUMBERS.
R  INDICATES RECORD WAS SET OR TIED.
MM INDICATES DATA IS MISSING.
T  INDICATES TRACE AMOUNT.




$$
