000
CDUS43 KDLH 020620
CLIINL


CLIMATE REPORT
NATIONAL WEATHER SERVICE DULUTH MN
119 AM CDT WED MAY 2 2018


...................................

...THE INTERNATIONAL FALLS MN CLIMATE SUMMARY FOR MAY 1 2018...

CLIMATE NORMAL PERIOD 1981 TO 2010
CLIMATE RECORD PERIOD 1895 TO 2018


WEATHER ITEM   OBSERVED TIME   RECORD YEAR NORMAL DEPARTURE LAST
                VALUE   (LST)  VALUE       VALUE  FROM      YEAR
                                                  NORMAL
..................................................................
TEMPERATURE (F)
 YESTERDAY
  MAXIMUM         56    110 AM  83    1980  60     -4       47
  MINIMUM         39   1159 PM  17    1909  34      5       39
  AVERAGE         48                        46      2       43

PRECIPITATION (IN)
  YESTERDAY        0.11          1.26 1923   0.07   0.04     0.00
  MONTH TO DATE    0.11                      0.07   0.04     0.00
  SINCE MAR 1      0.82                      2.55  -1.73     2.26
  SINCE JAN 1      2.51                      3.74  -1.23     5.01

SNOWFALL (IN)
  YESTERDAY        0.0           3.5  1954   0.0    0.0      0.0
  MONTH TO DATE    0.0                       0.0    0.0      0.0
  SINCE MAR 1      7.6                      14.0   -6.4      7.1
  SINCE JUL 1     62.2                      70.8   -8.6     70.4
  SNOW DEPTH       0

DEGREE DAYS
 HEATING
  YESTERDAY       17                        19     -2       22
  MONTH TO DATE   17                        19     -2       22
  SINCE MAR 1   2299                      2074    225     2028
  SINCE JUL 1  10079                      9657    422     8502

 COOLING
  YESTERDAY        0                         0      0        0
  MONTH TO DATE    0                         0      0        0
  SINCE MAR 1      1                         1      0        0
  SINCE JAN 1      1                         1      0        0
..................................................................


WIND (MPH)
  HIGHEST WIND SPEED    16   HIGHEST WIND DIRECTION    NE (30)
  HIGHEST GUST SPEED    20   HIGHEST GUST DIRECTION    NW (320)
  AVERAGE WIND SPEED     7.7


SKY COVER
  AVERAGE SKY COVER 1.0


WEATHER CONDITIONS
 THE FOLLOWING WEATHER WAS RECORDED YESTERDAY.
  THUNDERSTORM
  HEAVY RAIN
  RAIN
  LIGHT RAIN
  FOG
  HAZE


RELATIVE HUMIDITY (PERCENT)
 HIGHEST   100           500 AM
 LOWEST     71           100 AM
 AVERAGE    86

..........................................................


THE INTERNATIONAL FALLS MN CLIMATE NORMALS FOR TODAY
                         NORMAL    RECORD    YEAR
 MAXIMUM TEMPERATURE (F)   60        85      1980
 MINIMUM TEMPERATURE (F)   34        14      1967


SUNRISE AND SUNSET
MAY  2 2018...........SUNRISE   552 AM CDT   SUNSET   830 PM CDT
MAY  3 2018...........SUNRISE   550 AM CDT   SUNSET   831 PM CDT


-  INDICATES NEGATIVE NUMBERS.
R  INDICATES RECORD WAS SET OR TIED.
MM INDICATES DATA IS MISSING.
T  INDICATES TRACE AMOUNT.




$$
