000
CDUS43 KDTX 042034
CLIDTW


CLIMATE REPORT
NATIONAL WEATHER SERVICE DETROIT/PONTIAC MI
434 PM EDT FRI MAY 4 2018


...................................

...THE DETROIT MI CLIMATE SUMMARY FOR MAY 4 2018...
VALID TODAY AS OF 0400 PM LOCAL TIME.

CLIMATE NORMAL PERIOD 1981 TO 2010
CLIMATE RECORD PERIOD 1874 TO 2018


WEATHER ITEM   OBSERVED TIME   RECORD YEAR NORMAL DEPARTURE LAST
                VALUE   (LST)  VALUE       VALUE  FROM      YEAR
                                                  NORMAL
..................................................................
TEMPERATURE (F)
 TODAY
  MAXIMUM         78   1157 AM  89    1949  66     12       50
  MINIMUM         56   1236 AM  28    1966  46     10       45
  AVERAGE         67                        56     11       48

PRECIPITATION (IN)
  TODAY            0.06          1.05 1990   0.11  -0.05     0.99
  MONTH TO DATE    1.04                      0.42   0.62     1.15
  SINCE MAR 1      7.46                      5.60   1.86     8.96
  SINCE JAN 1     13.09                      9.58   3.51    13.69

SNOWFALL (IN)
  TODAY            0.0           0.2  1907   0.0    0.0      0.0
  MONTH TO DATE    0.0                       0.0    0.0      0.0
  SINCE MAR 1      8.3                       8.6   -0.3      7.0
  SINCE JUL 1     61.0                      42.5   18.5     37.9
  SNOW DEPTH       0

DEGREE DAYS
 HEATING
  TODAY            0                        10    -10       17
  MONTH TO DATE    0                        41    -41       55
  SINCE MAR 1   1563                      1382    181     1244
  SINCE JUL 1   5999                      5935     64     4982

 COOLING
  TODAY            2                         0      2        0
  MONTH TO DATE   12                         0     12        0
  SINCE MAR 1     12                         6      6        7
  SINCE JAN 1     12                         6      6        7
..................................................................


WIND (MPH)
  HIGHEST WIND SPEED    45   HIGHEST WIND DIRECTION     W (250)
  HIGHEST GUST SPEED    61   HIGHEST GUST DIRECTION     W (250)
  AVERAGE WIND SPEED    26.3


SKY COVER
  POSSIBLE SUNSHINE  MM
  AVERAGE SKY COVER 0.8


WEATHER CONDITIONS
 THE FOLLOWING WEATHER WAS RECORDED TODAY.
  THUNDERSTORM
  HEAVY RAIN
  RAIN
  LIGHT RAIN
  FOG


RELATIVE HUMIDITY (PERCENT)
 HIGHEST    87           100 AM
 LOWEST     44           200 PM
 AVERAGE    66

..........................................................


THE DETROIT MI CLIMATE NORMALS FOR TOMORROW
                         NORMAL    RECORD    YEAR
 MAXIMUM TEMPERATURE (F)   67        90      1895
 MINIMUM TEMPERATURE (F)   46        29      1891


SUNRISE AND SUNSET
MAY  4 2018...........SUNRISE   625 AM EDT   SUNSET   836 PM EDT
MAY  5 2018...........SUNRISE   624 AM EDT   SUNSET   837 PM EDT


-  INDICATES NEGATIVE NUMBERS.
R  INDICATES RECORD WAS SET OR TIED.
MM INDICATES DATA IS MISSING.
T  INDICATES TRACE AMOUNT.




$$
