000
CDUS43 KDTX 052032
CLIDTW


CLIMATE REPORT
NATIONAL WEATHER SERVICE DETROIT/PONTIAC MI
432 PM EDT THU APR 5 2018


...................................

...THE DETROIT MI CLIMATE SUMMARY FOR APRIL 5 2018...
VALID TODAY AS OF 0400 PM LOCAL TIME.

CLIMATE NORMAL PERIOD 1981 TO 2010
CLIMATE RECORD PERIOD 1874 TO 2018


WEATHER ITEM   OBSERVED TIME   RECORD YEAR NORMAL DEPARTURE LAST
                VALUE   (LST)  VALUE       VALUE  FROM      YEAR
                                                  NORMAL
..................................................................
TEMPERATURE (F)
 TODAY
  MAXIMUM         43    259 PM  79    1921  55    -12       50
  MINIMUM         27    108 AM  16    1881  36     -9       40
  AVERAGE         35                        45    -10       45

PRECIPITATION (IN)
  TODAY            T             2.59 1947   0.09  -0.09     0.71
  MONTH TO DATE    0.89                      0.45   0.44     0.91
  SINCE MAR 1      3.52                      2.73   0.79     5.17
  SINCE JAN 1      9.15                      6.71   2.44     9.90

SNOWFALL (IN)
  TODAY            T             5.0  1982   0.1   -0.1      0.0
  MONTH TO DATE    0.1                       0.6   -0.5      0.0
  SINCE MAR 1      6.0                       7.5   -1.5      6.9
  SINCE JUL 1     58.7                      41.4   17.3     37.8
  SNOW DEPTH       0

DEGREE DAYS
 HEATING
  TODAY           30                        20     10       20
  MONTH TO DATE  149                       103     46       81
  SINCE MAR 1   1059                       965     94      946
  SINCE JUL 1   5495                      5518    -23     4684

 COOLING
  TODAY            0                         0      0        0
  MONTH TO DATE    0                         0      0        0
  SINCE MAR 1      0                         0      0        0
  SINCE JAN 1      0                         0      0        0
..................................................................


WIND (MPH)
  HIGHEST WIND SPEED    20   HIGHEST WIND DIRECTION     W (250)
  HIGHEST GUST SPEED    31   HIGHEST GUST DIRECTION     W (270)
  AVERAGE WIND SPEED    10.1


SKY COVER
  POSSIBLE SUNSHINE  MM
  AVERAGE SKY COVER 0.6


WEATHER CONDITIONS
 THE FOLLOWING WEATHER WAS RECORDED TODAY.
  LIGHT SNOW


RELATIVE HUMIDITY (PERCENT)
 HIGHEST    69           500 AM
 LOWEST     34           200 PM
 AVERAGE    52

..........................................................


THE DETROIT MI CLIMATE NORMALS FOR TOMORROW
                         NORMAL    RECORD    YEAR
 MAXIMUM TEMPERATURE (F)   55        83      1929
 MINIMUM TEMPERATURE (F)   36        18      1982


SUNRISE AND SUNSET
APRIL  5 2018.........SUNRISE   709 AM EDT   SUNSET   804 PM EDT
APRIL  6 2018.........SUNRISE   707 AM EDT   SUNSET   805 PM EDT


-  INDICATES NEGATIVE NUMBERS.
R  INDICATES RECORD WAS SET OR TIED.
MM INDICATES DATA IS MISSING.
T  INDICATES TRACE AMOUNT.




$$
