000
CDUS43 KFSD 022251
CLIMHE

CLIMATE REPORT
NATIONAL WEATHER SERVICE SIOUX FALLS SD
551 PM CDT THU APR 02 2020

...................................

...THE MITCHELL SD CLIMATE SUMMARY FOR APRIL 2 2020...
VALID TODAY AS OF 0400 PM LOCAL TIME.

CLIMATE NORMAL PERIOD: 1981 TO 2010
CLIMATE RECORD PERIOD: 1893 TO 2020


WEATHER ITEM   OBSERVED TIME   RECORD YEAR NORMAL DEPARTURE LAST
                VALUE   (LST)  VALUE       VALUE  FROM      YEAR
                                                  NORMAL
...................................................................
TEMPERATURE (F)
 TODAY
  MAXIMUM         37  12:32 AM  85    1921  53    -16       56
                                      1963
  MINIMUM         22   4:00 PM   2    1908  30     -8       25
  AVERAGE         30                        41    -11       41

PRECIPITATION (IN)
  TODAY            T             0.68 1897   0.03  -0.03     0.00
  MONTH TO DATE    T                         0.05  -0.05     0.04
  SINCE MAR 1      0.91                      1.11  -0.20     2.83
  SINCE JAN 1      1.87                      1.67   0.20     4.46

SNOWFALL (IN)
  TODAY            T             3.5  1899  MM     MM        0.0
  MONTH TO DATE    T                         0.0    0.0      0.3
  SINCE MAR 1      4.8                      MM     MM        8.6
  SINCE JUL 1     37.7                      MM     MM       51.4
  SNOW DEPTH       0

DEGREE DAYS
 HEATING
  TODAY           35                        24     11       24
  MONTH TO DATE   45                        48     -3       56
  SINCE MAR 1    843                      1006   -163     1184
  SINCE JUL 1   6301                      6528   -227     7191

 COOLING
  TODAY            0                         0      0        0
  MONTH TO DATE    0                         0      0        0
  SINCE MAR 1      0                         0      0        0
  SINCE JAN 1      0                         0      0        0
...................................................................


WIND (MPH)
  HIGHEST WIND SPEED    30   HIGHEST WIND DIRECTION    NW (320)
  HIGHEST GUST SPEED    38   HIGHEST GUST DIRECTION    NW (320)
  AVERAGE WIND SPEED    21.4


SKY COVER
  POSSIBLE SUNSHINE  MM
  AVERAGE SKY COVER 1.0


WEATHER CONDITIONS
THE FOLLOWING WEATHER WAS RECORDED TODAY.
  FREEZING RAIN
  LT FREEZING RAIN
  LIGHT SNOW
  FOG
  BLOWING SNOW


RELATIVE HUMIDITY (PERCENT)
 HIGHEST    92           4:00 AM
 LOWEST     81           3:00 PM
 AVERAGE    87

..........................................................


THE MITCHELL SD CLIMATE NORMALS FOR TOMORROW
                         NORMAL    RECORD    YEAR
 MAXIMUM TEMPERATURE (F)   54        82      1910
 MINIMUM TEMPERATURE (F)   30         2      1936


SUNRISE AND SUNSET
APRIL  2 2020.........SUNRISE   7:11 AM CDT   SUNSET   8:01 PM CDT
APRIL  3 2020.........SUNRISE   7:09 AM CDT   SUNSET   8:02 PM CDT


-  INDICATES NEGATIVE NUMBERS.
R  INDICATES RECORD WAS SET OR TIED.
MM INDICATES DATA IS MISSING.
T  INDICATES TRACE AMOUNT.




$$
