000
CDUS43 KFSD 290656
CLISUX

CLIMATE REPORT
NATIONAL WEATHER SERVICE SIOUX FALLS SD
1256 AM CST SAT FEB 29 2020

...................................

...THE SIOUX CITY IA CLIMATE SUMMARY FOR FEBRUARY 28 2020...

CLIMATE NORMAL PERIOD: 1981 TO 2010
CLIMATE RECORD PERIOD: 1889 TO 2020


WEATHER ITEM   OBSERVED TIME   RECORD YEAR NORMAL DEPARTURE LAST
                VALUE   (LST)  VALUE       VALUE  FROM      YEAR
                                                  NORMAL
...................................................................
TEMPERATURE (F)
 YESTERDAY
  MAXIMUM         41   4:23 PM  71    2000  39      2       19
  MINIMUM         25   1:26 AM -26    1962  20      5        4
  AVERAGE         33                        30      3       12

PRECIPITATION (IN)
  YESTERDAY        0.01          1.05 1951   0.03  -0.02     0.02
  MONTH TO DATE    0.66                      0.67  -0.01     1.41
  SINCE DEC 1      3.53                      2.09   1.44     3.41
  SINCE JAN 1      1.57                      1.29   0.28     1.52

SNOWFALL (IN)
  YESTERDAY        0.2           4.5  1907   0.2    0.0      0.2
  MONTH TO DATE    6.9                       6.6    0.3     18.6
  SINCE DEC 1     18.4                      21.1   -2.7     24.8
  SINCE JUL 1     26.4                      26.5   -0.1     25.5
  SNOW DEPTH       1

DEGREE DAYS
 HEATING
  YESTERDAY       32                        35     -3       53
  MONTH TO DATE 1068                      1117    -49     1433
  SINCE DEC 1   3545                      3817   -272     3975
  SINCE JUL 1   5127                      5293   -166     5672

 COOLING
  YESTERDAY        0                         0      0        0
  MONTH TO DATE    0                         0      0        0
  SINCE DEC 1      0                         0      0        0
  SINCE JAN 1      0                         0      0        0
...................................................................


WIND (MPH)
  HIGHEST WIND SPEED    13   HIGHEST WIND DIRECTION    NW (330)
  HIGHEST GUST SPEED    16   HIGHEST GUST DIRECTION    NW (320)
  AVERAGE WIND SPEED     4.5


SKY COVER
  POSSIBLE SUNSHINE  MM
  AVERAGE SKY COVER 0.7


WEATHER CONDITIONS
THE FOLLOWING WEATHER WAS RECORDED YESTERDAY.
  LIGHT SNOW
  FOG
  FOG W/VISIBILITY <= 1/4 MILE


RELATIVE HUMIDITY (PERCENT)
 HIGHEST   100          10:00 AM
 LOWEST     72           5:00 PM
 AVERAGE    86

..........................................................


THE SIOUX CITY IA CLIMATE NORMALS FOR TODAY
                         NORMAL    RECORD    YEAR
 MAXIMUM TEMPERATURE (F)   40        69      1992
 MINIMUM TEMPERATURE (F)   20       -15      1960


SUNRISE AND SUNSET
FEBRUARY 29 2020......SUNRISE   7:02 AM CST   SUNSET   6:15 PM CST
MARCH  1 2020.........SUNRISE   7:00 AM CST   SUNSET   6:16 PM CST


-  INDICATES NEGATIVE NUMBERS.
R  INDICATES RECORD WAS SET OR TIED.
MM INDICATES DATA IS MISSING.
T  INDICATES TRACE AMOUNT.




$$
