000
CDUS43 KJKL 312020
CLIJKL

CLIMATE REPORT
NATIONAL WEATHER SERVICE JACKSON KY
420 PM EDT SAT MAR 31 2018

...................................

...THE JACKSON KY CLIMATE SUMMARY FOR MARCH 31 2018...
VALID TODAY AS OF 0400 PM LOCAL TIME.

CLIMATE NORMAL PERIOD 1981 TO 2010
CLIMATE RECORD PERIOD 1981 TO 2018

WEATHER ITEM   OBSERVED TIME   RECORD YEAR NORMAL DEPARTURE LAST
                VALUE   (LST)  VALUE       VALUE  FROM      YEAR
                                                  NORMAL
..................................................................
TEMPERATURE (F)
 TODAY
  MAXIMUM         64    241 PM  85    1986  63      1       69
  MINIMUM         32    735 AM  24    1991  42    -10       48
  AVERAGE         48                        52     -4       59

PRECIPITATION (IN)
  TODAY            0.00          1.28 2002   0.13  -0.13     0.64
  MONTH TO DATE    6.97                      4.12   2.85     4.42
  SINCE MAR 1      6.97                      4.12   2.85     4.42
  SINCE JAN 1     16.89                     11.48   5.41    11.99

SNOWFALL (IN)
  TODAY            0.0           0.7  1987   0.0    0.0      0.0
  MONTH TO DATE   11.4                       2.9    8.5      0.2
  SINCE MAR 1     11.4                       2.9    8.5      0.2
  SINCE JUL 1     21.8                      22.5   -0.7      4.8
  SNOW DEPTH       0

DEGREE DAYS
 HEATING
  TODAY           17                        13      4        6
  MONTH TO DATE  654                       553    101      508
  SINCE MAR 1    654                       553    101      508
  SINCE JUL 1   3756                      3853    -97     3000

 COOLING
  TODAY            0                         1     -1        0
  MONTH TO DATE    0                         7     -7        6
  SINCE MAR 1      0                         7     -7        6
  SINCE JAN 1     12                         7      5        8
..................................................................

WIND (MPH)
  HIGHEST WIND SPEED     9   HIGHEST WIND DIRECTION     S (190)
  HIGHEST GUST SPEED    17   HIGHEST GUST DIRECTION    SW (210)
  AVERAGE WIND SPEED     3.9

SKY COVER
  POSSIBLE SUNSHINE  MM
  AVERAGE SKY COVER 0.4

WEATHER CONDITIONS
 THE FOLLOWING WEATHER WAS RECORDED TODAY.
  FOG
  FOG W/VISIBILITY <= 1/4 MILE

RELATIVE HUMIDITY (PERCENT)
 HIGHEST   100           800 AM
 LOWEST     30           300 PM
 AVERAGE    65
..........................................................

THE JACKSON KY CLIMATE NORMALS FOR TOMORROW
                         NORMAL    RECORD    YEAR
 MAXIMUM TEMPERATURE (F)   64        86      2010
 MINIMUM TEMPERATURE (F)   42        24      1987

SUNRISE AND SUNSET
MARCH 31 2018.........SUNRISE   720 AM EDT   SUNSET   755 PM EDT
APRIL  1 2018.........SUNRISE   719 AM EDT   SUNSET   756 PM EDT

-  INDICATES NEGATIVE NUMBERS.
R  INDICATES RECORD WAS SET OR TIED.
MM INDICATES DATA IS MISSING.
T  INDICATES TRACE AMOUNT.

$$

TAB
