000
CXUS54 KHGX 211515
CF6SGR
PRELIMINARY LOCAL CLIMATOLOGICAL DATA (WS FORM: F-6)

                                          STATION:   SUGAR LAND/HULL FLD
                                          MONTH:     APRIL
                                          YEAR:      2019
                                          LATITUDE:   29 37 N
                                          LONGITUDE:  95 39 W

  TEMPERATURE IN F:       :PCPN:    SNOW:  WIND      :SUNSHINE: SKY     :PK WND
================================================================================
1   2   3   4   5  6A  6B    7    8   9   10  11  12  13   14  15   16   17  18
                                     12Z  AVG MX 2MIN
DY MAX MIN AVG DEP HDD CDD  WTR  SNW DPTH SPD SPD DIR MIN PSBL S-S WX    SPD DR
================================================================================

 1  57  39  48 -17  17   0    T  0.0    0  5.1 14  20   M    M   5        18  30
 2  74  37  56  -9   9   0 0.00  0.0    0  4.0 18 160   M    M   0 1      23 160
 3  74  50  62  -4   3   0 0.04  0.0    0  9.1 21 140   M    M   8 13     25 120
 4  84  67  76  10   0  11 0.04  0.0    0  8.6 20 230   M    M   6 123    25 220
 5  85  69  77  11   0  12 0.00  0.0    0  6.0 16 140   M    M   8 128    19 130
 6  87  71  79  13   0  14    T  0.0    0 10.2 22 180   M    M   8 138    27 170
 7  75  63  69   3   0   4 1.12  0.0    0  8.5 23 110   M    M   8 13     29 320
 8  83  62  73   6   0   8 0.01  0.0    0 10.0 21 310   M    M   4 1      32 300
 9  89  57  73   6   0   8 0.00  0.0    0  3.6  8 240   M    M   0 1       M  M
10  89  64  77  10   0  12 0.00  0.0    0 14.3 26 170   M    M   0        33 180
11  81  66  74   6   0   9 0.04  0.0    0  7.8 21  10   M    M   5 1      26 160
12  81  63  72   4   0   7 0.07  0.0    0 10.3 20 100   M    M   5 1      25  90
13  85  52  69   1   0   4 0.09  0.0    0 15.8 31 260   M    M   6 138    47 270
14  73  48  61  -7   4   0 0.00  0.0    0 10.1 23 350   M    M   1        31 350
15  80  48  64  -5   1   0 0.00  0.0    0  8.6 18 160   M    M   0        23 130
16  82  62  72   3   0   7 0.00  0.0    0 13.5 23 160   M    M   4        28 150
17  78  71  75   6   0  10 0.02  0.0    0 14.2 28 140   M    M  10 1      31 150
18  77  57  67  -2   0   2 0.84  0.0    0 10.6 32 350   M    M   7 13     41 340
19  74  51  63  -7   2   0 0.00  0.0    0 11.3 29 320   M    M   0        41 330
20  79  47  63  -7   2   0 0.00  0.0    0  3.5 14 170   M    M   0        19 160
================================================================================
SM 1587 1144        38 108  2.27     0.0 185.1          M       85
================================================================================
AV 79.4 57.2                               9.3 FASTST   M    M   4    MAX(MPH)
                                 MISC ---->  # 32 350               # 47  270
================================================================================
NOTES:
# LAST OF SEVERAL OCCURRENCES

COLUMN 17 PEAK WIND IN M.P.H.

PRELIMINARY LOCAL CLIMATOLOGICAL DATA (WS FORM: F-6) , PAGE 2

                                          STATION:  SUGAR LAND/HULL FLD
                                          MONTH:    APRIL
                                          YEAR:     2019
                                          LATITUDE:   29 37 N
                                          LONGITUDE:  95 39 W

[TEMPERATURE DATA]      [PRECIPITATION DATA]       SYMBOLS USED IN COLUMN 16

AVERAGE MONTHLY: 68.3   TOTAL FOR MONTH:   2.27    1 = FOG OR MIST
DPTR FM NORMAL:   0.8   DPTR FM NORMAL:   -0.07    2 = FOG REDUCING VISIBILITY
HIGHEST:    89 ON 10, 9 GRTST 24HR  1.12 ON  7- 7      TO 1/4 MILE OR LESS
LOWEST:     37 ON  2                               3 = THUNDER
                        SNOW, ICE PELLETS, HAIL    4 = ICE PELLETS
                        TOTAL MONTH:   0.0 INCH    5 = HAIL
                        GRTST 24HR     0.0         6 = FREEZING RAIN OR DRIZZLE
                        GRTST DEPTH:   0           7 = DUSTSTORM OR SANDSTORM:
                                                       VSBY 1/2 MILE OR LESS
                                                   8 = SMOKE OR HAZE
[NO. OF DAYS WITH]      [WEATHER - DAYS WITH]      9 = BLOWING SNOW
                                                   X = TORNADO
MAX 32 OR BELOW:   0    0.01 INCH OR MORE:   9
MAX 90 OR ABOVE:   0    0.10 INCH OR MORE:   2
MIN 32 OR BELOW:   0    0.50 INCH OR MORE:   2
MIN  0 OR BELOW:   0    1.00 INCH OR MORE:   1

[HDD (BASE 65) ]
TOTAL THIS MO.    38    CLEAR  (SCALE 0-3)   7
DPTR FM NORMAL     1    PTCLDY (SCALE 4-7)  11
TOTAL FM JUL 1  1131    CLOUDY (SCALE 8-10)  2
DPTR FM NORMAL  -285

[CDD (BASE 65) ]
TOTAL THIS MO.   108
DPTR FM NORMAL    23    [PRESSURE DATA]
TOTAL FM JAN 1   266    HIGHEST SLP M ON M
DPTR FM NORMAL    92    LOWEST  SLP 29.48 ON 13

[REMARKS]
