000
CDUS41 KALY 042048
CLIGFL


CLIMATE REPORT
NATIONAL WEATHER SERVICE ALBANY NY
446 PM EDT WED APR 4 2018


...................................

...THE GLENS FALLS NY CLIMATE SUMMARY FOR APRIL 4 2018...
VALID TODAY AS OF 0400 PM LOCAL TIME.

CLIMATE NORMAL PERIOD 1981 TO 2010
CLIMATE RECORD PERIOD 1949 TO 2018


WEATHER ITEM   OBSERVED TIME   RECORD YEAR NORMAL DEPARTURE LAST
                VALUE   (LST)  VALUE       VALUE  FROM      YEAR
                                                  NORMAL
..................................................................
TEMPERATURE (F)
 TODAY
  MAXIMUM         50    259 PM  76    1950  51     -1       46
  MINIMUM         36    106 AM  13    2016  28      8       39
                                      1954
  AVERAGE         43                        40      3       43

PRECIPITATION (IN)
  TODAY            0.30          1.36 2017   0.09   0.21     1.36
  MONTH TO DATE    0.41                      0.38   0.03     1.45
  SINCE MAR 1      2.14                      3.32  -1.18     3.99
  SINCE JAN 1      6.90                      8.26  -1.36     8.68

DEGREE DAYS
 HEATING
  TODAY           22                        25     -3       22
  MONTH TO DATE  109                       104      5       93
  SINCE MAR 1   1128                      1147    -19     1161
  SINCE JUL 1   6428                      6767   -339     5683

 COOLING
  TODAY            0                         0      0        0
  MONTH TO DATE    0                         0      0        0
  SINCE MAR 1      0                         0      0        0
  SINCE JAN 1      0                         0      0        0
..................................................................


WIND (MPH)
  HIGHEST WIND SPEED    20   HIGHEST WIND DIRECTION     W (290)
  HIGHEST GUST SPEED    26   HIGHEST GUST DIRECTION     W (270)
  AVERAGE WIND SPEED     6.6


SKY COVER
  AVERAGE SKY COVER 0.9



RELATIVE HUMIDITY (PERCENT)
 HIGHEST   100           100 AM
 LOWEST     56           300 PM
 AVERAGE    78

..........................................................


THE GLENS FALLS NY CLIMATE NORMALS FOR TOMORROW
                         NORMAL    RECORD    YEAR
 MAXIMUM TEMPERATURE (F)   52        71      2010
 MINIMUM TEMPERATURE (F)   29         7      2016


SUNRISE AND SUNSET
APRIL  4 2018.........SUNRISE   631 AM EDT   SUNSET   725 PM EDT
APRIL  5 2018.........SUNRISE   629 AM EDT   SUNSET   726 PM EDT


-  INDICATES NEGATIVE NUMBERS.
R  INDICATES RECORD WAS SET OR TIED.
MM INDICATES DATA IS MISSING.
T  INDICATES TRACE AMOUNT.




$$
