515
CDUS43 KSGF 190627
CLIJLN


CLIMATE REPORT
NATIONAL WEATHER SERVICE SPRINGFIELD MO
127 AM CDT THU APR 19 2018


...................................

...THE JOPLIN MO CLIMATE SUMMARY FOR APRIL 18 2018...

CLIMATE NORMAL PERIOD 1981 TO 2010
CLIMATE RECORD PERIOD 1902 TO 2018


WEATHER ITEM   OBSERVED TIME   RECORD YEAR NORMAL DEPARTURE LAST
                VALUE   (LST)  VALUE       VALUE  FROM      YEAR
                                                  NORMAL
..................................................................
TEMPERATURE (F)
 YESTERDAY
  MAXIMUM         71    229 AM  95    2006  71      0       80
  MINIMUM         40   1159 PM  28    1953  48     -8       56
  AVERAGE         56                        59     -3       68

PRECIPITATION (IN)
  YESTERDAY        0.00          1.43 2013   0.15  -0.15     0.00
  MONTH TO DATE    0.42                      2.39  -1.97     2.54
  SINCE MAR 1      2.72                      5.81  -3.09     5.24
  SINCE JAN 1      8.13                     10.16  -2.03     9.23

DEGREE DAYS
 HEATING
  YESTERDAY        9                         7      2        0
  MONTH TO DATE  307                       172    135       85
  SINCE MAR 1    799                       680    119      465
  SINCE JUL 1   3987                      3934     53     3017

 COOLING
  YESTERDAY        0                         2     -2        3
  MONTH TO DATE   12                        20     -8       36
  SINCE MAR 1     12                        29    -17       53
  SINCE JAN 1     12                        30    -18       63
..................................................................


WIND (MPH)
  HIGHEST WIND SPEED    33   HIGHEST WIND DIRECTION    SW (220)
  HIGHEST GUST SPEED    49   HIGHEST GUST DIRECTION    SW (220)
  AVERAGE WIND SPEED    18.1


SKY COVER
  AVERAGE SKY COVER 0.2


WEATHER CONDITIONS
 THE FOLLOWING WEATHER WAS RECORDED YESTERDAY.
  HAZE


RELATIVE HUMIDITY (PERCENT)
 HIGHEST    65          1100 PM
 LOWEST     36           200 PM
 AVERAGE    51

..........................................................


THE JOPLIN MO CLIMATE NORMALS FOR TODAY
                         NORMAL    RECORD    YEAR
 MAXIMUM TEMPERATURE (F)   71        93      1987
 MINIMUM TEMPERATURE (F)   48        31      1953
                                             1988


SUNRISE AND SUNSET
APRIL 19 2018.........SUNRISE   638 AM CDT   SUNSET   757 PM CDT
APRIL 20 2018.........SUNRISE   637 AM CDT   SUNSET   758 PM CDT


-  INDICATES NEGATIVE NUMBERS.
R  INDICATES RECORD WAS SET OR TIED.
MM INDICATES DATA IS MISSING.
T  INDICATES TRACE AMOUNT.




$$
