000
CDUS41 KCLE 272118
CLITOL


CLIMATE REPORT
NATIONAL WEATHER SERVICE CLEVELAND OH
517 PM EDT TUE SEP 27 2016


...................................

...THE TOLEDO OH CLIMATE SUMMARY FOR SEPTEMBER 27 2016...
VALID TODAY AS OF 0500 PM LOCAL TIME.

CLIMATE NORMAL PERIOD 1981 TO 2010
CLIMATE RECORD PERIOD 1873 TO 2016


WEATHER ITEM   OBSERVED TIME   RECORD YEAR NORMAL DEPARTURE LAST
                VALUE   (LST)  VALUE       VALUE  FROM      YEAR
                                                  NORMAL
..................................................................
TEMPERATURE (F)
 TODAY
  MAXIMUM         70    359 PM  90    1891  71     -1       80
  MINIMUM         49    652 AM  33    1980  48      1       59
  AVERAGE         60                        59      1       70

PRECIPITATION (IN)
  TODAY            0.00                      0.09  -0.09     0.00
  MONTH TO DATE    2.58                      2.52   0.06     1.18
  SINCE SEP 1      2.58                      2.52   0.06     1.18
  SINCE JAN 1     25.89                     25.84   0.05    29.51

SNOWFALL (IN)
  TODAY            0.0                       0.0    0.0      0.0
  MONTH TO DATE    0.0                       0.0    0.0      0.0
  SINCE SEP 1      0.0                       0.0    0.0      0.0
  SINCE JUL 1      0.0                       0.0    0.0      0.0
  SNOW DEPTH       0

DEGREE DAYS
 HEATING
  TODAY            5                         7     -2        0
  MONTH TO DATE   19                        87    -68       40
  SINCE SEP 1     19                        87    -68       40
  SINCE JUL 1     20                       101    -81       52

 COOLING
  TODAY            0                         1     -1        5
  MONTH TO DATE  119                        78     41      131
  SINCE SEP 1    119                        78     41      131
  SINCE JAN 1   1008                       780    228      712
..................................................................


WIND (MPH)
  HIGHEST WIND SPEED    28   HIGHEST WIND DIRECTION     W (260)
  HIGHEST GUST SPEED    35   HIGHEST GUST DIRECTION    SW (220)


SKY COVER
  POSSIBLE SUNSHINE  MM
  AVERAGE SKY COVER 0.0


WEATHER CONDITIONS
 THE FOLLOWING WEATHER WAS RECORDED TODAY.
  NO SIGNIFICANT WEATHER WAS OBSERVED.


RELATIVE HUMIDITY (PERCENT)
 HIGHEST    77          1200 AM
 LOWEST     26           300 PM
 AVERAGE    52

..........................................................


THE TOLEDO OH CLIMATE NORMALS FOR TOMORROW
                         NORMAL    RECORD    YEAR
 MAXIMUM TEMPERATURE (F)   70        89      1905
 MINIMUM TEMPERATURE (F)   48        29      1942


SUNRISE AND SUNSET
SEPTEMBER 27 2016.....SUNRISE   728 AM EDT   SUNSET   723 PM EDT
SEPTEMBER 28 2016.....SUNRISE   729 AM EDT   SUNSET   721 PM EDT


-  INDICATES NEGATIVE NUMBERS.
R  INDICATES RECORD WAS SET OR TIED.
MM INDICATES DATA IS MISSING.
T  INDICATES TRACE AMOUNT.




$$
