000
CDUS41 KCLE 060529
CLITOL


CLIMATE REPORT
NATIONAL WEATHER SERVICE CLEVELAND OH
1227 AM EST SAT FEB 6 2016


...................................

...THE TOLEDO OH CLIMATE SUMMARY FOR FEBRUARY 5 2016...

CLIMATE NORMAL PERIOD 1981 TO 2010
CLIMATE RECORD PERIOD 1873 TO 2016


WEATHER ITEM   OBSERVED TIME   RECORD YEAR NORMAL DEPARTURE LAST
                VALUE   (LST)  VALUE       VALUE  FROM      YEAR
                                                  NORMAL
..................................................................
TEMPERATURE (F)
 YESTERDAY
  MAXIMUM         40    249 PM  56    1938  34      6       15
  MINIMUM         15    431 AM -13    1918  19     -4      -10
  AVERAGE         28                        26      2        3

PRECIPITATION (IN)
  YESTERDAY        0.00                      0.06  -0.06     0.00
  MONTH TO DATE    0.32                      0.33  -0.01     1.10
  SINCE DEC 1      4.77                      5.06  -0.29     4.24
  SINCE JAN 1      1.79                      2.38  -0.59     3.15

SNOWFALL (IN)
  YESTERDAY        0.0                       0.4   -0.4      0.0
  MONTH TO DATE    T                         1.9   -1.9     16.6
  SINCE DEC 1      5.9                      20.9  -15.0     28.8
  SINCE JUL 1      9.4                      23.0  -13.6     31.6
  SNOW DEPTH       0

DEGREE DAYS
 HEATING
  YESTERDAY       37                        39     -2       62
  MONTH TO DATE  149                       195    -46      250
  SINCE DEC 1   2071                      2511   -440     2605
  SINCE JUL 1   3081                      3744   -663     4043

 COOLING
  YESTERDAY        0                         0      0        0
  MONTH TO DATE    0                         0      0        0
  SINCE DEC 1      0                         0      0        0
  SINCE JAN 1      0                         0      0        0
..................................................................


WIND (MPH)
  HIGHEST WIND SPEED    17   HIGHEST WIND DIRECTION    SW (210)
  HIGHEST GUST SPEED    22   HIGHEST GUST DIRECTION    SW (210)
  AVERAGE WIND SPEED     5.8


SKY COVER
  POSSIBLE SUNSHINE  MM
  AVERAGE SKY COVER 0.3


WEATHER CONDITIONS
 THE FOLLOWING WEATHER WAS RECORDED YESTERDAY.
  NO SIGNIFICANT WEATHER WAS OBSERVED.


RELATIVE HUMIDITY (PERCENT)
 HIGHEST    92           700 AM
 LOWEST     44           100 PM
 AVERAGE    68

..........................................................


THE TOLEDO OH CLIMATE NORMALS FOR TODAY
                         NORMAL    RECORD    YEAR
 MAXIMUM TEMPERATURE (F)   34        61      1938
 MINIMUM TEMPERATURE (F)   19        -6      2014
                                             1982
                                             1979


SUNRISE AND SUNSET
FEBRUARY  6 2016......SUNRISE   742 AM EST   SUNSET   557 PM EST
FEBRUARY  7 2016......SUNRISE   741 AM EST   SUNSET   558 PM EST


-  INDICATES NEGATIVE NUMBERS.
R  INDICATES RECORD WAS SET OR TIED.
MM INDICATES DATA IS MISSING.
T  INDICATES TRACE AMOUNT.




$$
