000
CDUS41 KCLE 110527
CLITOL


CLIMATE REPORT
NATIONAL WEATHER SERVICE CLEVELAND OH
126 AM EDT FRI JUL 11 2014


...................................

...THE TOLEDO OH CLIMATE SUMMARY FOR JULY 10 2014...

CLIMATE NORMAL PERIOD 1981 TO 2010
CLIMATE RECORD PERIOD 1873 TO 2014


WEATHER ITEM   OBSERVED TIME   RECORD YEAR NORMAL DEPARTURE LAST
                VALUE   (LST)  VALUE       VALUE  FROM      YEAR
                                                  NORMAL
..................................................................
TEMPERATURE (F)
 YESTERDAY
  MAXIMUM         79    542 PM 102    1936  85     -6       86
  MINIMUM         56    530 AM  43    1961  63     -7       66
  AVERAGE         68                        74     -6       76

PRECIPITATION (IN)
  YESTERDAY        0.00                      0.10  -0.10     0.40
  MONTH TO DATE    0.24                      0.99  -0.75     1.97
  SINCE JUN 1      4.22                      4.56  -0.34     8.32
  SINCE JAN 1     18.07                     17.93   0.14    22.82

SNOWFALL (IN)
  YESTERDAY        0.0                       0.0    0.0      0.0
  MONTH TO DATE    0.0                       0.0    0.0      0.0
  SINCE JUN 1      0.0                       0.0    0.0      0.0
  SINCE JUL 1      0.0                       0.0    0.0      0.0
  SNOW DEPTH       0

DEGREE DAYS
 HEATING
  YESTERDAY        0                         0      0        0
  MONTH TO DATE    1                         0      1        1
  SINCE JUN 1     17                        35    -18       32
  SINCE JUL 1      1                         0      1        1

 COOLING
  YESTERDAY        3                         9     -6       11
  MONTH TO DATE   58                        88    -30       82
  SINCE JUN 1    249                       258     -9      244
  SINCE JAN 1    311                       311      0      338
..................................................................


WIND (MPH)
  HIGHEST WIND SPEED    10   HIGHEST WIND DIRECTION    NE (40)
  HIGHEST GUST SPEED    13   HIGHEST GUST DIRECTION     W (270)
  AVERAGE WIND SPEED     3.8


SKY COVER
  POSSIBLE SUNSHINE  MM
  AVERAGE SKY COVER 0.2


WEATHER CONDITIONS
 THE FOLLOWING WEATHER WAS RECORDED YESTERDAY.
  NO SIGNIFICANT WEATHER WAS OBSERVED.


RELATIVE HUMIDITY (PERCENT)
 HIGHEST    90          1100 PM
 LOWEST     43           100 PM
 AVERAGE    67

..........................................................


THE TOLEDO OH CLIMATE NORMALS FOR TODAY
                         NORMAL    RECORD    YEAR
 MAXIMUM TEMPERATURE (F)   85       101      1936
 MINIMUM TEMPERATURE (F)   63        46      1945


SUNRISE AND SUNSET
JULY 11 2014..........SUNRISE   611 AM EDT   SUNSET   910 PM EDT
JULY 12 2014..........SUNRISE   612 AM EDT   SUNSET   909 PM EDT


-  INDICATES NEGATIVE NUMBERS.
R  INDICATES RECORD WAS SET OR TIED.
MM INDICATES DATA IS MISSING.
T  INDICATES TRACE AMOUNT.




$$
