000
CXUS53 KILX 011509
CLMPIA


CLIMATE REPORT
NATIONAL WEATHER SERVICE LINCOLN IL
956 AM CDT THU SEP 1 2016

...................................

...THE PEORIA IL CLIMATE SUMMARY FOR THE MONTH OF AUGUST 2016...

CLIMATE NORMAL PERIOD 1981 TO 2010
CLIMATE RECORD PERIOD 1883 TO 2016

WEATHER         OBSERVED          NORMAL  DEPART  LAST YEAR`S
                 VALUE   DATE(S)  VALUE   FROM    VALUE
                                          NORMAL
.............................................................
TEMPERATURE (F)
RECORD
 HIGH             106   08/18/1936
 LOW               41   08/28/1986
                        08/31/1915
                        08/26/1910
HIGHEST            93   08/11        84       9       94
LOWEST             56   08/22        63      -7       54
AVG. MAXIMUM     85.0              83.8     1.2     84.5
AVG. MINIMUM     67.7              63.7     4.0     64.5
MEAN             76.4              73.8     2.6     74.5
DAYS MAX >= 90      2               5.5    -3.5        5
DAYS MAX <= 32      0               0.0     0.0        0
DAYS MIN <= 32      0               0.0     0.0        0
DAYS MIN <= 0       0               0.0     0.0        0

PRECIPITATION (INCHES)
RECORD
 MAXIMUM         8.61   1965
 MINIMUM         0.25   1992
TOTALS           7.45              3.24    4.21     2.03
DAILY AVG.       0.24              0.10    0.14     0.07
DAYS >= .01        13               9.1     3.9        4
DAYS >= .10        11               6.0     5.0        2
DAYS >= .50         5               2.5     2.5        2
DAYS >= 1.00        2               0.8     1.2        1
GREATEST
 24 HR. TOTAL    1.98   08/12 TO 08/12              1.28

SNOWFALL (INCHES)
RECORDS
 TOTAL            0.0   MM
TOTALS            0.0               0.0     0.0      0.0
SINCE 7/1         0.0               0.0     0.0      0.0
DAYS >= 1.0         0               0.0     0.0        0
GREATEST
 SNOW DEPTH         0   MM                             0
 24 HR TOTAL      0.0   MM                           0.0

DEGREE_DAYS
HEATING TOTAL       0                 5      -5        0
 SINCE 7/1          4                 6      -2        5
COOLING TOTAL     360               276      84      302
 SINCE 1/1       1157               907     250     1112
..............................................................

WIND (MPH)
AVERAGE WIND SPEED              5.8
HIGHEST WIND SPEED/DIRECTION    45/280    DATE  08/24
HIGHEST GUST SPEED/DIRECTION    64/280    DATE  08/24

SKY COVER
POSSIBLE SUNSHINE (PERCENT)   MM
AVERAGE SKY COVER           0.30
NUMBER OF DAYS FAIR           21
NUMBER OF DAYS PC              8
NUMBER OF DAYS CLOUDY          2

AVERAGE RH (PERCENT)     79

WEATHER CONDITIONS. NUMBER OF DAYS WITH
THUNDERSTORM             11     MIXED PRECIP               0
HEAVY RAIN                9     RAIN                      11
LIGHT RAIN               13     FREEZING RAIN              0
LT FREEZING RAIN          0     HAIL                       0
HEAVY SNOW                0     SNOW                       0
LIGHT SNOW                0     SLEET                      0
FOG                      19     FOG W/VIS <= 1/4 MILE      0
HAZE                      1

-  INDICATES NEGATIVE NUMBERS.
R  INDICATES RECORD WAS SET OR TIED.
MM INDICATES DATA IS MISSING.
T  INDICATES TRACE AMOUNT.
&&

RECORDS SET IN AUGUST 2016:
-RECORD DAILY RAINFALL SET ON AUGUST 12, 5.59 INCHES.
-RECORD DAILY RAINFALL SET ON AUGUST 15, 1.66 INCHES.
-3RD WETTEST AUGUST ON RECORD, 7.45 INCHES.

$$
