000
CXUS53 KLMK 011059 RRD
CLMBWG

CLIMATE REPORT
NATIONAL WEATHER SERVICE LOUISVILLE KY
648 AM EDT SUN MAY 1 2016

...................................

...THE BOWLING GREEN CLIMATE SUMMARY FOR THE MONTH OF APRIL 2016...

CLIMATE NORMAL PERIOD 1981 TO 2010
CLIMATE RECORD PERIOD 1870 TO 2016

WEATHER         OBSERVED          NORMAL  DEPART  LAST YEAR`S
                 VALUE   DATE(S)  VALUE   FROM    VALUE  DATE(S)
                                          NORMAL
................................................................
TEMPERATURE (F)
RECORD
 HIGH              96   04/24/1925
 LOW               18   04/17/1875
HIGHEST            87   04/26        MM      MM       84  04/08
LOWEST             32   04/03        MM      MM       31  04/05
AVG. MAXIMUM     72.5              69.7     2.8     71.4
AVG. MINIMUM     47.4              45.6     1.8     49.0
MEAN             60.0              57.7     2.3     60.2
DAYS MAX >= 90      0               0.1    -0.1        0
DAYS MAX <= 32      0               0.0     0.0        0
DAYS MIN <= 32      1               2.3    -1.3        1
DAYS MIN <= 0       0               0.0     0.0        0

PRECIPITATION (INCHES)
RECORD
 MAXIMUM        11.49   1912
 MINIMUM         0.94   1976
TOTALS           1.53              4.34   -2.81     9.08
DAILY AVG.       0.05              0.14   -0.09     0.30
DAYS >= .01        10              11.7    -1.7       13
DAYS >= .10         5               7.9    -2.9       10
DAYS >= .50         0               3.0    -3.0        7
DAYS >= 1.00        0               0.9    -0.9        4
GREATEST
 24 HR. TOTAL    1.22   03/31 TO 04/01

SNOWFALL (INCHES)
RECORDS
 TOTAL            2.1   5
                        0
TOTALS            0.0               0.2    -0.2      0.0
SINCE 7/1        24.0               9.1    14.9     23.5
SNOWDEPTH AVG.      0                MM      MM        0
DAYS >= 1.0         0               0.1    -0.1        0
GREATEST
 SNOW DEPTH         0   MM                             0  MM
 24 HR TOTAL      0.0   04/30 TO 04/30

DEGREE_DAYS
HEATING TOTAL     188               251     -63      172
 SINCE 7/1       3137              3969    -832     4247
COOLING TOTAL      43                31      12       35
 SINCE 1/1         44                36       8       35
.................................................................

WIND (MPH)
AVERAGE WIND SPEED              6.7
HIGHEST WIND SPEED/DIRECTION    35/200    DATE  04/06
HIGHEST GUST SPEED/DIRECTION    44/190    DATE  04/06

SKY COVER
POSSIBLE SUNSHINE (PERCENT)   MM
AVERAGE SKY COVER           0.30
NUMBER OF DAYS FAIR           16
NUMBER OF DAYS PC             11
NUMBER OF DAYS CLOUDY          3

AVERAGE RH (PERCENT)     62

WEATHER CONDITIONS. NUMBER OF DAYS WITH
THUNDERSTORM              4     MIXED PRECIP               0
HEAVY RAIN                1     RAIN                       7
LIGHT RAIN               11     FREEZING RAIN              0
LT FREEZING RAIN          0     HAIL                       0
HEAVY SNOW                0     SNOW                       0
LIGHT SNOW                0     SLEET                      0
FOG                      11     FOG W/VIS <= 1/4 MILE      1
HAZE                      2

-  INDICATES NEGATIVE NUMBERS.
R  INDICATES RECORD WAS SET OR TIED.
MM INDICATES DATA IS MISSING.
T  INDICATES TRACE AMOUNT.

$$
