000
CXUS53 KLMK 071325
CLMBWG


CLIMATE REPORT
NATIONAL WEATHER SERVICE LOUISVILLE KY
825 AM EST THU NOV 7 2013

...................................

...THE BOWLING GREEN CLIMATE SUMMARY FOR THE MONTH OF OCTOBER 2013...

CLIMATE NORMAL PERIOD 1981 TO 2010
CLIMATE RECORD PERIOD 1870 TO 2013

WEATHER         OBSERVED          NORMAL  DEPART  LAST YEAR`S
                 VALUE   DATE(S)  VALUE   FROM    VALUE  DATE(S)
                                          NORMAL
................................................................
TEMPERATURE (F)
RECORD
 HIGH              94   10/12/1930
                        10/14/1928
                        10/03/1911
 LOW               17   10/31/1887
HIGHEST            85   10/05        MM      MM       82  10/22
LOWEST             26   10/26        MM      MM       34  10/31
                        10/25
AVG. MAXIMUM     69.7              71.2    -1.5     68.4
AVG. MINIMUM     47.7              46.3     1.4     46.3
MEAN             58.7              58.8    -0.1     57.3
DAYS MAX >= 90      0               0.2    -0.2        0
DAYS MAX <= 32      0               0.0     0.0        0
DAYS MIN <= 32      3               2.0     1.0        0
DAYS MIN <= 0       0               0.0     0.0        0

PRECIPITATION (INCHES)
RECORD
 MAXIMUM         8.38   2007
 MINIMUM         0.03   1924
TOTALS           4.04              3.38    0.66     2.94
DAILY AVG.       0.13              0.11    0.02     0.09
DAYS >= .01        13               8.5     4.5        9
DAYS >= .10         9               5.3     3.7        7
DAYS >= .50         3               2.3     0.7        2
DAYS >= 1.00        1               0.9     0.1        1
GREATEST
 24 HR. TOTAL    1.05   10/02 TO 10/03

SNOWFALL (INCHES)
RECORDS
 TOTAL            0.9   5
                        0
TOTALS            0.0                 T     0.0      0.0
SINCE 7/1         0.0                 T     0.0      0.0
SNOWDEPTH AVG.      0                MM      MM        0
DAYS >= 1.0         0               0.0     0.0        0
GREATEST
 SNOW DEPTH         0   MM                             0  MM
 24 HR TOTAL      0.0   10/31 TO 10/31

DEGREE_DAYS
HEATING TOTAL     238               227      11      241
 SINCE 7/1        250               263     -13      274
COOLING TOTAL      47                33      14       12
 SINCE 1/1       1499              1488      11     1935
.................................................................

WIND (MPH)
AVERAGE WIND SPEED              3.8
HIGHEST WIND SPEED/DIRECTION    35/190    DATE  10/31
HIGHEST GUST SPEED/DIRECTION    47/180    DATE  10/31

SKY COVER
POSSIBLE SUNSHINE (PERCENT)   MM
AVERAGE SKY COVER           0.40
NUMBER OF DAYS FAIR           12
NUMBER OF DAYS PC             13
NUMBER OF DAYS CLOUDY          6

AVERAGE RH (PERCENT)     75

WEATHER CONDITIONS. NUMBER OF DAYS WITH
THUNDERSTORM              0     MIXED PRECIP               0
HEAVY RAIN                6     RAIN                       9
LIGHT RAIN               15     FREEZING RAIN              0
LT FREEZING RAIN          0     HAIL                       0
HEAVY SNOW                0     SNOW                       0
LIGHT SNOW                0     SLEET                      0
FOG                      24     FOG W/VIS <= 1/4 MILE      8
HAZE                      1

-  INDICATES NEGATIVE NUMBERS.
R  INDICATES RECORD WAS SET OR TIED.
MM INDICATES DATA IS MISSING.
T  INDICATES TRACE AMOUNT.

$$
