000
CXUS51 KALY 011007
CLMDDH


CLIMATE REPORT
NATIONAL WEATHER SERVICE ALBANY NY
605 AM EDT SAT AUG 1 2015

...................................

...THE BENNINGTON VT CLIMATE SUMMARY FOR THE MONTH OF JULY 2015...

CLIMATE NORMAL PERIOD 1981 TO 2010
CLIMATE RECORD PERIOD 9999 TO 9999

WEATHER         OBSERVED          NORMAL  DEPART  LAST YEAR`S
                 VALUE   DATE(S)  VALUE   FROM    VALUE  DATE(S)
                                          NORMAL
................................................................
TEMPERATURE (F)
HIGHEST            90   07/29                         89  07/02
                                                          07/01
LOWEST             43   07/16                         48  07/25
AVG. MAXIMUM     80.8              79.4     1.4     79.7
AVG. MINIMUM     55.8              57.0    -1.2     57.0
MEAN             68.3              68.2     0.1     68.3
DAYS MAX >= 90      1               0.6     0.4        0
DAYS MAX <= 32      0               0.0     0.0        0
DAYS MIN <= 32      0               0.0     0.0        0
DAYS MIN <= 0       0               0.0     0.0        0

PRECIPITATION (INCHES)
TOTALS           1.99              4.34   -2.35     7.95
DAILY AVG.       0.07              0.14   -0.07     0.26
DAYS >= .01         7                                 16
DAYS >= .10         4                                 14
DAYS >= .50         1                                  7
DAYS >= 1.00        0                                  2
GREATEST
 24 HR. TOTAL    0.61   06/30 TO 07/01

DEGREE_DAYS
HEATING TOTAL      27                24       3       11
 SINCE 7/1         27                24       3       11
COOLING TOTAL     137               123      14      124
 SINCE 1/1        248               195      53      202

FREEZE DATES
EARLIEST                        10/01
LATEST                          05/10
.................................................................

WIND (MPH)
AVERAGE WIND SPEED              3.3
HIGHEST WIND SPEED/DIRECTION    22/210    DATE  07/19
HIGHEST GUST SPEED/DIRECTION    32/210    DATE  07/19

SKY COVER
AVERAGE SKY COVER           0.30

AVERAGE RH (PERCENT)     74

WEATHER CONDITIONS. NUMBER OF DAYS WITH
THUNDERSTORM              6     MIXED PRECIP               0
HEAVY RAIN                3     RAIN                       5
LIGHT RAIN               12     FREEZING RAIN              0
LT FREEZING RAIN          0     HAIL                       0
HEAVY SNOW                0     SNOW                       0
LIGHT SNOW                0     SLEET                      0
FOG                      28     FOG W/VIS <= 1/4 MILE      7
HAZE                     23

-  INDICATES NEGATIVE NUMBERS.
R  INDICATES RECORD WAS SET OR TIED.
MM INDICATES DATA IS MISSING.
T  INDICATES TRACE AMOUNT.

$$
