000
CDUS41 KCLE 140534
CLICLE


CLIMATE REPORT
NATIONAL WEATHER SERVICE CLEVELAND OH
134 AM EDT SAT APR 14 2018


...................................

...THE CLEVELAND OH CLIMATE SUMMARY FOR APRIL 13 2018...

CLIMATE NORMAL PERIOD 1981 TO 2010
CLIMATE RECORD PERIOD 1871 TO 2018


WEATHER ITEM   OBSERVED TIME   RECORD YEAR NORMAL DEPARTURE LAST
                VALUE   (LST)  VALUE       VALUE  FROM      YEAR
                                                  NORMAL
..................................................................
TEMPERATURE (F)
 YESTERDAY
  MAXIMUM         81    331 PM  83    1941  58     23       56
  MINIMUM         43   1159 PM  20    1950  40      3       45
  AVERAGE         62                        49     13       51

PRECIPITATION (IN)
  YESTERDAY        0.00                      0.12  -0.12     0.00
  MONTH TO DATE    1.48                      1.59  -0.11     1.61
  SINCE MAR 1      5.49                      4.52   0.97     5.63
  SINCE JAN 1     11.01                      9.58   1.43    13.09

SNOWFALL (IN)
  YESTERDAY        0.0                       0.2   -0.2      0.0
  MONTH TO DATE    1.9                       2.4   -0.5      2.8
  SINCE MAR 1     14.6                      15.0   -0.4     12.1
  SINCE JUL 1     51.7                      67.2  -15.5     37.3
  SNOW DEPTH       0

DEGREE DAYS
 HEATING
  YESTERDAY        3                        16    -13       14
  MONTH TO DATE  297                       242     55      163
  SINCE MAR 1   1241                      1068    173      954
  SINCE JUL 1   5228                      5285    -57     4265

 COOLING
  YESTERDAY        0                         0      0        0
  MONTH TO DATE    0                         0      0        6
  SINCE MAR 1      0                         1     -1        6
  SINCE JAN 1      3                         1      2        6
..................................................................


WIND (MPH)
  HIGHEST WIND SPEED    30   HIGHEST WIND DIRECTION    SW (210)
  HIGHEST GUST SPEED    36   HIGHEST GUST DIRECTION     S (200)
  AVERAGE WIND SPEED     8.6


SKY COVER
  POSSIBLE SUNSHINE  MM
  AVERAGE SKY COVER 0.7


WEATHER CONDITIONS
 THE FOLLOWING WEATHER WAS RECORDED YESTERDAY.
  FOG
  HAZE


RELATIVE HUMIDITY (PERCENT)
 HIGHEST    89           500 AM
 LOWEST     28           300 PM
 AVERAGE    59

..........................................................


THE CLEVELAND OH CLIMATE NORMALS FOR TODAY
                         NORMAL    RECORD    YEAR
 MAXIMUM TEMPERATURE (F)   59        85      1883
 MINIMUM TEMPERATURE (F)   40        20      1950


SUNRISE AND SUNSET
APRIL 14 2018.........SUNRISE   649 AM EDT   SUNSET   807 PM EDT
APRIL 15 2018.........SUNRISE   648 AM EDT   SUNSET   808 PM EDT


-  INDICATES NEGATIVE NUMBERS.
R  INDICATES RECORD WAS SET OR TIED.
MM INDICATES DATA IS MISSING.
T  INDICATES TRACE AMOUNT.




$$
